000
CXUS51 KAKQ 012202
CF6SBY
PRELIMINARY LOCAL CLIMATOLOGICAL DATA (WS FORM: F-6)
STATION: SALISBURY MD
MONTH: FEBRUARY
YEAR: 2023
LATITUDE: 38 20 N
LONGITUDE: 75 30 W
TEMPERATURE IN F: :PCPN: SNOW: WIND :SUNSHINE: SKY :PK WND
================================================================================
1 2 3 4 5 6A 6B 7 8 9 10 11 12 13 14 15 16 17 18
12Z AVG MX 2MIN
DY MAX MIN AVG DEP HDD CDD WTR SNW DPTH SPD SPD DIR MIN PSBL S-S WX SPD DR
================================================================================
1 41 26 34 -3 31 0 0.14 T 0 6.0 15 360 M M 6 1 19 350
2 41 26 34 -3 31 0 0.00 0.0 0 3.1 10 250 M M 3 14 250
3 40 29 35 -2 30 0 0.00 0.0 0 15.2 30 320 M M 2 39 320
4 32 16 24 -13 41 0 0.00 0.0 0 8.1 20 330 M M 0 24 340
5 55 27 41 4 24 0 T 0.0 0 11.5 24 210 M M 2 31 220
6 57 36 47 10 18 0 0.00 0.0 0 10.7 29 320 M M 6 12 36 320
7 53 27 40 2 25 0 0.00 0.0 0 4.3 14 200 M M 0 1 17 170
8 68 36 52 14 13 0 0.00 0.0 0 5.2 16 340 M M 2 21 340
9 70 33 52 14 13 0 0.00 0.0 0 8.8 24 210 M M 3 1 32 220
10 68 47 58 20 7 0 0.00 0.0 0 12.9 23 210 M M 0 33 210
11 51 35 43 5 22 0 0.00 0.0 0 6.5 17 320 M M 0 22 330
12 46 37 42 4 23 0 0.29 0.0 0 11.1 23 30 M M 8 1 33 40
13 59 38 49 11 16 0 0.08 0.0 0 12.0 23 340 M M 4 1 30 340
14 59 32 46 8 19 0 0.00 0.0 0 4.6 14 320 M M 0 18 320
15 70 44 57 18 8 0 T 0.0 0 11.4 26 210 M M 1 33 220
16 70 47 59 20 6 0 0.00 0.0 0 8.7 18 200 M M 2 24 200
17 67 36 52 13 13 0 0.44 0.0 0 18.0 29 320 M M 6 1 41 330
18 44 28 36 -3 29 0 0.00 0.0 0 9.1 22 340 M M 1 30 350
19 60 30 45 6 20 0 0.00 0.0 0 9.5 25 200 M M 2 32 200
20 60 43 52 12 13 0 0.00 0.0 0 8.0 21 250 M M 2 30 230
21 65 38 52 12 13 0 T 0.0 0 5.1 21 230 M M 4 27 240
22 55 33 44 4 21 0 T 0.0 0 4.6 18 120 M M 4 22 100
23 79 43 61 21 4 0 T 0.0 0 7.8 17 240 M M 2 24 250
24 65 40 53 13 12 0 0.00 0.0 0 12.1 30 320 M M 0 36 320
25 42 29 36 -4 29 0 0.07 0.0 0 6.5 16 70 M M 6 1 20 70
26 51 29 40 -1 25 0 0.00 0.0 0 5.8 17 210 M M 4 1 22 270
27 54 30 42 1 23 0 0.50 0.0 0 7.1 21 110 M M 4 1 27 100
28 59 36 48 7 17 0 0.00 0.0 0 6.4 20 320 M M 6 1 27 310
================================================================================
SM 1581 951 546 0 1.52 T 240.1 M 80
================================================================================
AV 56.5 34.0 8.6 FASTST M M 3 MAX(MPH)
MISC ----> # 30 320 41 330
================================================================================
NOTES:
# LAST OF SEVERAL OCCURRENCES
COLUMN 17 PEAK WIND IN M.P.H.
PRELIMINARY LOCAL CLIMATOLOGICAL DATA (WS FORM: F-6) , PAGE 2
STATION: SALISBURY MD
MONTH: FEBRUARY
YEAR: 2023
LATITUDE: 38 20 N
LONGITUDE: 75 30 W
[TEMPERATURE DATA] [PRECIPITATION DATA] SYMBOLS USED IN COLUMN 16
AVERAGE MONTHLY: 45.2 TOTAL FOR MONTH: 1.52 1 = FOG OR MIST
DPTR FM NORMAL: 6.5 DPTR FM NORMAL: -1.73 2 = FOG REDUCING VISIBILITY
HIGHEST: 79 ON 23 GRTST 24HR 0.50 ON 27-27 TO 1/4 MILE OR LESS
LOWEST: 16 ON 4 3 = THUNDER
SNOW, ICE PELLETS, HAIL 4 = ICE PELLETS
TOTAL MONTH: T 5 = HAIL
GRTST 24HR T ON 1- 1 6 = FREEZING RAIN OR DRIZZLE
GRTST DEPTH: 0 7 = DUSTSTORM OR SANDSTORM:
VSBY 1/2 MILE OR LESS
8 = SMOKE OR HAZE
[NO. OF DAYS WITH] [WEATHER - DAYS WITH] 9 = BLOWING SNOW
X = TORNADO
MAX 32 OR BELOW: 1 0.01 INCH OR MORE: 6
MAX 90 OR ABOVE: 0 0.10 INCH OR MORE: 4
MIN 32 OR BELOW: 12 0.50 INCH OR MORE: 1
MIN 0 OR BELOW: 0 1.00 INCH OR MORE: 0
[HDD (BASE 65) ]
TOTAL THIS MO. 546 CLEAR (SCALE 0-3) 16
DPTR FM NORMAL -190 PTCLDY (SCALE 4-7) 12
TOTAL FM JUL 1 2633 CLOUDY (SCALE 8-10) 0
DPTR FM NORMAL -506
[CDD (BASE 65) ]
TOTAL THIS MO. 0
DPTR FM NORMAL 0 [PRESSURE DATA]
TOTAL FM JAN 1 1 HIGHEST SLP 30.71 ON 4
DPTR FM NORMAL 1 LOWEST SLP 29.43 ON 28
[REMARKS]
#FINAL-02-23#