000
CXUS51 KAKQ 011152
CF6SBY
PRELIMINARY LOCAL CLIMATOLOGICAL DATA (WS FORM: F-6)
STATION: SALISBURY MD
MONTH: JUNE
YEAR: 2022
LATITUDE: 38 20 N
LONGITUDE: 75 30 W
TEMPERATURE IN F: :PCPN: SNOW: WIND :SUNSHINE: SKY :PK WND
================================================================================
1 2 3 4 5 6A 6B 7 8 9 10 11 12 13 14 15 16 17 18
12Z AVG MX 2MIN
DY MAX MIN AVG DEP HDD CDD WTR SNW DPTH SPD SPD DIR MIN PSBL S-S WX SPD DR
================================================================================
1 92 69 81 13 0 16 0.00 0.0 0 5.7 13 130 M M 1 16 130
2 92 67 80 12 0 15 0.69 0.0 0 5.5 40 220 M M 3 1238 58 220
3 80 60 70 1 0 5 0.00 0.0 0 6.5 16 310 M M 3 21 310
4 85 59 72 3 0 7 0.00 0.0 0 3.7 14 350 M M 1 20 350
5 75 55 65 -4 0 0 0.00 0.0 0 8.3 23 60 M M 0 30 50
6 80 50 65 -5 0 0 0.00 0.0 0 5.8 14 140 M M 0 20 140
7 83 58 71 1 0 6 0.00 0.0 0 9.4 18 170 M M 2 25 180
8 90 70 80 10 0 15 0.01 0.0 0 7.5 14 180 M M 2 19 170
9 87 64 76 5 0 11 0.09 0.0 0 11.5 23 330 M M 4 1 28 320
10 82 58 70 -1 0 5 0.00 0.0 0 4.6 13 260 M M 1 17 290
11 80 61 71 0 0 6 0.02 0.0 0 3.7 15 180 M M 7 20 180
12 80 65 73 1 0 8 0.35 0.0 0 5.3 14 210 M M 5 1 17 210
13 91 67 79 7 0 14 0.00 0.0 0 4.0 13 240 M M 2 1 19 280
14 84 65 75 3 0 10 2.58 0.0 0 4.0 38 60 M M 4 1238 46 50
15 88 61 75 2 0 10 0.00 0.0 0 4.5 15 240 M M 1 20 240
16 83 69 76 3 0 11 0.28 0.0 0 8.0 18 180 M M 5 13 22 190
17 94 73 84 11 0 19 T 0.0 0 7.1 22 10 M M 1 3 31 10
18 78 56 67 -7 0 2 0.00 0.0 0 10.0 25 340 M M 3 30 330
19 77 53 65 -9 0 0 0.00 0.0 0 9.2 24 320 M M 0 30 330
20 80 50 65 -9 0 0 0.00 0.0 0 5.3 14 340 M M 0 24 320
21 82 56 69 -6 0 4 0.00 0.0 0 5.5 14 250 M M 1 16 250
22 84 64 74 -1 0 9 0.14 0.0 0 8.1 21 120 M M 6 1 26 120
23 75 63 69 -6 0 4 0.04 0.0 0 6.3 14 50 M M 8 18 40
24 83 60 72 -3 0 7 0.00 0.0 0 3.0 14 160 M M 5 12 17 160
25 88 60 74 -2 0 9 0.00 0.0 0 5.2 13 150 M M 1 16 150
26 89 60 75 -1 0 10 0.00 0.0 0 7.5 16 160 M M 0 23 210
27 86 71 79 3 0 14 0.16 0.0 0 7.1 20 210 M M 5 1 24 240
28 82 63 73 -3 0 8 0.00 0.0 0 6.9 16 30 M M 1 20 30
29 86 59 73 -4 0 8 0.00 0.0 0 4.9 14 250 M M 0 17 240
30 91 65 78 1 0 13 0.90 0.0 0 5.4 20 30 M M 2 1 25 30
================================================================================
SM 2527 1851 0 246 5.26 0.0 189.5 M 74
================================================================================
AV 84.2 61.7 6.3 FASTST M M 2 MAX(MPH)
MISC ----> 40 220 58 220
================================================================================
NOTES:
# LAST OF SEVERAL OCCURRENCES
COLUMN 17 PEAK WIND IN M.P.H.
PRELIMINARY LOCAL CLIMATOLOGICAL DATA (WS FORM: F-6) , PAGE 2
STATION: SALISBURY MD
MONTH: JUNE
YEAR: 2022
LATITUDE: 38 20 N
LONGITUDE: 75 30 W
[TEMPERATURE DATA] [PRECIPITATION DATA] SYMBOLS USED IN COLUMN 16
AVERAGE MONTHLY: 73.0 TOTAL FOR MONTH: 5.26 1 = FOG OR MIST
DPTR FM NORMAL: 0.3 DPTR FM NORMAL: 1.23 2 = FOG REDUCING VISIBILITY
HIGHEST: 94 ON 17 GRTST 24HR 2.58 ON 14-14 TO 1/4 MILE OR LESS
LOWEST: 50 ON 20, 6 3 = THUNDER
SNOW, ICE PELLETS, HAIL 4 = ICE PELLETS
TOTAL MONTH: 0.0 INCH 5 = HAIL
GRTST 24HR 0.0 6 = FREEZING RAIN OR DRIZZLE
GRTST DEPTH: 0 7 = DUSTSTORM OR SANDSTORM:
VSBY 1/2 MILE OR LESS
8 = SMOKE OR HAZE
[NO. OF DAYS WITH] [WEATHER - DAYS WITH] 9 = BLOWING SNOW
X = TORNADO
MAX 32 OR BELOW: 0 0.01 INCH OR MORE: 11
MAX 90 OR ABOVE: 6 0.10 INCH OR MORE: 7
MIN 32 OR BELOW: 0 0.50 INCH OR MORE: 3
MIN 0 OR BELOW: 0 1.00 INCH OR MORE: 1
[HDD (BASE 65) ]
TOTAL THIS MO. 0 CLEAR (SCALE 0-3) 20
DPTR FM NORMAL -16 PTCLDY (SCALE 4-7) 10
TOTAL FM JUL 1 3689 CLOUDY (SCALE 8-10) 0
DPTR FM NORMAL -518
[CDD (BASE 65) ]
TOTAL THIS MO. 246
DPTR FM NORMAL -2 [PRESSURE DATA]
TOTAL FM JAN 1 396 HIGHEST SLP 30.27 ON 29
DPTR FM NORMAL 40 LOWEST SLP 29.64 ON 2
[REMARKS]
#FINAL-06-22#