332
CXUS56 KSTO 051815
CF6SCK
PRELIMINARY LOCAL CLIMATOLOGICAL DATA (WS FORM: F-6)
STATION: STOCKTON AIRPORT CA
MONTH: SEPTEMBER
YEAR: 2020
LATITUDE: 37 54 N
LONGITUDE: 121 15 W
TEMPERATURE IN F: :PCPN: SNOW: WIND :SUNSHINE: SKY :PK WND
================================================================================
1 2 3 4 5 6A 6B 7 8 9 10 11 12 13 14 15 16 17 18
12Z AVG MX 2MIN
DY MAX MIN AVG DEP HDD CDD WTR SNW DPTH SPD SPD DIR MIN PSBL S-S WX SPD DR
================================================================================
1 90 60 75 1 0 10 0.00 0.0 0 7.0 16 300 M M 0 8 19 310
2 88 60 74 0 0 9 0.00 0.0 0 8.0 14 320 M M 0 18 300
3 92 58 75 1 0 10 0.00 0.0 0 7.5 14 290 M M 0 8 16 290
4 97 60 79 5 0 14 0.00 0.0 0 7.6 17 300 M M 0 22 280
5 105 63 84 10 0 19 0.00 0.0 0 3.3 8 10 M M 0 10 30
6 110 73 92 18 0 27 0.00 0.0 0 6.2 14 260 M M 0 8 15 340
7 111 72 92 18 0 27 0.00 0.0 0 5.1 13 360 M M 3 8 16 340
8 98 71 85 11 0 20 0.00 0.0 0 12.5 29 340 M M 10 8 35 340
9 84 63 74 0 0 9 0.00 0.0 0 5.9 14 280 M M 10 8 17 310
10 79 59 69 -4 0 4 0.00 0.0 0 5.4 12 300 M M 10 18 14 290
11 90 58 74 1 0 9 0.00 0.0 0 3.7 8 250 M M 10 18 14 270
12 91 57 74 1 0 9 0.00 0.0 0 1.5 7 70 M M 10 18 11 70
13 90 60 75 2 0 10 0.00 0.0 0 4.4 12 290 M M 10 8 14 280
14 89 56 73 0 0 8 0.00 0.0 0 6.6 14 300 M M 10 8 16 300
15 92 59 76 3 0 11 0.00 0.0 0 7.1 14 290 M M 5 8 19 280
16 93 59 76 4 0 11 0.00 0.0 0 6.4 14 300 M M 0 17 330
17 92 58 75 3 0 10 0.00 0.0 0 5.5 17 300 M M 0 20 300
18 86 62 74 2 0 9 0.00 0.0 0 9.5 20 290 M M 0 23 280
19 88 59 74 2 0 9 0.00 0.0 0 7.9 15 310 M M 0 26 320
20 93 59 76 4 0 11 0.00 0.0 0 4.5 13 350 M M 0 8 20 350
21 94 59 77 6 0 12 0.00 0.0 0 5.2 16 270 M M 0 8 20 280
22 92 64 78 7 0 13 0.00 0.0 0 7.1 18 300 M M 0 21 310
23 92 58 75 4 0 10 0.00 0.0 0 7.6 20 300 M M 0 24 300
24 92 59 76 5 0 11 0.00 0.0 0 8.7 22 260 M M 0 27 280
25 86 59 73 3 0 8 0.00 0.0 0 8.3 15 290 M M 0 26 280
26 94 59 77 7 0 12 0.00 0.0 0 10.6 23 330 M M 0 30 330
27 94 67 81 11 0 16 0.00 0.0 0 6.1 13 280 M M 0 M M
28 99 61 80 10 0 15 0.00 0.0 0 3.5 12 240 M M 0 13 240
29 98 62 80 11 0 15 0.00 0.0 0 3.6 12 300 M M 0 16 210
30 100 60 80 11 0 15 0.00 0.0 0 7.3 15 310 M M 0 8 21 280
================================================================================
SM 2799 1834 0 373 0.00 0.0 193.6 M 78
================================================================================
AV 93.3 61.1 6.5 FASTST M M 3 MAX(MPH)
MISC ----> # 29 340 # 35 340
================================================================================
NOTES:
# LAST OF SEVERAL OCCURRENCES
COLUMN 17 PEAK WIND IN M.P.H.
PRELIMINARY LOCAL CLIMATOLOGICAL DATA (WS FORM: F-6) , PAGE 2
STATION: STOCKTON AIRPORT CA
MONTH: SEPTEMBER
YEAR: 2020
LATITUDE: 37 54 N
LONGITUDE: 121 15 W
[TEMPERATURE DATA] [PRECIPITATION DATA] SYMBOLS USED IN COLUMN 16
AVERAGE MONTHLY: 77.2 TOTAL FOR MONTH: 0.00 1 = FOG OR MIST
DPTR FM NORMAL: 5.0 DPTR FM NORMAL: -0.29 2 = FOG REDUCING VISIBILITY
HIGHEST: 111 ON 7 GRTST 24HR 0.00 ON 30-30 TO 1/4 MILE OR LESS
LOWEST: 56 ON 14 3 = THUNDER
SNOW, ICE PELLETS, HAIL 4 = ICE PELLETS
TOTAL MONTH: 0.0 INCH 5 = HAIL
GRTST 24HR 0.0 6 = FREEZING RAIN OR DRIZZLE
GRTST DEPTH: 0 7 = DUSTSTORM OR SANDSTORM:
VSBY 1/2 MILE OR LESS
8 = SMOKE OR HAZE
[NO. OF DAYS WITH] [WEATHER - DAYS WITH] 9 = BLOWING SNOW
X = TORNADO
MAX 32 OR BELOW: 0 0.01 INCH OR MORE: 0
MAX 90 OR ABOVE: 23 0.10 INCH OR MORE: 0
MIN 32 OR BELOW: 0 0.50 INCH OR MORE: 0
MIN 0 OR BELOW: 0 1.00 INCH OR MORE: 0
[HDD (BASE 65) ]
TOTAL THIS MO. 0 CLEAR (SCALE 0-3) 22
DPTR FM NORMAL -6 PTCLDY (SCALE 4-7) 1
TOTAL FM JUL 1 0 CLOUDY (SCALE 8-10) 7
DPTR FM NORMAL -6
[CDD (BASE 65) ]
TOTAL THIS MO. 373
DPTR FM NORMAL 151 [PRESSURE DATA]
TOTAL FM JAN 1 1899 HIGHEST SLP M ON M
DPTR FM NORMAL 633 LOWEST SLP 29.56 ON 8
[REMARKS]
#FINAL-09-20#