000
CXUS53 KLMK 011240
CLMSDF
CLIMATE REPORT
NATIONAL WEATHER SERVICE LOUISVILLE KY
840 AM EDT SAT APR 01 2023
...................................
...THE LOUISVILLE KY CLIMATE SUMMARY FOR THE MONTH OF MARCH 2023...
CLIMATE NORMAL PERIOD 1991 TO 2020
CLIMATE RECORD PERIOD 1871 TO 2023
WEATHER OBSERVED NORMAL DEPART LAST YEAR`S
VALUE DATE(S) VALUE FROM VALUE DATE(S)
NORMAL
................................................................
TEMPERATURE (F)
RECORD
HIGH 88 03/25/1929
03/24/1929
03/24/1910
LOW 03/06/1960
HIGHEST 83 03/01 MM MM 84 03/30
LOWEST 23 03/19 MM MM 19 03/12
AVG. MAXIMUM 59.3 58.1 1.2 63.0
AVG. MINIMUM 38.7 38.6 0.1 40.5
MEAN 49.0 48.4 0.6 51.7
DAYS MAX >= 90 0 0.0 0.0 0
DAYS MAX <= 32 0 0.5 -0.5 1
DAYS MIN <= 32 5 9.5 -4.5 5
DAYS MIN <= 0 0 0.0 0.0 0
PRECIPITATION (INCHES)
RECORD
MAXIMUM 17.52 1997
MINIMUM 0.12 1910
TOTALS 7.14 4.60 2.54 2.37
DAILY AVG. 0.23 0.15 0.08 0.08
DAYS >= .01 14 12.1 1.9 12
DAYS >= .10 7 7.9 -0.9 6
DAYS >= .50 4 3.2 0.8 1
DAYS >= 1.00 2 1.1 0.9 1
GREATEST
24 HR. TOTAL 2.79 03/03 TO 03/03
SNOWFALL (INCHES)
RECORDS
TOTAL 22.9 5
TOTALS T 2.1 -2.1 1.5
SINCE 7/1 5.9 13.3 -7.4 MM
SNOWDEPTH AVG. 0 0
DAYS >= 1.0 0 0.6 -0.6 1
GREATEST
SNOW DEPTH 0 2 03/12
DEGREE DAYS
HEATING TOTAL 487 524 -37 405
SINCE 7/1 3133 3651 -518 MM
COOLING TOTAL 0 8 -8 3
SINCE 1/1 2 9 -7 MM
................................................................
WIND (MPH)
AVERAGE WIND SPEED 9.7
RESULTANT WIND SPEED/DIRECTION 2/240
HIGHEST WIND SPEED/DIRECTION 56/230 DATE 03/03
HIGHEST GUST SPEED/DIRECTION 79/230 DATE 03/03
SKY COVER
POSSIBLE SUNSHINE (PERCENT) MM
AVERAGE SKY COVER 0.67
NUMBER OF DAYS FAIR 5
NUMBER OF DAYS PC 10
NUMBER OF DAYS CLOUDY 16
AVERAGE RH (PERCENT) 59
WEATHER CONDITIONS. NUMBER OF DAYS WITH
THUNDERSTORM 4 MIXED PRECIP 0
HEAVY RAIN 5 RAIN 5
LIGHT RAIN 16 FREEZING RAIN 0
LT FREEZING RAIN 0 HAIL 0
HEAVY SNOW 0 SNOW 0
LIGHT SNOW 4 SLEET 0
FOG 11 FOG W/VIS <= 1/4 MILE 0
HAZE 2
- INDICATES NEGATIVE NUMBERS.
R INDICATES RECORD WAS SET OR TIED.
MM INDICATES DATA IS MISSING.
T INDICATES TRACE AMOUNT.
$$