000
CXUS56 KSGX 011245
CF6SDM
PRELIMINARY LOCAL CLIMATOLOGICAL DATA (WS FORM: F-6)
STATION: SAN DIEGO/BROWN
MONTH: JUNE
YEAR: 2020
LATITUDE: 32 34 N
LONGITUDE: 116 59 W
TEMPERATURE IN F: :PCPN: SNOW: WIND :SUNSHINE: SKY :PK WND
================================================================================
1 2 3 4 5 6A 6B 7 8 9 10 11 12 13 14 15 16 17 18
12Z AVG MX 2MIN
DY MAX MIN AVG DEP HDD CDD WTR SNW DPTH SPD SPD DIR MIN PSBL S-S WX SPD DR
================================================================================
1 79 57 68 4 0 3 0.00 0.0 0 5.1 15 270 M M 0 1 20 280
2 75 56 66 2 0 1 0.00 0.0 0 3.9 12 250 M M 0 1 15 280
3 84 63 74 10 0 9 0.00 0.0 0 4.3 13 260 M M 2 18 17 280
4 76 62 69 5 0 4 T 0.0 0 3.5 15 260 M M 6 18 20 250
5 75 61 68 4 0 3 0.03 0.0 0 8.2 16 240 M M 10 1 21 230
6 70 61 66 2 0 1 T 0.0 0 5.9 14 270 M M 9 18 280
7 74 58 66 2 0 1 0.00 0.0 0 5.8 14 280 M M 5 20 280
8 84 53 69 5 0 4 0.00 0.0 0 5.3 17 270 M M 0 8 24 270
9 98 59 79 15 0 14 0.00 0.0 0 7.0 22 70 M M 0 28 80
10 93 57 75 10 0 10 0.00 0.0 0 5.6 14 280 M M 0 8 19 280
11 82 58 70 5 0 5 0.00 0.0 0 4.9 12 290 M M 0 18 15 280
12 77 57 67 2 0 2 0.00 0.0 0 3.9 14 280 M M 3 18 20 290
13 74 58 66 1 0 1 0.00 0.0 0 5.1 17 250 M M 3 8 20 270
14 76 57 67 2 0 2 0.00 0.0 0 5.1 15 270 M M 2 20 280
15 75 56 66 1 0 1 0.00 0.0 0 4.6 14 250 M M 4 19 280
16 76 62 69 4 0 4 0.00 0.0 0 6.2 14 270 M M 6 8 20 320
17 74 58 66 0 0 1 0.00 0.0 0 6.5 15 270 M M 4 20 270
18 73 58 66 0 0 1 0.00 0.0 0 5.0 14 280 M M 6 19 280
19 74 62 68 2 0 3 0.00 0.0 0 5.3 13 270 M M 7 18 270
20 72 62 67 1 0 2 T 0.0 0 6.9 15 270 M M 10 1 20 270
21 73 63 68 2 0 3 0.00 0.0 0 4.1 13 280 M M 8 8 17 280
22 74 63 69 3 0 4 0.00 0.0 0 4.3 13 270 M M 6 1 17 280
23 75 62 69 3 0 4 0.00 0.0 0 5.2 13 270 M M 7 8 18 270
24 72 61 67 1 0 2 0.00 0.0 0 4.9 14 250 M M 9 18 17 260
25 74 59 67 0 0 2 0.00 0.0 0 4.6 13 250 M M 5 18 21 250
26 77 60 69 2 0 4 0.00 0.0 0 4.6 14 270 M M 3 22 280
27 75 62 69 2 0 4 0.00 0.0 0 4.3 15 250 M M 5 18 260
28 74 62 68 1 0 3 0.00 0.0 0 7.2 15 270 M M 8 19 280
29 70 61 66 -1 0 1 0.05 0.0 0 6.0 15 280 M M 10 18 19 270
30 74 59 67 0 0 2 0.00 0.0 0 5.7 14 280 M M 6 8 20 270
================================================================================
SM 2299 1787 0 101 0.08 0.0 159.0 M 144
================================================================================
AV 76.6 59.6 5.3 FASTST M M 5 MAX(MPH)
MISC ----> # 22 70 # 28 80
================================================================================
NOTES:
# LAST OF SEVERAL OCCURRENCES
COLUMN 17 PEAK WIND IN M.P.H.
PRELIMINARY LOCAL CLIMATOLOGICAL DATA (WS FORM: F-6) , PAGE 2
STATION: SAN DIEGO/BROWN
MONTH: JUNE
YEAR: 2020
LATITUDE: 32 34 N
LONGITUDE: 116 59 W
[TEMPERATURE DATA] [PRECIPITATION DATA] SYMBOLS USED IN COLUMN 16
AVERAGE MONTHLY: 68.1 TOTAL FOR MONTH: 0.08 1 = FOG OR MIST
DPTR FM NORMAL: 2.7 DPTR FM NORMAL: -0.07 2 = FOG REDUCING VISIBILITY
HIGHEST: 98 ON 9 GRTST 24HR 0.05 ON 29-29 TO 1/4 MILE OR LESS
LOWEST: 53 ON 8 3 = THUNDER
SNOW, ICE PELLETS, HAIL 4 = ICE PELLETS
TOTAL MONTH: 0.0 INCH 5 = HAIL
GRTST 24HR 0.0 6 = FREEZING RAIN OR DRIZZLE
GRTST DEPTH: 0 7 = DUSTSTORM OR SANDSTORM:
VSBY 1/2 MILE OR LESS
8 = SMOKE OR HAZE
[NO. OF DAYS WITH] [WEATHER - DAYS WITH] 9 = BLOWING SNOW
X = TORNADO
MAX 32 OR BELOW: 0 0.01 INCH OR MORE: 2
MAX 90 OR ABOVE: 2 0.10 INCH OR MORE: 0
MIN 32 OR BELOW: 0 0.50 INCH OR MORE: 0
MIN 0 OR BELOW: 0 1.00 INCH OR MORE: 0
[HDD (BASE 65) ]
TOTAL THIS MO. 0 CLEAR (SCALE 0-3) 11
DPTR FM NORMAL -31 PTCLDY (SCALE 4-7) 13
TOTAL FM JUL 1 1394 CLOUDY (SCALE 8-10) 6
DPTR FM NORMAL -342
[CDD (BASE 65) ]
TOTAL THIS MO. 101
DPTR FM NORMAL 58 [PRESSURE DATA]
TOTAL FM JAN 1 201 HIGHEST SLP 30.06 ON 12
DPTR FM NORMAL 116 LOWEST SLP 29.80 ON 28
[REMARKS]
#FINAL-06-20#