244
CXUS54 KFWD 010731
CF6SEP
PRELIMINARY LOCAL CLIMATOLOGICAL DATA (WS FORM: F-6)
STATION: STEPHENVILLE
MONTH: JULY
YEAR: 2020
LATITUDE: 32 13 N
LONGITUDE: 98 11 W
TEMPERATURE IN F: :PCPN: SNOW: WIND :SUNSHINE: SKY :PK WND
================================================================================
1 2 3 4 5 6A 6B 7 8 9 10 11 12 13 14 15 16 17 18
12Z AVG MX 2MIN
DY MAX MIN AVG DEP HDD CDD WTR SNW DPTH SPD SPD DIR MIN PSBL S-S WX SPD DR
================================================================================
1 94 76 85 4 0 20 0.00 0.0 0 9.8 15 190 M M 2 21 190
2 95 76 86 5 0 21 0.10 0.0 0 5.6 10 210 M M 2 18 120
3 98 74 86 5 0 21 0.00 0.0 0 4.2 12 120 M M 0 M M
4 99 70 85 4 0 20 0.00 0.0 0 4.6 10 230 M M 0 M M
5 90 76 83 1 0 18 0.00 0.0 0 3.4 12 60 M M 2 M M
6 91 71 81 -1 0 16 0.02 0.0 0 3.5 12 320 M M 3 17 320
7 84 73 79 -3 0 14 0.43 0.0 0 4.4 13 120 M M 4 17 120
8 96 73 85 3 0 20 0.00 0.0 0 6.2 12 200 M M 1 M M
9 96 76 86 4 0 21 0.00 0.0 0 8.5 14 190 M M 1 17 190
10 96 74 85 3 0 20 0.00 0.0 0 6.4 12 130 M M 0 18 170
11 100 74 87 5 0 22 0.00 0.0 0 5.3 8 170 M M 0 M M
12 102 77 90 8 0 25 0.00 0.0 0 8.6 17 90 M M 0 29 70
13 103 74 89 7 0 24 0.00 0.0 0 6.6 12 220 M M 0 17 210
14 105 77 91 9 0 26 0.00 0.0 0 9.9 15 170 M M 1 23 160
15 97 78 88 6 0 23 0.00 0.0 0 9.9 15 210 M M 0 22 170
16 101 75 88 6 0 23 0.00 0.0 0 7.0 12 110 M M 0 M M
17 98 73 86 4 0 21 0.00 0.0 0 5.9 14 110 M M 0 21 110
18 94 73 84 2 0 19 0.00 0.0 0 7.2 13 160 M M 0 22 140
19 96 73 85 2 0 20 0.00 0.0 0 7.1 14 110 M M 1 17 110
20 96 73 85 2 0 20 0.00 0.0 0 6.6 16 120 M M 1 21 120
21 94 73 84 1 0 19 0.00 0.0 0 6.1 12 80 M M 3 M M
22 97 73 85 2 0 20 0.00 0.0 0 6.0 13 80 M M 1 18 80
23 97 75 86 3 0 21 0.00 0.0 0 7.2 15 100 M M 1 20 100
24 96 75 86 3 0 21 0.00 0.0 0 6.3 12 50 M M 2 21 50
25 91 74 83 0 0 18 0.01 0.0 0 7.5 12 110 M M 5 24 120
26 93 72 83 0 0 18 0.00 0.0 0 4.4 10 110 M M 5 M M
27 97 71 84 1 0 19 0.00 0.0 0 5.6 12 110 M M 3 16 120
28 81 72 77 -6 0 12 0.93 0.0 0 3.8 9 240 M M 3 M M
29 95 75 85 2 0 20 0.00 0.0 0 6.3 10 170 M M 1 23 180
30 98 75 87 4 0 22 0.00 0.0 0 9.2 16 230 M M 1 21 210
31 91 73 82 -1 0 17 0.00 0.0 0 5.7 12 330 M M 2 M M
================================================================================
SM 2961 2294 0 621 1.49 0.0 198.8 M 45
================================================================================
AV 95.5 74.0 6.4 FASTST M M 1 MAX(MPH)
MISC ----> # 17 90 # 29 70
================================================================================
NOTES:
# LAST OF SEVERAL OCCURRENCES
COLUMN 17 PEAK WIND IN M.P.H.
PRELIMINARY LOCAL CLIMATOLOGICAL DATA (WS FORM: F-6) , PAGE 2
STATION: STEPHENVILLE
MONTH: JULY
YEAR: 2020
LATITUDE: 32 13 N
LONGITUDE: 98 11 W
[TEMPERATURE DATA] [PRECIPITATION DATA] SYMBOLS USED IN COLUMN 16
AVERAGE MONTHLY: 84.8 TOTAL FOR MONTH: 1.49 1 = FOG OR MIST
DPTR FM NORMAL: 2.5 DPTR FM NORMAL: -0.07 2 = FOG REDUCING VISIBILITY
HIGHEST: 105 ON 14 GRTST 24HR 0.93 ON 28-28 TO 1/4 MILE OR LESS
LOWEST: 70 ON 4 3 = THUNDER
SNOW, ICE PELLETS, HAIL 4 = ICE PELLETS
TOTAL MONTH: 0.0 INCH 5 = HAIL
GRTST 24HR 0.0 6 = FREEZING RAIN OR DRIZZLE
GRTST DEPTH: 0 7 = DUSTSTORM OR SANDSTORM:
VSBY 1/2 MILE OR LESS
8 = SMOKE OR HAZE
[NO. OF DAYS WITH] [WEATHER - DAYS WITH] 9 = BLOWING SNOW
X = TORNADO
MAX 32 OR BELOW: 0 0.01 INCH OR MORE: 5
MAX 90 OR ABOVE: 29 0.10 INCH OR MORE: 3
MIN 32 OR BELOW: 0 0.50 INCH OR MORE: 1
MIN 0 OR BELOW: 0 1.00 INCH OR MORE: 0
[HDD (BASE 65) ]
TOTAL THIS MO. 0 CLEAR (SCALE 0-3) 26
DPTR FM NORMAL 0 PTCLDY (SCALE 4-7) 5
TOTAL FM JUL 1 0 CLOUDY (SCALE 8-10) 0
DPTR FM NORMAL 0
[CDD (BASE 65) ]
TOTAL THIS MO. 621
DPTR FM NORMAL 85 [PRESSURE DATA]
TOTAL FM JAN 1 1507 HIGHEST SLP M ON M
DPTR FM NORMAL 239 LOWEST SLP M ON M
[REMARKS]
#FINAL-07-20#