000
CXUS52 KMLB 010638
CF6SFB
PRELIMINARY LOCAL CLIMATOLOGICAL DATA (WS FORM: F-6)
STATION: SANFORD
MONTH: SEPTEMBER
YEAR: 2021
LATITUDE: 28 46 N
LONGITUDE: 81 15 W
TEMPERATURE IN F: :PCPN: SNOW: WIND :SUNSHINE: SKY :PK WND
================================================================================
1 2 3 4 5 6A 6B 7 8 9 10 11 12 13 14 15 16 17 18
12Z AVG MX 2MIN
DY MAX MIN AVG DEP HDD CDD WTR SNW DPTH SPD SPD DIR MIN PSBL S-S WX SPD DR
================================================================================
1 86 76 81 -2 0 16 0.01 0.0 0 10.6 20 270 M M 3 27 250
2 93 75 84 1 0 19 0.12 0.0 0 8.6 25 310 M M 2 13 35 290
3 92 75 84 1 0 19 T 0.0 0 5.6 17 50 M M 2 21 50
4 92 76 84 1 0 19 0.00 0.0 0 6.4 16 50 M M 1 20 20
5 93 71 82 0 0 17 T 0.0 0 6.0 15 170 M M 3 19 170
6 95 75 85 3 0 20 0.04 0.0 0 4.4 15 100 M M 4 13 20 280
7 91 73 82 0 0 17 0.81 0.0 0 4.4 29 90 M M 3 123 38 100
8 92 74 83 1 0 18 1.63 0.0 0 5.4 17 230 M M 2 13 22 220
9 84 74 79 -3 0 14 0.11 0.0 0 9.6 22 280 M M 1 138 29 260
10 90 75 83 1 0 18 0.29 0.0 0 4.4 25 30 M M 4 3 30 40
11 87 74 81 -1 0 16 0.03 0.0 0 4.6 14 50 M M 2 3 17 40
12 86 77 82 0 0 17 T 0.0 0 8.1 22 50 M M 3 27 50
13 90 75 83 1 0 18 0.00 0.0 0 7.2 16 60 M M 1 18 60
14 90 75 83 1 0 18 0.02 0.0 0 4.4 20 190 M M 2 13 24 120
15 90 74 82 0 0 17 0.00 0.0 0 5.7 16 100 M M 1 20 120
16 90 74 82 0 0 17 0.04 0.0 0 5.4 18 170 M M 3 13 23 160
17 87 75 81 0 0 16 0.71 0.0 0 4.8 26 310 M M 4 13 33 310
18 89 75 82 1 0 17 1.08 0.0 0 3.7 14 260 M M 6 13 16 260
19 90 73 82 1 0 17 5.17 0.0 0 3.2 31 330 M M 4 123 38 330
20 88 74 81 0 0 16 0.02 0.0 0 4.7 13 60 M M 2 17 250
21 89 74 82 1 0 17 0.33 0.0 0 3.9 18 220 M M 4 13 21 130
22 90 73 82 1 0 17 0.00 0.0 0 4.8 14 170 M M 5 3 18 170
23 88 74 81 0 0 16 0.00 0.0 0 6.8 14 40 M M 5 20 330
24 87 73 80 0 0 15 0.00 0.0 0 7.1 15 50 M M 7 18 60
25 90 71 81 1 0 16 T 0.0 0 5.7 16 60 M M 2 21 70
26 88 71 80 0 0 15 0.00 0.0 0 5.2 16 50 M M 1 19 70
27 87 67 77 -3 0 12 0.00 0.0 0 5.0 14 80 M M 1 18 80
28 87 66 77 -3 0 12 0.00 0.0 0 3.5 14 70 M M 1 16 80
29 87 67 77 -3 0 12 0.00 0.0 0 4.8 14 70 M M 1 M M
30 87 67 77 -2 0 12 0.00 0.0 0 6.2 16 70 M M 1 20 100
================================================================================
SM 2675 2193 0 490 10.41 0.0 170.2 M 81
================================================================================
AV 89.2 73.1 5.7 FASTST M M 3 MAX(MPH)
MISC ----> 31 330 # 38 100
================================================================================
NOTES:
# LAST OF SEVERAL OCCURRENCES
COLUMN 17 PEAK WIND IN M.P.H.
PRELIMINARY LOCAL CLIMATOLOGICAL DATA (WS FORM: F-6) , PAGE 2
STATION: SANFORD
MONTH: SEPTEMBER
YEAR: 2021
LATITUDE: 28 46 N
LONGITUDE: 81 15 W
[TEMPERATURE DATA] [PRECIPITATION DATA] SYMBOLS USED IN COLUMN 16
AVERAGE MONTHLY: 81.1 TOTAL FOR MONTH: 10.41 1 = FOG OR MIST
DPTR FM NORMAL: -0.3 DPTR FM NORMAL: 4.17 2 = FOG REDUCING VISIBILITY
HIGHEST: 95 ON 6 GRTST 24HR 5.17 ON 19-19 TO 1/4 MILE OR LESS
LOWEST: 66 ON 28 3 = THUNDER
SNOW, ICE PELLETS, HAIL 4 = ICE PELLETS
TOTAL MONTH: 0.0 INCH 5 = HAIL
GRTST 24HR 0.0 6 = FREEZING RAIN OR DRIZZLE
GRTST DEPTH: 0 7 = DUSTSTORM OR SANDSTORM:
VSBY 1/2 MILE OR LESS
8 = SMOKE OR HAZE
[NO. OF DAYS WITH] [WEATHER - DAYS WITH] 9 = BLOWING SNOW
X = TORNADO
MAX 32 OR BELOW: 0 0.01 INCH OR MORE: 15
MAX 90 OR ABOVE: 15 0.10 INCH OR MORE: 9
MIN 32 OR BELOW: 0 0.50 INCH OR MORE: 5
MIN 0 OR BELOW: 0 1.00 INCH OR MORE: 3
[HDD (BASE 65) ]
TOTAL THIS MO. 0 CLEAR (SCALE 0-3) 18
DPTR FM NORMAL 0 PTCLDY (SCALE 4-7) 12
TOTAL FM JUL 1 0 CLOUDY (SCALE 8-10) 0
DPTR FM NORMAL 0
[CDD (BASE 65) ]
TOTAL THIS MO. 490
DPTR FM NORMAL -2 [PRESSURE DATA]
TOTAL FM JAN 1 3144 HIGHEST SLP M ON M
DPTR FM NORMAL 138 LOWEST SLP 29.84 ON 2
[REMARKS]
#FINAL-09-21#