000
CXUS56 KOTX 010910
CF6SFF
PRELIMINARY LOCAL CLIMATOLOGICAL DATA (WS FORM: F-6)
STATION: SPOKANE WA FELTS AIRPORT
MONTH: MARCH
YEAR: 2022
LATITUDE: 47 40 N
LONGITUDE: 117 20 W
TEMPERATURE IN F: :PCPN: SNOW: WIND :SUNSHINE: SKY :PK WND
================================================================================
1 2 3 4 5 6A 6B 7 8 9 10 11 12 13 14 15 16 17 18
12Z AVG MX 2MIN
DY MAX MIN AVG DEP HDD CDD WTR SNW DPTH SPD SPD DIR MIN PSBL S-S WX SPD DR
================================================================================
1 60 48 54 16 11 0 T M M 7.7 22 230 M M 9 29 230
2 50 43 47 9 18 0 0.22 M M 1.2 7 70 M M 10 1 8 340
3 46 37 42 4 23 0 0.47 M M 3.2 17 220 M M 10 1 22 230
4 44 28 36 -2 29 0 0.00 M M 2.3 10 220 M M 5 12 13 230
5 50 29 40 1 25 0 0.00 M M 1.0 10 280 M M 5 12 14 280
6 49 27 38 -1 27 0 T M M 2.6 15 60 M M 2 1 21 30
7 55 31 43 4 22 0 0.00 M M 3.7 12 200 M M 5 14 230
8 45 29 37 -3 28 0 0.00 M M 7.6 16 70 M M 7 23 10
9 36 21 29 -11 36 0 0.00 M M 6.5 16 70 M M 1 21 30
10 41 19 30 -10 35 0 0.00 M M 4.7 17 230 M M 5 22 230
11 45 26 36 -4 29 0 T M M 2.9 18 210 M M 7 24 210
12 60 35 48 7 17 0 0.00 M M 3.1 16 230 M M 4 23 220
13 47 38 43 2 22 0 0.11 M M 5.5 18 220 M M 9 1 23 210
14 51 42 47 6 18 0 0.13 M M 8.6 18 230 M M 10 1 29 230
15 57 39 48 7 17 0 0.09 M M 9.6 28 240 M M 7 1 37 240
16 53 34 44 2 21 0 0.00 M M 5.8 17 220 M M 5 27 220
17 54 29 42 0 23 0 T M M 5.5 16 230 M M 3 21 220
18 54 39 47 5 18 0 0.00 M M 5.0 17 230 M M 7 21 220
19 51 33 42 0 23 0 T M M 4.4 17 240 M M 4 21 250
20 49 28 39 -4 26 0 0.00 M M 6.9 18 240 M M 3 24 220
21 46 36 41 -2 24 0 0.07 M M 5.4 14 230 M M 10 18 17 240
22 52 41 47 4 18 0 0.00 M M 2.5 8 60 M M 10 11 60
23 64 37 51 8 14 0 0.01 M M 4.9 20 230 M M 6 138 24 240
24 56 33 45 1 20 0 0.00 M M 2.3 12 240 M M 0 19 240
25 61 34 48 4 17 0 0.00 M M 2.0 12 230 M M 0 17 50
26 64 38 51 7 14 0 0.00 M M 2.6 12 190 M M 3 15 190
27 70 40 55 11 10 0 0.00 M M 1.0 9 250 M M 2 15 240
28 68 42 55 11 10 0 0.00 M M 4.5 15 250 M M 5 24 240
29 63 40 52 8 13 0 0.00 M M 3.0 15 330 M M 2 21 340
30 58 40 49 4 16 0 0.00 M M 12.2 26 220 M M 5 33 220
31 54 33 44 -1 21 0 0.00 M M 7.5 21 220 M M 5 27 230
================================================================================
SM 1653 1069 645 0 1.10 M 145.7 M 166
================================================================================
AV 53.3 34.5 4.7 FASTST M M 5 MAX(MPH)
MISC ----> 28 240 37 240
================================================================================
NOTES:
# LAST OF SEVERAL OCCURRENCES
COLUMN 17 PEAK WIND IN M.P.H.
PRELIMINARY LOCAL CLIMATOLOGICAL DATA (WS FORM: F-6) , PAGE 2
STATION: SPOKANE WA FELTS AIRPORT
MONTH: MARCH
YEAR: 2022
LATITUDE: 47 40 N
LONGITUDE: 117 20 W
[TEMPERATURE DATA] [PRECIPITATION DATA] SYMBOLS USED IN COLUMN 16
AVERAGE MONTHLY: 43.9 TOTAL FOR MONTH: 1.10 1 = FOG OR MIST
DPTR FM NORMAL: 2.4 DPTR FM NORMAL: -0.72 2 = FOG REDUCING VISIBILITY
HIGHEST: 70 ON 27 GRTST 24HR 0.54 ON 2- 3 TO 1/4 MILE OR LESS
LOWEST: 19 ON 10 3 = THUNDER
SNOW, ICE PELLETS, HAIL 4 = ICE PELLETS
TOTAL MONTH: M 5 = HAIL
GRTST 24HR M ON M 6 = FREEZING RAIN OR DRIZZLE
GRTST DEPTH: M ON M 7 = DUSTSTORM OR SANDSTORM:
VSBY 1/2 MILE OR LESS
8 = SMOKE OR HAZE
[NO. OF DAYS WITH] [WEATHER - DAYS WITH] 9 = BLOWING SNOW
X = TORNADO
MAX 32 OR BELOW: 0 0.01 INCH OR MORE: 7
MAX 90 OR ABOVE: 0 0.10 INCH OR MORE: 4
MIN 32 OR BELOW: 10 0.50 INCH OR MORE: 0
MIN 0 OR BELOW: 0 1.00 INCH OR MORE: 0
[HDD (BASE 65) ]
TOTAL THIS MO. 645 CLEAR (SCALE 0-3) 8
DPTR FM NORMAL -84 PTCLDY (SCALE 4-7) 16
TOTAL FM JUL 1 4905 CLOUDY (SCALE 8-10) 7
DPTR FM NORMAL -231
[CDD (BASE 65) ]
TOTAL THIS MO. 0
DPTR FM NORMAL 0 [PRESSURE DATA]
TOTAL FM JAN 1 0 HIGHEST SLP M ON M
DPTR FM NORMAL 0 LOWEST SLP 29.58 ON 27
[REMARKS]
#FINAL-03-22#