000
CXUS56 KOTX 011045
CLMSFF
CLIMATE REPORT
NATIONAL WEATHER SERVICE SPOKANE WA
345 AM PDT SAT APR 01 2023
...................................
...THE SPOKANE WA FELTS AIRPORT CLIMATE SUMMARY FOR THE MONTH OF MARCH 2023...
CLIMATE NORMAL PERIOD 1991 TO 2020
CLIMATE RECORD PERIOD 9999 TO 9999
WEATHER OBSERVED NORMAL DEPART LAST YEAR`S
VALUE DATE(S) VALUE FROM VALUE DATE(S)
NORMAL
................................................................
TEMPERATURE (F)
RECORD
HIGH 74 03/27/2015
LOW 2 03/01/2009
HIGHEST 61 03/22 MM MM 70 03/27
LOWEST 19 03/01 MM MM 19 03/10
AVG. MAXIMUM 48.3 51.3 -3.0 53.3
AVG. MINIMUM 29.2 31.7 -2.5 34.5
MEAN 38.7 41.5 -2.8 43.9
DAYS MAX >= 90 0 0.0 0.0 0
DAYS MAX <= 32 0 0.6 -0.6 0
DAYS MIN <= 32 26 18.1 7.9 10
DAYS MIN <= 0 0 0.0 0.0 0
PRECIPITATION (INCHES)
RECORD
MAXIMUM 4.07 2012
MINIMUM 0.35 2021
TOTALS 1.01 1.82 -0.81 1.10
DAILY AVG. 0.03 0.06 -0.03 0.04
DAYS >= .01 7 13.1 -6.1 7
DAYS >= .10 3 7.0 -4.0 4
DAYS >= .50 0 0.4 -0.4 0
DAYS >= 1.00 0 0.0 0.0 0
GREATEST
24 HR. TOTAL 0.39 03/13 TO 03/13 0.55
DEGREE DAYS
HEATING TOTAL 780 729 51 645
SINCE 7/1 5174 5136 38 MM
COOLING TOTAL 0 0 0 0
SINCE 1/1 0 0 0 MM
................................................................
WIND (MPH)
AVERAGE WIND SPEED 4.6
HIGHEST WIND SPEED/DIRECTION 25/230 DATE 03/13
HIGHEST GUST SPEED/DIRECTION 32/230 DATE 03/02
32/220 03/13
SKY COVER
POSSIBLE SUNSHINE (PERCENT) MM
AVERAGE SKY COVER 0.50
NUMBER OF DAYS FAIR 11
NUMBER OF DAYS PC 11
NUMBER OF DAYS CLOUDY 8
AVERAGE RH (PERCENT) 64
WEATHER CONDITIONS. NUMBER OF DAYS WITH
THUNDERSTORM 0 MIXED PRECIP 0
HEAVY RAIN 0 RAIN 2
LIGHT RAIN 3 FREEZING RAIN 0
LT FREEZING RAIN 0 HAIL 0
HEAVY SNOW 0 SNOW 3
LIGHT SNOW 5 SLEET 0
FOG 10 FOG W/VIS <= 1/4 MILE 2
HAZE 4
- INDICATES NEGATIVE NUMBERS.
R INDICATES RECORD WAS SET OR TIED.
MM INDICATES DATA IS MISSING.
T INDICATES TRACE AMOUNT.
$$