000
CXUS56 KOTX 011253
CLMSFF
CLIMATE REPORT
NATIONAL WEATHER SERVICE SPOKANE WA
553 AM PDT TUE AUG 01 2023
...................................
...THE SPOKANE WA FELTS AIRPORT CLIMATE SUMMARY FOR THE MONTH OF JULY 2023...
CLIMATE NORMAL PERIOD 1991 TO 2020
CLIMATE RECORD PERIOD 9999 TO 9999
WEATHER OBSERVED NORMAL DEPART LAST YEAR`S
VALUE DATE(S) VALUE FROM VALUE DATE(S)
NORMAL
................................................................
TEMPERATURE (F)
RECORD
HIGH 106 07/31/2021
LOW 39 07/04/1999
HIGHEST 99 07/09 MM MM 105 07/31
07/16
LOWEST 50 07/03 MM MM 49 07/05
AVG. MAXIMUM 90.2 87.1 3.1 90.0
AVG. MINIMUM 57.5 56.0 1.5 58.7
MEAN 73.9 71.5 2.4 74.4
DAYS MAX >= 90 16 13.1 2.9 16
DAYS MAX <= 32 0 0.0 0.0 0
DAYS MIN <= 32 0 0.0 0.0 0
DAYS MIN <= 0 0 0.0 0.0 0
PRECIPITATION (INCHES)
RECORD
MAXIMUM 1.36 2005
MINIMUM T 2017
TOTALS 0.06 0.67 -0.61 0.49
DAILY AVG. 0.00 0.02 -0.02 0.02
DAYS >= .01 1 3.0 -2.0 4
DAYS >= .10 0 1.3 -1.3 2
DAYS >= .50 0 0.1 -0.1 0
DAYS >= 1.00 0 0.0 0.0 0
GREATEST
24 HR. TOTAL 0.06 07/10 TO 07/10 0.26
DEGREE DAYS
HEATING TOTAL 0 15 -15 3
SINCE 7/1 0 12 -12 MM
COOLING TOTAL 285 218 67 301
SINCE 1/1 485 285 200 MM
................................................................
WIND (MPH)
AVERAGE WIND SPEED 4.4
HIGHEST WIND SPEED/DIRECTION 31/230 DATE 07/17
HIGHEST GUST SPEED/DIRECTION 39/210 DATE 07/17
SKY COVER
POSSIBLE SUNSHINE (PERCENT) MM
AVERAGE SKY COVER 0.05
NUMBER OF DAYS FAIR 30
NUMBER OF DAYS PC 1
NUMBER OF DAYS CLOUDY 0
AVERAGE RH (PERCENT) 41
WEATHER CONDITIONS. NUMBER OF DAYS WITH
THUNDERSTORM 1 MIXED PRECIP 0
HEAVY RAIN 0 RAIN 0
LIGHT RAIN 1 FREEZING RAIN 0
LT FREEZING RAIN 0 HAIL 0
HEAVY SNOW 0 SNOW 0
LIGHT SNOW 0 SLEET 0
FOG 1 FOG W/VIS <= 1/4 MILE 0
HAZE 0
- INDICATES NEGATIVE NUMBERS.
R INDICATES RECORD WAS SET OR TIED.
MM INDICATES DATA IS MISSING.
T INDICATES TRACE AMOUNT.
$$