000
CXUS53 KSGF 010710
CF6SGF
PRELIMINARY LOCAL CLIMATOLOGICAL DATA (WS FORM: F-6)
STATION: SPRINGFIELD MO
MONTH: SEPTEMBER
YEAR: 2023
LATITUDE: 37 13 N
LONGITUDE: 93 23 W
TEMPERATURE IN F: :PCPN: SNOW: WIND :SUNSHINE: SKY :PK WND
================================================================================
1 2 3 4 5 6A 6B 7 8 9 10 11 12 13 14 15 16 17 18
12Z AVG MX 2MIN
DY MAX MIN AVG DEP HDD CDD WTR SNW DPTH SPD SPD DIR MIN PSBL S-S WX SPD DR
================================================================================
1 86 59 73 -2 0 8 0.00 0.0 0 6.8 14 170 M M 0 20 140
2 89 60 75 0 0 10 0.00 0.0 0 7.3 13 200 M M 0 17 170
3 92 68 80 5 0 15 0.00 0.0 0 9.3 17 150 M M 1 23 140
4 94 71 83 9 0 18 0.05 0.0 0 12.2 25 200 M M 1 3 42 180
5 92 70 81 7 0 16 0.10 0.0 0 15.0 29 190 M M 1 38 38 190
6 83 63 73 -1 0 8 0.00 0.0 0 6.6 17 280 M M 1 38 25 260
7 87 56 72 -1 0 7 0.00 0.0 0 3.8 10 70 M M 0 18 16 140
8 85 62 74 1 0 9 0.01 0.0 0 8.6 29 160 M M 1 38 37 170
9 82 53 68 -5 0 3 0.00 0.0 0 5.9 17 10 M M 0 29 350
10 84 54 69 -3 0 4 0.00 0.0 0 2.8 10 130 M M 0 18 140
11 78 63 71 -1 0 6 0.29 0.0 0 7.9 17 30 M M 4 1 21 30
12 79 57 68 -4 0 3 T 0.0 0 5.8 14 20 M M 6 1 21 20
13 77 52 65 -6 0 0 0.00 0.0 0 4.8 13 120 M M 0 18 20 120
14 80 53 67 -4 0 2 0.00 0.0 0 6.1 20 120 M M 1 24 130
15 81 54 68 -3 0 3 0.00 0.0 0 4.5 12 190 M M 0 16 180
16 79 57 68 -2 0 3 0.07 0.0 0 4.1 29 350 M M 7 13 41 330
17 79 54 67 -3 0 2 0.00 0.0 0 5.9 17 340 M M 0 8 23 330
18 83 51 67 -2 0 2 0.00 0.0 0 7.0 13 150 M M 0 18 17 150
19 83 61 72 3 0 7 0.42 0.0 0 12.3 21 200 M M 3 1 27 210
20 77 63 70 1 0 5 0.23 0.0 0 8.2 17 170 M M 7 1 23 170
21 86 63 75 7 0 10 0.18 0.0 0 8.5 21 340 M M 4 13 28 360
22 77 65 71 3 0 6 0.62 0.0 0 10.4 23 180 M M 4 13 30 160
23 87 66 77 9 0 12 1.44 0.0 0 14.8 33 350 M M 3 13 44 350
24 81 64 73 6 0 8 0.30 0.0 0 5.7 22 150 M M 5 1 32 150
25 85 59 72 5 0 7 0.00 0.0 0 3.1 10 10 M M 2 12 15 340
26 86 59 73 7 0 8 0.00 0.0 0 6.2 14 210 M M 0 19 230
27 84 62 73 7 0 8 T 0.0 0 3.5 14 250 M M 2 18 240
28 87 64 76 10 0 11 0.00 0.0 0 5.4 9 180 M M 1 14 140
29 87 65 76 11 0 11 0.00 0.0 0 7.2 14 150 M M 0 18 180
30 88 63 76 11 0 11 0.00 0.0 0 7.0 14 190 M M 0 18 190
================================================================================
SM 2518 1811 0 223 3.71 0.0 216.7 M 54
================================================================================
AV 83.9 60.4 7.2 FASTST M M 2 MAX(MPH)
MISC ----> 33 350 44 350
================================================================================
NOTES:
# LAST OF SEVERAL OCCURRENCES
COLUMN 17 PEAK WIND IN M.P.H.
PRELIMINARY LOCAL CLIMATOLOGICAL DATA (WS FORM: F-6) , PAGE 2
STATION: SPRINGFIELD MO
MONTH: SEPTEMBER
YEAR: 2023
LATITUDE: 37 13 N
LONGITUDE: 93 23 W
[TEMPERATURE DATA] [PRECIPITATION DATA] SYMBOLS USED IN COLUMN 16
AVERAGE MONTHLY: 72.2 TOTAL FOR MONTH: 3.71 1 = FOG OR MIST
DPTR FM NORMAL: 1.8 DPTR FM NORMAL: -0.60 2 = FOG REDUCING VISIBILITY
HIGHEST: 94 ON 4 GRTST 24HR 1.74 ON 23-24 TO 1/4 MILE OR LESS
LOWEST: 51 ON 18 3 = THUNDER
SNOW, ICE PELLETS, HAIL 4 = ICE PELLETS
TOTAL MONTH: 0.0 INCH 5 = HAIL
GRTST 24HR 0.0 6 = FREEZING RAIN OR DRIZZLE
GRTST DEPTH: 0 7 = DUSTSTORM OR SANDSTORM:
VSBY 1/2 MILE OR LESS
8 = SMOKE OR HAZE
[NO. OF DAYS WITH] [WEATHER - DAYS WITH] 9 = BLOWING SNOW
X = TORNADO
MAX 32 OR BELOW: 0 0.01 INCH OR MORE: 11
MAX 90 OR ABOVE: 3 0.10 INCH OR MORE: 8
MIN 32 OR BELOW: 0 0.50 INCH OR MORE: 2
MIN 0 OR BELOW: 0 1.00 INCH OR MORE: 1
[HDD (BASE 65) ]
TOTAL THIS MO. 0 CLEAR (SCALE 0-3) 23
DPTR FM NORMAL -38 PTCLDY (SCALE 4-7) 7
TOTAL FM JUL 1 0 CLOUDY (SCALE 8-10) 0
DPTR FM NORMAL -38
[CDD (BASE 65) ]
TOTAL THIS MO. 223
DPTR FM NORMAL 27 [PRESSURE DATA]
TOTAL FM JAN 1 1578 HIGHEST SLP M ON M
DPTR FM NORMAL 81 LOWEST SLP 29.76 ON 23
[REMARKS]
#FINAL-09-23#