000
CXUS56 KMFR 011030
CF6SIY
PRELIMINARY LOCAL CLIMATOLOGICAL DATA (WS FORM: F-6)
STATION: MONTAGUE CA
MONTH: NOVEMBER
YEAR: 2022
LATITUDE: 41 46 N
LONGITUDE: 122 28 W
TEMPERATURE IN F: :PCPN: SNOW: WIND :SUNSHINE: SKY :PK WND
================================================================================
1 2 3 4 5 6A 6B 7 8 9 10 11 12 13 14 15 16 17 18
12Z AVG MX 2MIN
DY MAX MIN AVG DEP HDD CDD WTR SNW DPTH SPD SPD DIR MIN PSBL S-S WX SPD DR
================================================================================
1 57 34 46 -1 19 0 0.42 M M 9.3 36 330 M M 8 1 47 330
2 44 31 38 -8 27 0 0.13 M M 3.5 15 30 M M 6 1 19 350
3 46 29 38 -8 27 0 T M M 2.5 8 30 M M 7 12 10 30
4 62 41 52 6 13 0 0.00 M M 6.2 15 150 M M 5 19 150
5 56 40 48 3 17 0 0.05 M M 9.4 28 10 M M 7 1 32 10
6 55 37 46 1 19 0 0.15 M M 10.0 31 170 M M 8 1 43 170
7 48 32 40 -5 25 0 0.00 M M 9.1 24 170 M M 5 30 180
8 44 34 39 -5 26 0 T M M 3.8 14 170 M M 9 18 170
9 49 29 39 -5 26 0 T M M 3.3 12 20 M M 5 14 10
10 42 26 34 -10 31 0 0.00 M M 2.2 8 200 M M 5 12 180
11 46 24 35 -8 30 0 0.02 M M 3.8 15 330 M M 7 1 20 330
12 49 33 41 -2 24 0 T M M 5.2 20 30 M M 6 26 20
13 49 24 37 -6 28 0 0.00 M M 2.7 8 160 M M 1 10 170
14 51 21 36 -6 29 0 0.00 M M 2.4 8 90 M M 0 10 90
15 52 20 36 -6 29 0 0.00 M M 2.2 9 120 M M 0 11 120
16 52 19 36 -6 29 0 0.00 M M 1.6 6 130 M M 0 9 160
17 48 19 34 -7 31 0 0.00 M M 2.0 10 20 M M 1 13 20
18 45 22 34 -7 31 0 0.00 M M 10.0 22 360 M M 0 27 360
19 44 14 29 -12 36 0 0.00 M M 1.2 7 120 M M 0 8 130
20 46 14 30 -10 35 0 0.00 M M 0.9 6 220 M M 0 8 210
21 48 18 33 -7 32 0 0.00 M M 1.9 6 120 M M 0 8 200
22 47 19 33 -7 32 0 T M M 2.3 10 210 M M 3 12 200
23 52 22 37 -3 28 0 0.00 M M 2.3 8 240 M M 2 12 12 240
24 54 19 37 -2 28 0 0.00 M M 1.7 10 230 M M 1 12 11 230
25 54 23 39 0 26 0 0.00 M M 3.1 9 30 M M 0 12 360
26 56 25 41 2 24 0 T M M 5.2 15 350 M M 3 18 350
27 52 19 36 -2 29 0 0.00 M M 2.6 16 260 M M 3 21 260
28 49 34 42 4 23 0 T M M 10.8 23 250 M M 7 30 270
29 44 19 32 -6 33 0 0.00 M M 2.6 12 40 M M 5 13 30
30 51 33 42 4 23 0 0.16 M M 14.6 33 170 M M 9 43 180
================================================================================
SM 1492 774 810 0 0.93 M 138.4 M 113
================================================================================
AV 49.7 25.8 4.6 FASTST M M 4 MAX(MPH)
MISC ----> 36 330 47 330
================================================================================
NOTES:
# LAST OF SEVERAL OCCURRENCES
COLUMN 17 PEAK WIND IN M.P.H.
PRELIMINARY LOCAL CLIMATOLOGICAL DATA (WS FORM: F-6) , PAGE 2
STATION: MONTAGUE CA
MONTH: NOVEMBER
YEAR: 2022
LATITUDE: 41 46 N
LONGITUDE: 122 28 W
[TEMPERATURE DATA] [PRECIPITATION DATA] SYMBOLS USED IN COLUMN 16
AVERAGE MONTHLY: 37.8 TOTAL FOR MONTH: 0.93 1 = FOG OR MIST
DPTR FM NORMAL: -4.1 DPTR FM NORMAL: -0.41 2 = FOG REDUCING VISIBILITY
HIGHEST: 62 ON 4 GRTST 24HR 0.42 ON 1- 1 TO 1/4 MILE OR LESS
LOWEST: 14 ON 20,19 3 = THUNDER
SNOW, ICE PELLETS, HAIL 4 = ICE PELLETS
TOTAL MONTH: M 5 = HAIL
GRTST 24HR M ON M 6 = FREEZING RAIN OR DRIZZLE
GRTST DEPTH: M ON M 7 = DUSTSTORM OR SANDSTORM:
VSBY 1/2 MILE OR LESS
8 = SMOKE OR HAZE
[NO. OF DAYS WITH] [WEATHER - DAYS WITH] 9 = BLOWING SNOW
X = TORNADO
MAX 32 OR BELOW: 0 0.01 INCH OR MORE: 6
MAX 90 OR ABOVE: 0 0.10 INCH OR MORE: 4
MIN 32 OR BELOW: 22 0.50 INCH OR MORE: 0
MIN 0 OR BELOW: 0 1.00 INCH OR MORE: 0
[HDD (BASE 65) ]
TOTAL THIS MO. 810 CLEAR (SCALE 0-3) 13
DPTR FM NORMAL 117 PTCLDY (SCALE 4-7) 14
TOTAL FM JUL 1 1064 CLOUDY (SCALE 8-10) 3
DPTR FM NORMAL -105
[CDD (BASE 65) ]
TOTAL THIS MO. 0
DPTR FM NORMAL 0 [PRESSURE DATA]
TOTAL FM JAN 1 1168 HIGHEST SLP 30.71 ON 16
DPTR FM NORMAL 465 LOWEST SLP 29.50 ON 6
[REMARKS]
#FINAL-11-22#