000
CXUS56 KMTR 212122
CF6SJC
PRELIMINARY LOCAL CLIMATOLOGICAL DATA (WS FORM: F-6)
STATION: SAN JOSE AIRPORT
MONTH: DECEMBER
YEAR: 2022
LATITUDE: 37 21 N
LONGITUDE: 121 55 W
TEMPERATURE IN F: :PCPN: SNOW: WIND :SUNSHINE: SKY :PK WND
================================================================================
1 2 3 4 5 6A 6B 7 8 9 10 11 12 13 14 15 16 17 18
12Z AVG MX 2MIN
DY MAX MIN AVG DEP HDD CDD WTR SNW DPTH SPD SPD DIR MIN PSBL S-S WX SPD DR
================================================================================
1 52 41 47 -5 18 0 0.59 M M 8.9 25 130 M M 8 1 35 140
2 56 35 46 -6 19 0 0.00 M M 1.5 7 210 M M 4 1 10 230
3 50 44 47 -5 18 0 0.41 M M 1.6 9 330 M M 10 1 12 350
4 59 48 54 3 11 0 T M M 7.0 14 130 M M 7 1 20 120
5 61 48 55 4 10 0 T M M 5.8 13 290 M M 6 1 17 140
6 57 43 50 -1 15 0 0.13 M M 5.8 13 150 M M 6 1 17 150
7 61 38 50 -1 15 0 0.00 M M 3.7 13 310 M M 2 1 15 310
8 58 39 49 -2 16 0 T M M 7.8 18 140 M M 6 1 21 140
9 57 44 51 0 14 0 0.01 M M 3.2 13 200 M M 7 1 19 190
10 59 52 56 5 9 0 0.44 M M 12.1 29 140 M M 9 1 38 130
11 54 46 50 -1 15 0 0.42 M M 9.7 22 130 M M 8 30 120
12 54 42 48 -3 17 0 0.13 M M 6.9 17 140 M M 5 1 22 140
13 56 36 46 -4 19 0 0.00 M M 2.8 12 310 M M 1 16 320
14 56 36 46 -4 19 0 0.00 M M 2.2 8 320 M M 3 12 100
15 57 37 47 -3 18 0 0.00 M M 1.6 8 340 M M 4 11 240
16 59 35 47 -3 18 0 0.00 M M 2.5 7 260 M M 1 11 240
17 59 36 48 -2 17 0 0.00 M M 2.3 8 330 M M 1 18 10 320
18 58 34 46 -4 19 0 0.00 M M 2.9 9 330 M M 1 18 12 220
19 52 35 44 -6 21 0 0.00 M M 2.5 10 310 M M 6 18 14 340
20 58 44 51 1 14 0 0.00 M M 3.0 10 340 M M 4 8 14 360
21 61 38 50 0 15 0 0.00 M M 2.3 10 330 M M 2 18 12 320
22 61 45 53 3 12 0 T M M 2.3 10 270 M M 6 8 13 260
23 62 45 54 4 11 0 0.00 M M 2.6 10 320 M M 4 18 13 330
24 64 42 53 3 12 0 0.00 M M 1.9 10 340 M M 3 18 12 340
25 65 43 54 4 11 0 0.00 M M 3.1 13 320 M M 4 18 16 320
26 60 48 54 4 11 0 0.06 M M 6.0 18 150 M M 6 18 24 150
27 61 48 55 5 10 0 1.13 M M 8.5 22 120 M M 8 18 31 120
28 59 41 50 0 15 0 T M M 3.8 13 320 M M 7 18 16 330
29 56 50 53 3 12 0 0.24 M M 11.3 18 120 M M 10 1 18 130
30 64 60 62 12 3 0 T M M 11.1 18 180 M M 8 26 180
31 62 51 57 7 8 0 1.14 M M 11.2 29 320 M M 10 1 37 310
================================================================================
SM 1808 1324 442 0 4.70 M 157.9 M 167
================================================================================
AV 58.3 42.7 5.1 FASTST M M 5 MAX(MPH)
MISC ----> # 29 140 38 130
================================================================================
NOTES:
# LAST OF SEVERAL OCCURRENCES
COLUMN 17 PEAK WIND IN M.P.H.
PRELIMINARY LOCAL CLIMATOLOGICAL DATA (WS FORM: F-6) , PAGE 2
STATION: SAN JOSE AIRPORT
MONTH: DECEMBER
YEAR: 2022
LATITUDE: 37 21 N
LONGITUDE: 121 55 W
[TEMPERATURE DATA] [PRECIPITATION DATA] SYMBOLS USED IN COLUMN 16
AVERAGE MONTHLY: 50.5 TOTAL FOR MONTH: 4.70 1 = FOG OR MIST
DPTR FM NORMAL: -0.1 DPTR FM NORMAL: 2.41 2 = FOG REDUCING VISIBILITY
HIGHEST: 65 ON 25 GRTST 24HR 1.14 ON 31-31 TO 1/4 MILE OR LESS
LOWEST: 34 ON 18 3 = THUNDER
SNOW, ICE PELLETS, HAIL 4 = ICE PELLETS
TOTAL MONTH: M 5 = HAIL
GRTST 24HR M ON M 6 = FREEZING RAIN OR DRIZZLE
GRTST DEPTH: M ON M 7 = DUSTSTORM OR SANDSTORM:
VSBY 1/2 MILE OR LESS
8 = SMOKE OR HAZE
[NO. OF DAYS WITH] [WEATHER - DAYS WITH] 9 = BLOWING SNOW
X = TORNADO
MAX 32 OR BELOW: 0 0.01 INCH OR MORE: 11
MAX 90 OR ABOVE: 0 0.10 INCH OR MORE: 9
MIN 32 OR BELOW: 0 0.50 INCH OR MORE: 3
MIN 0 OR BELOW: 0 1.00 INCH OR MORE: 2
[HDD (BASE 65) ]
TOTAL THIS MO. 442 CLEAR (SCALE 0-3) 8
DPTR FM NORMAL -4 PTCLDY (SCALE 4-7) 17
TOTAL FM JUL 1 831 CLOUDY (SCALE 8-10) 6
DPTR FM NORMAL 17
[CDD (BASE 65) ]
TOTAL THIS MO. 0
DPTR FM NORMAL 0 [PRESSURE DATA]
TOTAL FM JAN 1 894 HIGHEST SLP 29.77 ON 31
DPTR FM NORMAL 270 LOWEST SLP 29.55 ON 31
[REMARKS]
#FINAL-12-22#