000
CXUS56 KMTR 011000
CF6SJC
PRELIMINARY LOCAL CLIMATOLOGICAL DATA (WS FORM: F-6)
STATION: SAN JOSE AIRPORT
MONTH: DECEMBER
YEAR: 2023
LATITUDE: 37 21 N
LONGITUDE: 121 55 W
TEMPERATURE IN F: :PCPN: SNOW: WIND :SUNSHINE: SKY :PK WND
================================================================================
1 2 3 4 5 6A 6B 7 8 9 10 11 12 13 14 15 16 17 18
12Z AVG MX 2MIN
DY MAX MIN AVG DEP HDD CDD WTR SNW DPTH SPD SPD DIR MIN PSBL S-S WX SPD DR
================================================================================
1 63 43 53 1 12 0 0.00 M M 5.5 14 340 M M 4 19 300
2 66 52 59 7 6 0 0.01 M M 4.7 12 140 M M 8 19 130
3 68 49 59 7 6 0 0.00 M M 5.0 15 330 M M 8 1 18 340
4 67 50 59 8 6 0 0.00 M M 1.5 9 310 M M 5 18 11 330
5 71 46 59 8 6 0 0.00 M M 1.7 10 320 M M 3 18 13 330
6 67 46 57 6 8 0 0.04 M M 5.3 17 140 M M 4 18 22 160
7 63 46 55 4 10 0 0.02 M M 3.6 14 300 M M 5 18 17 290
8 60 40 50 -1 15 0 0.00 M M 4.7 15 290 M M 1 18 330
9 64 39 52 1 13 0 0.00 M M 3.2 14 330 M M 3 17 330
10 62 37 50 -1 15 0 0.00 M M 2.4 10 340 M M 4 14 350
11 66 38 52 1 13 0 0.00 M M 3.6 10 340 M M 3 15 330
12 64 50 57 6 8 0 0.00 M M 3.2 13 320 M M 6 18 18 330
13 65 46 56 6 9 0 0.00 M M 2.3 7 330 M M 5 18 10 200
14 64 40 52 2 13 0 0.00 M M 2.9 8 350 M M 4 8 11 350
15 67 42 55 5 10 0 0.00 M M 2.4 9 290 M M 4 8 14 280
16 70 40 55 5 10 0 0.00 M M 2.8 7 210 M M 2 12 210
17 62 47 55 5 10 0 0.17 M M 3.1 25 90 M M 6 8 33 90
18 65 52 59 9 6 0 0.48 M M 8.0 17 150 M M 9 18 24 140
19 67 59 63 13 2 0 0.30 M M 10.1 18 180 M M 9 18 24 180
20 60 53 57 7 8 0 0.74 M M 7.2 18 130 M M 8 8 25 140
21 61 48 55 5 10 0 0.00 M M 1.1 7 210 M M 6 1 11 210
22 67 49 58 8 7 0 0.00 M M 3.6 13 330 M M 4 18 15 340
23 65 42 54 4 11 0 0.00 M M 2.6 10 330 M M 2 14 330
24 59 38 49 -1 16 0 0.00 M M 2.6 9 290 M M 4 12 340
25 63 40 52 2 13 0 0.00 M M 3.8 10 330 M M 5 14 330
26 62 42 52 2 13 0 0.00 M M 3.1 14 120 M M 6 19 110
27 64 50 57 7 8 0 0.01 M M 11.1 21 150 M M 7 28 110
28 72 56 64 14 1 0 0.00 M M 6.5 18 140 M M 7 25 130
29 71 55 63 13 2 0 0.68 M M 8.3 21 150 M M 9 18 29 140
30 62 53 58 8 7 0 0.31 M M 5.2 10 330 M M 8 18 15 340
31 61 49 55 5 10 0 0.00 M M 3.3 12 150 M M 8 1 14 150
================================================================================
SM 2008 1437 284 0 2.76 M 134.4 M 167
================================================================================
AV 64.8 46.4 4.3 FASTST M M 5 MAX(MPH)
MISC ----> 25 90 33 90
================================================================================
NOTES:
# LAST OF SEVERAL OCCURRENCES
COLUMN 17 PEAK WIND IN M.P.H.
PRELIMINARY LOCAL CLIMATOLOGICAL DATA (WS FORM: F-6) , PAGE 2
STATION: SAN JOSE AIRPORT
MONTH: DECEMBER
YEAR: 2023
LATITUDE: 37 21 N
LONGITUDE: 121 55 W
[TEMPERATURE DATA] [PRECIPITATION DATA] SYMBOLS USED IN COLUMN 16
AVERAGE MONTHLY: 55.6 TOTAL FOR MONTH: 2.76 1 = FOG OR MIST
DPTR FM NORMAL: 5.0 DPTR FM NORMAL: 0.47 2 = FOG REDUCING VISIBILITY
HIGHEST: 72 ON 28 GRTST 24HR 0.96 ON 29-30 TO 1/4 MILE OR LESS
LOWEST: 37 ON 10 3 = THUNDER
SNOW, ICE PELLETS, HAIL 4 = ICE PELLETS
TOTAL MONTH: M 5 = HAIL
GRTST 24HR M ON M 6 = FREEZING RAIN OR DRIZZLE
GRTST DEPTH: M ON M 7 = DUSTSTORM OR SANDSTORM:
VSBY 1/2 MILE OR LESS
8 = SMOKE OR HAZE
[NO. OF DAYS WITH] [WEATHER - DAYS WITH] 9 = BLOWING SNOW
X = TORNADO
MAX 32 OR BELOW: 0 0.01 INCH OR MORE: 10
MAX 90 OR ABOVE: 0 0.10 INCH OR MORE: 6
MIN 32 OR BELOW: 0 0.50 INCH OR MORE: 2
MIN 0 OR BELOW: 0 1.00 INCH OR MORE: 0
[HDD (BASE 65) ]
TOTAL THIS MO. 284 CLEAR (SCALE 0-3) 4
DPTR FM NORMAL -162 PTCLDY (SCALE 4-7) 21
TOTAL FM JUL 1 477 CLOUDY (SCALE 8-10) 6
DPTR FM NORMAL -337
[CDD (BASE 65) ]
TOTAL THIS MO. 0
DPTR FM NORMAL 0 [PRESSURE DATA]
TOTAL FM JAN 1 808 HIGHEST SLP M ON M
DPTR FM NORMAL 184 LOWEST SLP 29.66 ON 20
[REMARKS]
#FINAL-12-23#