000
CXUS54 KSJT 011601
CF6SJT
PRELIMINARY LOCAL CLIMATOLOGICAL DATA (WS FORM: F-6)
STATION: SAN ANGELO
MONTH: JANUARY
YEAR: 2021
LATITUDE: 31 21 N
LONGITUDE: 100 30 W
TEMPERATURE IN F: :PCPN: SNOW: WIND :SUNSHINE: SKY :PK WND
================================================================================
1 2 3 4 5 6A 6B 7 8 9 10 11 12 13 14 15 16 17 18
12Z AVG MX 2MIN
DY MAX MIN AVG DEP HDD CDD WTR SNW DPTH SPD SPD DIR MIN PSBL S-S WX SPD DR
================================================================================
1 46 34 40 -6 25 0 T T 1 12.3 22 280 M M 7 1 30 290
2 57 29 43 -3 22 0 0.00 0.0 0 9.6 21 260 M M 2 26 250
3 63 35 49 3 16 0 0.00 0.0 0 10.3 20 250 M M 0 29 260
4 65 35 50 4 15 0 0.00 0.0 0 7.2 16 30 M M 0 21 30
5 70 29 50 4 15 0 0.00 0.0 0 6.4 20 210 M M 0 28 210
6 58 38 48 2 17 0 0.00 0.0 0 11.4 28 320 M M 1 35 320
7 60 27 44 -2 21 0 0.00 0.0 0 5.8 14 290 M M 0 17 280
8 47 23 35 -11 30 0 0.00 0.0 0 4.4 16 60 M M 3 1 23 60
9 51 23 37 -9 28 0 0.00 0.0 0 7.6 17 80 M M 8 12 23 60
10 44 32 38 -8 27 0 0.58 3.8 1 11.3 18 60 M M 10 128 26 70
11 40 27 34 -12 31 0 0.00 0.0 0 6.3 13 290 M M 7 18 15 280
12 50 24 37 -9 28 0 0.00 0.0 0 5.4 12 220 M M 0 18 15 260
13 66 27 47 1 18 0 0.00 0.0 0 9.6 21 240 M M 0 1 28 220
14 62 32 47 1 18 0 0.00 0.0 0 12.6 31 10 M M 0 41 10
15 55 23 39 -7 26 0 0.00 0.0 0 8.2 22 330 M M 0 28 300
16 67 22 45 -1 20 0 0.00 0.0 0 5.0 15 160 M M 0 21 160
17 63 28 46 0 19 0 0.00 0.0 0 3.6 9 180 M M 0 12 20
18 76 29 53 7 12 0 0.00 0.0 0 9.6 29 200 M M 0 37 190
19 52 40 46 0 19 0 0.03 0.0 0 13.1 24 40 M M 9 8 32 30
20 48 40 44 -2 21 0 0.35 0.0 0 5.3 10 270 M M 9 1 13 270
21 59 46 53 6 12 0 0.21 0.0 0 6.0 14 200 M M 9 12 18 190
22 64 44 54 7 11 0 T 0.0 0 8.6 15 280 M M 2 19 280
23 59 45 52 5 13 0 0.00 0.0 0 5.7 10 110 M M 9 128 14 100
24 74 58 66 19 0 1 T 0.0 0 7.7 20 150 M M 9 128 30 190
25 68 37 53 6 12 0 0.00 0.0 0 15.1 37 280 M M 1 8 47 280
26 68 30 49 2 16 0 0.00 0.0 0 8.4 20 350 M M 1 28 360
27 60 36 48 1 17 0 0.00 0.0 0 9.9 23 320 M M 1 32 300
28 60 28 44 -3 21 0 0.00 0.0 0 5.7 15 150 M M 0 18 22 150
29 64 40 52 5 13 0 0.00 0.0 0 9.6 22 210 M M 2 30 200
30 73 47 60 12 5 0 T 0.0 0 16.3 33 270 M M 3 3 46 290
31 65 35 50 2 15 0 0.00 0.0 0 6.8 18 50 M M 0 22 40
================================================================================
SM 1854 1043 563 1 1.17 3.8 264.8 M 93
================================================================================
AV 59.8 33.6 8.5 FASTST M M 3 MAX(MPH)
MISC ----> 37 280 47 280
================================================================================
NOTES:
# LAST OF SEVERAL OCCURRENCES
COLUMN 17 PEAK WIND IN M.P.H.
PRELIMINARY LOCAL CLIMATOLOGICAL DATA (WS FORM: F-6) , PAGE 2
STATION: SAN ANGELO
MONTH: JANUARY
YEAR: 2021
LATITUDE: 31 21 N
LONGITUDE: 100 30 W
[TEMPERATURE DATA] [PRECIPITATION DATA] SYMBOLS USED IN COLUMN 16
AVERAGE MONTHLY: 46.7 TOTAL FOR MONTH: 1.17 1 = FOG OR MIST
DPTR FM NORMAL: 0.3 DPTR FM NORMAL: 0.24 2 = FOG REDUCING VISIBILITY
HIGHEST: 76 ON 18 GRTST 24HR 0.58 ON 10-10 TO 1/4 MILE OR LESS
LOWEST: 22 ON 16 3 = THUNDER
SNOW, ICE PELLETS, HAIL 4 = ICE PELLETS
TOTAL MONTH: 3.8 INCHES 5 = HAIL
GRTST 24HR 3.8 ON 10-10 6 = FREEZING RAIN OR DRIZZLE
GRTST DEPTH: 1 ON 10, 1 7 = DUSTSTORM OR SANDSTORM:
VSBY 1/2 MILE OR LESS
8 = SMOKE OR HAZE
[NO. OF DAYS WITH] [WEATHER - DAYS WITH] 9 = BLOWING SNOW
X = TORNADO
MAX 32 OR BELOW: 0 0.01 INCH OR MORE: 4
MAX 90 OR ABOVE: 0 0.10 INCH OR MORE: 3
MIN 32 OR BELOW: 16 0.50 INCH OR MORE: 1
MIN 0 OR BELOW: 0 1.00 INCH OR MORE: 0
[HDD (BASE 65) ]
TOTAL THIS MO. 563 CLEAR (SCALE 0-3) 22
DPTR FM NORMAL -14 PTCLDY (SCALE 4-7) 2
TOTAL FM JUL 1 1419 CLOUDY (SCALE 8-10) 7
DPTR FM NORMAL -124
[CDD (BASE 65) ]
TOTAL THIS MO. 1
DPTR FM NORMAL 0 [PRESSURE DATA]
TOTAL FM JAN 1 1 HIGHEST SLP 30.55 ON 28
DPTR FM NORMAL 0 LOWEST SLP 29.57 ON 24
[REMARKS]
#FINAL-01-21#