000
CXUS56 KPQR 011200
CF6SLE
PRELIMINARY LOCAL CLIMATOLOGICAL DATA (WS FORM: F-6)
STATION: SALEM OR
MONTH: JUNE
YEAR: 2020
LATITUDE: 44 55 N
LONGITUDE: 123 0 W
TEMPERATURE IN F: :PCPN: SNOW: WIND :SUNSHINE: SKY :PK WND
================================================================================
1 2 3 4 5 6A 6B 7 8 9 10 11 12 13 14 15 16 17 18
12Z AVG MX 2MIN
DY MAX MIN AVG DEP HDD CDD WTR SNW DPTH SPD SPD DIR MIN PSBL S-S WX SPD DR
================================================================================
1 72 42 57 -2 8 0 0.00 M M 5.5 14 40 M M 0 17 40
2 78 46 62 3 3 0 0.00 M M 5.1 15 320 M M 0 19 320
3 75 49 62 3 3 0 0.00 M M 7.4 16 290 M M 1 19 290
4 72 51 62 2 3 0 0.00 M M 8.1 18 10 M M 3 22 10
5 69 52 61 1 4 0 0.00 M M 6.1 17 280 M M 4 22 270
6 59 46 53 -7 12 0 0.35 M M 7.0 22 250 M M 9 138 28 250
7 62 46 54 -6 11 0 0.06 M M 8.6 20 290 M M 9 28 290
8 64 49 57 -3 8 0 0.17 M M 6.1 15 250 M M 9 1 19 190
9 64 50 57 -3 8 0 0.19 M M 9.7 18 170 M M 10 1 23 170
10 77 57 67 7 0 2 T M M 7.7 17 270 M M 7 1 22 280
11 74 57 66 5 0 1 T M M 4.0 13 270 M M 6 3 15 310
12 60 52 56 -5 9 0 0.05 M M 4.8 12 310 M M 9 14 290
13 61 50 56 -5 9 0 0.25 M M 6.3 17 220 M M 10 1 23 220
14 67 47 57 -4 8 0 0.03 M M 4.9 13 180 M M 7 1 18 180
15 63 52 58 -3 7 0 0.10 M M 9.1 16 270 M M 9 1 20 170
16 65 51 58 -4 7 0 0.06 M M 6.4 17 260 M M 9 1 20 260
17 71 48 60 -2 5 0 0.00 M M 3.6 12 330 M M 5 18 350
18 80 49 65 3 0 0 0.00 M M 6.4 14 20 M M 0 19 360
19 86 52 69 7 0 4 0.00 M M 3.5 14 290 M M 0 19 290
20 71 57 64 2 1 0 0.14 M M 6.0 14 180 M M 7 18 19 160
21 76 56 66 4 0 1 0.00 M M 4.2 12 330 M M 6 15 350
22 85 53 69 6 0 4 0.00 M M 7.8 16 360 M M 0 20 10
23 91 58 75 12 0 10 0.00 M M 5.8 14 290 M M 0 17 290
24 79 58 69 6 0 4 0.00 M M 7.1 13 320 M M 3 17 310
25 84 54 69 6 0 4 0.00 M M 7.9 15 20 M M 3 21 30
26 88 54 71 7 0 6 0.00 M M 5.2 14 320 M M 0 17 320
27 73 56 65 1 0 0 0.00 M M 10.0 21 310 M M 8 29 300
28 69 55 62 -2 3 0 0.01 M M 9.2 18 290 M M 8 24 290
29 75 51 63 -1 2 0 0.00 M M 6.8 18 290 M M 6 24 290
30 71 55 63 -2 2 0 T M M 9.2 18 310 M M 7 18 25 260
================================================================================
SM 2181 1553 113 36 1.41 M 199.5 M 155
================================================================================
AV 72.7 51.8 6.7 FASTST M M 5 MAX(MPH)
MISC ----> # 22 250 # 29 300
================================================================================
NOTES:
# LAST OF SEVERAL OCCURRENCES
COLUMN 17 PEAK WIND IN M.P.H.
PRELIMINARY LOCAL CLIMATOLOGICAL DATA (WS FORM: F-6) , PAGE 2
STATION: SALEM OR
MONTH: JUNE
YEAR: 2020
LATITUDE: 44 55 N
LONGITUDE: 123 0 W
[TEMPERATURE DATA] [PRECIPITATION DATA] SYMBOLS USED IN COLUMN 16
AVERAGE MONTHLY: 62.2 TOTAL FOR MONTH: 1.41 1 = FOG OR MIST
DPTR FM NORMAL: 0.6 DPTR FM NORMAL: -0.14 2 = FOG REDUCING VISIBILITY
HIGHEST: 91 ON 23 GRTST 24HR 0.35 ON 6- 6 TO 1/4 MILE OR LESS
LOWEST: 42 ON 1 3 = THUNDER
SNOW, ICE PELLETS, HAIL 4 = ICE PELLETS
TOTAL MONTH: M 5 = HAIL
GRTST 24HR M ON M 6 = FREEZING RAIN OR DRIZZLE
GRTST DEPTH: M ON M 7 = DUSTSTORM OR SANDSTORM:
VSBY 1/2 MILE OR LESS
8 = SMOKE OR HAZE
[NO. OF DAYS WITH] [WEATHER - DAYS WITH] 9 = BLOWING SNOW
X = TORNADO
MAX 32 OR BELOW: 0 0.01 INCH OR MORE: 11
MAX 90 OR ABOVE: 1 0.10 INCH OR MORE: 6
MIN 32 OR BELOW: 0 0.50 INCH OR MORE: 0
MIN 0 OR BELOW: 0 1.00 INCH OR MORE: 0
[HDD (BASE 65) ]
TOTAL THIS MO. 113 CLEAR (SCALE 0-3) 10
DPTR FM NORMAL -17 PTCLDY (SCALE 4-7) 11
TOTAL FM JUL 1 4537 CLOUDY (SCALE 8-10) 9
DPTR FM NORMAL -116
[CDD (BASE 65) ]
TOTAL THIS MO. 36
DPTR FM NORMAL 8 [PRESSURE DATA]
TOTAL FM JAN 1 51 HIGHEST SLP 30.30 ON 17
DPTR FM NORMAL 14 LOWEST SLP 29.72 ON 5
[REMARKS]
#FINAL-06-20#