000
CXUS51 KBTV 010800
CF6SLK
PRELIMINARY LOCAL CLIMATOLOGICAL DATA (WS FORM: F-6)
STATION: SARANAC LAKE NY
MONTH: NOVEMBER
YEAR: 2020
LATITUDE: 44 23 N
LONGITUDE: 74 12 W
TEMPERATURE IN F: :PCPN: SNOW: WIND :SUNSHINE: SKY :PK WND
================================================================================
1 2 3 4 5 6A 6B 7 8 9 10 11 12 13 14 15 16 17 18
12Z AVG MX 2MIN
DY MAX MIN AVG DEP HDD CDD WTR SNW DPTH SPD SPD DIR MIN PSBL S-S WX SPD DR
================================================================================
1 47 28 38 0 27 0 0.11 M M 11.3 26 210 M M 5 1 36 200
2 31 22 27 -10 38 0 0.17 M M 10.2 17 240 M M 10 128 33 270
3 32 13 23 -14 42 0 0.07 M M 5.0 17 300 M M 8 1 26 300
4 52 16 34 -3 31 0 T M M 4.7 15 220 M M 2 1 21 220
5 64 27 46 10 19 0 0.00 M M 5.7 20 210 M M 0 26 230
6 62 37 50 14 15 0 0.00 M M 8.3 18 220 M M 0 25 220
7 67 35 51 15 14 0 0.00 M M 6.2 16 240 M M 0 12 24 240
8 68 29 49 13 16 0 0.00 M M 2.3 12 230 M M 0 1 16 220
9 70 26 48 13 17 0 0.00 M M 2.0 12 210 M M 0 1 15 210
10 70 29 50 15 15 0 0.00 M M 3.8 17 220 M M 0 1 23 220
11 62 48 55 21 10 0 0.06 M M 9.5 20 220 M M 6 1 26 210
12 48 18 33 -1 32 0 0.00 M M 2.5 10 250 M M 4 15 250
13 40 15 28 -6 37 0 0.00 M M 4.6 17 230 M M 6 1 26 210
14 37 15 26 -7 39 0 0.00 M M 4.3 13 270 M M 7 20 270
15 46 12 29 -4 36 0 0.22 M M 9.2 32 180 M M 6 1 45 160
16 39 31 35 3 30 0 0.11 M M 12.6 23 240 M M 10 1 35 220
17 32 17 25 -7 40 0 0.01 M M 7.1 14 240 M M 10 1 20 230
18 20 3 12 -20 53 0 T M M 4.6 12 290 M M 7 18 20 240
19 47 9 28 -3 37 0 0.00 M M 8.7 21 230 M M 3 28 220
20 55 46 51 20 14 0 0.00 M M 10.5 20 210 M M 9 27 210
21 47 29 38 8 27 0 0.00 M M 5.0 14 270 M M 9 23 270
22 42 20 31 1 34 0 0.01 M M 6.3 22 160 M M 9 1 30 160
23 44 27 36 7 29 0 0.12 M M 8.0 17 170 M M 10 1 27 160
24 30 12 21 -8 44 0 T M M 4.5 13 280 M M 5 23 330
25 38 18 28 0 37 0 0.26 M M 5.0 16 200 M M 10 1 22 210
26 50 34 42 14 23 0 0.15 M M 2.6 8 230 M M 10 1 M M
27 46 36 41 14 24 0 0.03 M M 3.6 13 230 M M 10 1 19 260
28 38 34 36 9 29 0 0.04 M M 6.0 15 230 M M 10 1 20 270
29 45 25 35 9 30 0 0.00 M M 6.7 16 210 M M 5 24 260
30 55 23 39 13 26 0 0.15 M M 4.4 17 60 M M 7 1 23 80
================================================================================
SM 1424 734 865 0 1.51 M 185.2 M 178
================================================================================
AV 47.5 24.5 6.2 FASTST M M 6 MAX(MPH)
MISC ----> 32 180 45 160
================================================================================
NOTES:
# LAST OF SEVERAL OCCURRENCES
COLUMN 17 PEAK WIND IN M.P.H.
PRELIMINARY LOCAL CLIMATOLOGICAL DATA (WS FORM: F-6) , PAGE 2
STATION: SARANAC LAKE NY
MONTH: NOVEMBER
YEAR: 2020
LATITUDE: 44 23 N
LONGITUDE: 74 12 W
[TEMPERATURE DATA] [PRECIPITATION DATA] SYMBOLS USED IN COLUMN 16
AVERAGE MONTHLY: 36.0 TOTAL FOR MONTH: 1.51 1 = FOG OR MIST
DPTR FM NORMAL: 3.7 DPTR FM NORMAL: -1.84 2 = FOG REDUCING VISIBILITY
HIGHEST: 70 ON 10, 9 GRTST 24HR 0.37 ON 25-26 TO 1/4 MILE OR LESS
LOWEST: 3 ON 18 3 = THUNDER
SNOW, ICE PELLETS, HAIL 4 = ICE PELLETS
TOTAL MONTH: M 5 = HAIL
GRTST 24HR M ON M 6 = FREEZING RAIN OR DRIZZLE
GRTST DEPTH: M ON M 7 = DUSTSTORM OR SANDSTORM:
VSBY 1/2 MILE OR LESS
8 = SMOKE OR HAZE
[NO. OF DAYS WITH] [WEATHER - DAYS WITH] 9 = BLOWING SNOW
X = TORNADO
MAX 32 OR BELOW: 5 0.01 INCH OR MORE: 14
MAX 90 OR ABOVE: 0 0.10 INCH OR MORE: 8
MIN 32 OR BELOW: 23 0.50 INCH OR MORE: 0
MIN 0 OR BELOW: 0 1.00 INCH OR MORE: 0
[HDD (BASE 65) ]
TOTAL THIS MO. 865 CLEAR (SCALE 0-3) 8
DPTR FM NORMAL -118 PTCLDY (SCALE 4-7) 11
TOTAL FM JUL 1 2052 CLOUDY (SCALE 8-10) 11
DPTR FM NORMAL -222
[CDD (BASE 65) ]
TOTAL THIS MO. 0
DPTR FM NORMAL 0 [PRESSURE DATA]
TOTAL FM JAN 1 176 HIGHEST SLP 30.53 ON 18
DPTR FM NORMAL 62 LOWEST SLP 29.33 ON 30
[REMARKS]
#FINAL-11-20#