509
CXUS56 KLOX 011655
CF6SMO
PRELIMINARY LOCAL CLIMATOLOGICAL DATA (WS FORM: F-6)
STATION: SANTA MONICA AIRPORT CA
MONTH: AUGUST
YEAR: 2020
LATITUDE: 34 0 N
LONGITUDE: 118 27 W
TEMPERATURE IN F: :PCPN: SNOW: WIND :SUNSHINE: SKY :PK WND
================================================================================
1 2 3 4 5 6A 6B 7 8 9 10 11 12 13 14 15 16 17 18
12Z AVG MX 2MIN
DY MAX MIN AVG DEP HDD CDD WTR SNW DPTH SPD SPD DIR MIN PSBL S-S WX SPD DR
================================================================================
1 81 60 71 1 0 6 0.00 0.0 0 3.7 13 200 M M 0 17 200
2 74 63 69 -1 0 4 0.00 0.0 M 4.1 10 220 M M 4 128 14 230
3 72 64 68 -2 0 3 0.00 0.0 0 4.6 10 210 M M 3 18 M M
4 74 63 69 -1 0 4 0.00 0.0 0 4.2 12 220 M M 7 18 16 260
5 72 61 67 -3 0 2 0.00 0.0 M 4.9 13 250 M M 7 17 250
6 73 60 67 -2 0 2 0.00 0.0 0 4.3 13 230 M M 4 18 220
7 72 60 66 -3 0 1 0.00 0.0 0 4.5 14 240 M M 0 18 230
8 72 60 66 -3 0 1 0.00 0.0 0 4.6 12 240 M M 0 17 270
9 71 59 65 -4 0 0 0.00 0.0 0 5.1 14 230 M M 1 18 230
10 70 60 65 -4 0 0 0.00 0.0 0 5.9 15 240 M M 3 18 260
11 69 59 64 -5 1 0 0.00 0.0 0 4.9 12 230 M M 4 1 16 220
12 75 57 66 -3 0 1 0.00 0.0 0 4.6 12 240 M M 0 16 240
13 85 64 75 6 0 10 T 0.0 0 4.2 14 210 M M 0 18 240
14 82 67 75 6 0 10 0.00 0.0 0 4.1 10 220 M M 0 8 13 220
15 87 68 78 9 0 13 0.00 0.0 0 3.6 13 210 M M 0 16 220
16 91 69 80 11 0 15 0.00 0.0 0 4.8 12 220 M M 1 1 16 210
17 79 68 74 5 0 9 0.00 0.0 0 4.6 12 240 M M 0 16 240
18 91 68 80 11 0 15 0.00 0.0 0 4.3 14 210 M M 0 1 18 210
19 87 72 80 11 0 15 0.00 0.0 0 4.4 12 240 M M 0 16 220
20 86 70 78 9 0 13 0.00 0.0 0 3.1 12 240 M M 0 16 240
21 82 70 76 7 0 11 0.00 0.0 0 4.5 13 260 M M 0 18 16 260
22 87 70 79 10 0 14 0.00 0.0 0 4.9 12 240 M M 1 18 14 270
23 82 71 77 8 0 12 0.00 0.0 0 5.3 13 240 M M 1 17 240
24 73 68 71 2 0 6 0.00 0.0 0 5.1 13 240 M M 8 18 18 240
25 75 67 71 2 0 6 0.00 0.0 0 5.3 15 240 M M 1 18 19 230
26 76 64 70 1 0 5 0.00 0.0 0 4.2 14 240 M M 3 12 17 240
27 80 65 73 4 0 8 0.00 0.0 0 4.4 14 240 M M 0 20 250
28 74 62 68 -1 0 3 0.00 0.0 0 5.4 13 240 M M 1 18 250
29 72 61 67 -2 0 2 0.00 0.0 0 5.8 14 250 M M 4 18 250
30 72 60 66 -3 0 1 0.00 0.0 0 4.8 14 240 M M 4 19 250
31 71 62 67 -2 0 2 0.00 0.0 0 4.9 14 240 M M 5 19 240
================================================================================
SM 2407 1992 1 194 T 0.0 143.1 M 62
================================================================================
AV 77.7 64.3 4.6 FASTST M M 2 MAX(MPH)
MISC ----> # 15 240 # 20 250
================================================================================
NOTES:
# LAST OF SEVERAL OCCURRENCES
COLUMN 17 PEAK WIND IN M.P.H.
PRELIMINARY LOCAL CLIMATOLOGICAL DATA (WS FORM: F-6) , PAGE 2
STATION: SANTA MONICA AIRPORT CA
MONTH: AUGUST
YEAR: 2020
LATITUDE: 34 0 N
LONGITUDE: 118 27 W
[TEMPERATURE DATA] [PRECIPITATION DATA] SYMBOLS USED IN COLUMN 16
AVERAGE MONTHLY: 71.0 TOTAL FOR MONTH: T 1 = FOG OR MIST
DPTR FM NORMAL: 1.7 DPTR FM NORMAL: -0.05 2 = FOG REDUCING VISIBILITY
HIGHEST: 91 ON 18,16 GRTST 24HR T ON 13-13 TO 1/4 MILE OR LESS
LOWEST: 57 ON 12 3 = THUNDER
SNOW, ICE PELLETS, HAIL 4 = ICE PELLETS
TOTAL MONTH: 0.0 INCH 5 = HAIL
GRTST 24HR 0.0 6 = FREEZING RAIN OR DRIZZLE
GRTST DEPTH: 0 7 = DUSTSTORM OR SANDSTORM:
VSBY 1/2 MILE OR LESS
8 = SMOKE OR HAZE
[NO. OF DAYS WITH] [WEATHER - DAYS WITH] 9 = BLOWING SNOW
X = TORNADO
MAX 32 OR BELOW: 0 0.01 INCH OR MORE: 0
MAX 90 OR ABOVE: 2 0.10 INCH OR MORE: 0
MIN 32 OR BELOW: 0 0.50 INCH OR MORE: 0
MIN 0 OR BELOW: 0 1.00 INCH OR MORE: 0
[HDD (BASE 65) ]
TOTAL THIS MO. 1 CLEAR (SCALE 0-3) 20
DPTR FM NORMAL -2 PTCLDY (SCALE 4-7) 11
TOTAL FM JUL 1 9 CLOUDY (SCALE 8-10) 0
DPTR FM NORMAL 2
[CDD (BASE 65) ]
TOTAL THIS MO. 194
DPTR FM NORMAL 56 [PRESSURE DATA]
TOTAL FM JAN 1 402 HIGHEST SLP M ON M
DPTR FM NORMAL 78 LOWEST SLP 29.64 ON 20
[REMARKS]
#FINAL-08-20#