000
CXUS56 KMTR 010940
CLMSNS
CLIMATE REPORT
NATIONAL WEATHER SERVICE SAN FRANCISCO BAY AREA
240 AM PDT SAT JUL 01 2023
...................................
...THE SALINAS AIRPORT CLIMATE SUMMARY FOR THE MONTH OF JUNE 2023...
CLIMATE NORMAL PERIOD: 1991 TO 2020
CLIMATE RECORD PERIOD: 1930 TO 2023
WEATHER OBSERVED NORMAL DEPART LAST YEAR`S
VALUE DATE(S) VALUE FROM VALUE DATE(S)
NORMAL
................................................................
TEMPERATURE (F)
RECORD
HIGH 106 06/10/2019
LOW 39 06/02/1933
06/07/1932
HIGHEST 72 06/30 96 06/10
LOWEST 51 06/21 49 06/01
AVG. MAXIMUM 68.5 70.3 -1.8 76.3
AVG. MINIMUM 56.1 52.9 3.2 54.6
MEAN 62.3 61.6 0.7 65.4
DAYS MAX >= 90 0 2
DAYS MAX <= 32 0 0
DAYS MIN <= 32 0 0
DAYS MIN <= 0 0 0
PRECIPITATION (INCHES)
TOTALS 0.07 0.07 0.00 T
DAILY AVG. 0.00 T
DAYS >= .01 1 0
DAYS >= .10 0 0
DAYS >= .50 0 0
DAYS >= 1.00 0 0
GREATEST
24 HR. TOTAL 0.07 06/06 TO 06/06 T 06/23 TO 06/23
06/06 TO 06/06
06/23 TO 06/23
DEGREE DAYS
HEATING TOTAL 72 114 -42 36
SINCE 7/1 2546 2635 -89 MM
COOLING TOTAL 0 12 -12 55
SINCE 1/1 1 26 -25 MM
................................................................
WIND (MPH)
AVERAGE WIND SPEED 8.7
RESULTANT WIND SPEED/DIRECTION 7/300
HIGHEST WIND SPEED/DIRECTION 22/270 DATE 06/19
22/310 06/22
HIGHEST GUST SPEED/DIRECTION 32/310 DATE 06/22
SKY COVER
POSSIBLE SUNSHINE (PERCENT) MM
AVERAGE SKY COVER 0.72
NUMBER OF DAYS FAIR 3
NUMBER OF DAYS PC 9
NUMBER OF DAYS CLOUDY 18
AVERAGE RH (PERCENT) 69
WEATHER CONDITIONS. NUMBER OF DAYS WITH
THUNDERSTORM 0 MIXED PRECIP 0
HEAVY RAIN 0 RAIN 0
LIGHT RAIN 2 FREEZING RAIN 0
LT FREEZING RAIN 0 HAIL 0
HEAVY SNOW 0 SNOW 0
LIGHT SNOW 0 SLEET 0
FOG 6 FOG W/VIS <= 1/4 MILE 1
HAZE 5
- INDICATES NEGATIVE NUMBERS.
R INDICATES RECORD WAS SET OR TIED.
MM INDICATES DATA IS MISSING.
T INDICATES TRACE AMOUNT.
$$