000
CXUS55 KPIH 011645
CF6SNT
PRELIMINARY LOCAL CLIMATOLOGICAL DATA (WS FORM: F-6)
STATION: STANLEY_ID
MONTH: JUNE
YEAR: 2020
LATITUDE: 44 10 N
LONGITUDE: 114 56 W
TEMPERATURE IN F: :PCPN: SNOW: WIND :SUNSHINE: SKY :PK WND
================================================================================
1 2 3 4 5 6A 6B 7 8 9 10 11 12 13 14 15 16 17 18
12Z AVG MX 2MIN
DY MAX MIN AVG DEP HDD CDD WTR SNW DPTH SPD SPD DIR MIN PSBL S-S WX SPD DR
================================================================================
1 69 44 57 10 8 0 0.00 M M 3.7 15 200 M M 0 23 210
2 72 35 54 7 11 0 0.00 M M 4.8 14 290 M M 0 21 210
3 72 40 56 9 9 0 0.02 M M 4.2 16 270 M M 0 28 280
4 71 42 57 10 8 0 0.00 M M 3.8 14 330 M M 0 23 320
5 79 34 57 9 8 0 0.00 M M 6.8 21 150 M M 0 33 160
6 65 40 53 5 12 0 0.26 M M 4.3 15 360 M M 0 24 360
7 44 33 39 -9 26 0 0.24 M M 3.9 13 350 M M 0 18 330
8 51 30 41 -7 24 0 0.04 M M 5.0 15 270 M M 0 23 270
9 57 28 43 -5 22 0 0.02 M M 3.8 14 330 M M 0 20 360
10 68 32 50 2 15 0 0.01 M M 4.1 14 220 M M 0 23 350
11 78 32 55 6 10 0 0.00 M M 5.7 18 190 M M 0 31 230
12 78 37 58 9 7 0 0.00 M M 5.5 21 170 M M 0 29 170
13 65 40 53 4 12 0 0.01 M M 6.8 21 190 M M 0 30 200
14 49 30 40 -9 25 0 0.07 M M 3.5 17 200 M M 0 26 190
15 58 27 43 -7 22 0 0.25 M M 4.1 20 210 M M 0 33 200
16 54 34 44 -6 21 0 0.47 M M 3.4 17 10 M M 0 24 10
17 52 34 43 -7 22 0 M M M 3.9 14 10 M M 0 21 340
18 63 M M M M M 0.00 M M 3.6 8 360 M M 0 M M
19 71 29 50 0 15 0 0.00 M M 2.8 17 340 M M 0 22 330
20 71 34 53 2 12 0 0.00 M M 2.8 9 250 M M 0 13 320
21 72 44 58 7 7 0 0.00 M M 4.1 14 340 M M 0 22 350
22 78 36 57 6 8 0 0.00 M M 4.1 10 270 M M 0 15 330
23 83 39 61 9 4 0 0.00 M M 4.2 12 10 M M 0 16 20
24 83 41 62 10 3 0 0.01 M M 3.8 14 210 M M 0 21 220
25 79 45 62 10 3 0 0.00 M M 4.2 12 350 M M 0 17 330
26 81 41 61 9 4 0 0.00 M M 4.2 14 320 M M 0 21 320
27 76 40 58 5 7 0 0.00 M M 4.3 20 200 M M 0 26 300
28 59 34 47 -6 18 0 0.30 M M 3.3 17 250 M M 0 27 260
29 47 34 41 -12 24 0 0.57 M M 4.1 14 150 M M 0 18 220
30 56 35 46 -8 19 0 0.02 M M 4.3 12 220 M M 0 16 230
================================================================================
SM 2001 1044 386 0 2.29 M 127.1 M 0
================================================================================
AV 66.7 36.0 4.2 FASTST M M 0 MAX(MPH)
MISC ----> # 21 150 # 33 160
================================================================================
NOTES:
# LAST OF SEVERAL OCCURRENCES
PRECIPITATION SUSPECT DURING FREEZING/FROZEN EVENTS
COLUMN 17 PEAK WIND IN M.P.H.
PRELIMINARY LOCAL CLIMATOLOGICAL DATA (WS FORM: F-6) , PAGE 2
STATION: STANLEY_ID
MONTH: JUNE
YEAR: 2020
LATITUDE: 44 10 N
LONGITUDE: 114 56 W
[TEMPERATURE DATA] [PRECIPITATION DATA] SYMBOLS USED IN COLUMN 16
AVERAGE MONTHLY: 51.4 TOTAL FOR MONTH: 2.29 1 = FOG OR MIST
DPTR FM NORMAL: 1.4 DPTR FM NORMAL: 0.90 2 = FOG REDUCING VISIBILITY
HIGHEST: 83 ON 24,23 GRTST 24HR 0.57 ON 29-29 TO 1/4 MILE OR LESS
LOWEST: 27 ON 15 3 = THUNDER
SNOW, ICE PELLETS, HAIL 4 = ICE PELLETS
TOTAL MONTH: M 5 = HAIL
GRTST 24HR M ON M 6 = FREEZING RAIN OR DRIZZLE
GRTST DEPTH: M ON M 7 = DUSTSTORM OR SANDSTORM:
VSBY 1/2 MILE OR LESS
8 = SMOKE OR HAZE
[NO. OF DAYS WITH] [WEATHER - DAYS WITH] 9 = BLOWING SNOW
X = TORNADO
MAX 32 OR BELOW: 0 0.01 INCH OR MORE: 14
MAX 90 OR ABOVE: 0 0.10 INCH OR MORE: 6
MIN 32 OR BELOW: 7 0.50 INCH OR MORE: 1
MIN 0 OR BELOW: 0 1.00 INCH OR MORE: 0
[HDD (BASE 65) ]
TOTAL THIS MO. 386 CLEAR (SCALE 0-3) 30
DPTR FM NORMAL -68 PTCLDY (SCALE 4-7) 0
TOTAL FM JUL 1 10119 CLOUDY (SCALE 8-10) 0
DPTR FM NORMAL -677
[CDD (BASE 65) ]
TOTAL THIS MO. 0
DPTR FM NORMAL 0 [PRESSURE DATA]
TOTAL FM JAN 1 0 HIGHEST SLP 30.24 ON 18
DPTR FM NORMAL 0 LOWEST SLP 29.38 ON 28
[REMARKS]
17TH: POWER OUTAGE DURING PRECIPITATION EVENT. TOTAL RECORDED WAS
0.47 INCHES WITH 3-HOURS MISSING.
18TH: TRANSMITTER FAILURE. MISSED MIN TEMP. COMMS RETURNED TO SERVICE
AT 10AM LST (1651Z).
28TH: RAINFALL OF 0.30 INCHES BREAKS OLD RECORD OF 0.21 SET IN 2017.
#FINAL-06-20#