000
CXUS55 KCYS 111751
CF6SNY
PRELIMINARY LOCAL CLIMATOLOGICAL DATA (WS FORM: F-6) ...CORRECTED...
STATION: SIDNEY NEBRASKA AIRPORT
MONTH: AUGUST
YEAR: 2020
LATITUDE: 41 5 N
LONGITUDE: 102 59 W
TEMPERATURE IN F: :PCPN: SNOW: WIND :SUNSHINE: SKY :PK WND
================================================================================
1 2 3 4 5 6A 6B 7 8 9 10 11 12 13 14 15 16 17 18
12Z AVG MX 2MIN
DY MAX MIN AVG DEP HDD CDD WTR SNW DPTH SPD SPD DIR MIN PSBL S-S WX SPD DR
================================================================================
1 88 52 70 -5 0 5 0.00 M M 8.5 18 40 M M 0 27 70
2 82 57 70 -5 0 5 T M M 10.2 18 160 M M 4 3 25 160
3 85 55 70 -5 0 5 T M M 17.0 26 140 M M 2 3 39 180
4 86 55 71 -4 0 6 0.00 M M 10.3 18 140 M M 0 28 150
5 92 56 74 -1 0 9 0.00 M M 8.7 22 200 M M 1 3 28 200
6 95 M M M M M 0.65 M M 10.9 30 210 0 0 0 3 43 210
7 101 60 81 6 0 16 0.00 M M 10.0 20 250 M M 0 1 26 260
8 93 62 78 3 0 13 T M M 11.3 39 220 M M 0 3 53 200
9 100 56 78 4 0 13 0.00 M M 8.9 21 50 M M 0 27 50
10 M M M M M M 0.00 M M 11.3 14 80 M M 0 21 90
11 98 M M M M M 0.00 M M 14.3 29 290 0 0 0 45 280
12 94 58 76 2 0 11 0.31 M M 16.3 32 200 M M 1 3 41 200
13 100 63 82 8 0 17 0.00 M M 9.7 22 190 M M 0 1 29 190
14 M M M M M M 0.00 M M M M M M M 0 M M
15 89 57 73 -1 0 8 0.00 M M 10.4 18 170 M M 3 27 160
16 95 59 77 3 0 12 0.00 M M 8.6 20 20 M M 0 1 27 20
17 93 69 81 8 0 16 0.00 M M 14.3 18 160 M M 0 38 31 140
18 97 55 76 3 0 11 0.00 M M 8.4 22 80 M M 0 28 90
19 M M M M M M T M M 8.7 17 150 M M 0 38 35 270
20 92 72 82 9 0 17 0.00 M M 5.8 12 280 M M 0 22 99
21 M M M M M M 0.00 M M 7.6 10 50 0 0 0 M M
22 M M M M M M 0.00 M M 6.7 9 130 0 0 0 M M
23 M M M M M M 0.00 M M 13.6 18 150 M M 0 29 150
24 M M M M M M 0.00 M M 12.1 17 120 M M 0 21 130
25 101 M M M M M 0.00 M M 6.5 12 210 M M 0 21 200
26 97 58 78 6 0 13 0.00 M M 9.1 21 340 M M 0 27 340
27 95 M M M M M 0.00 M M 9.3 14 290 M M 0 21 140
28 85 M M M M M 0.00 M M 12.7 24 360 M M 0 36 10
29 M M M M M M T M M 12.9 24 150 M M 0 37 170
30 M M M M M M 0.00 M M 16.6 28 10 M M M 48 20
31 74 M M M M M 0.00 M M 10.0 20 360 0 0 0 31 160
================================================================================
SM 2032 944 0 177 0.96 M 320.7 0 11
================================================================================
AV 92.4 59.0 10.7 FASTST 0 0 0 MAX(MPH)
MISC ----> # 39 220 # 53 200
================================================================================
NOTES:
# LAST OF SEVERAL OCCURRENCES
COLUMN 17 PEAK WIND IN M.P.H.
PRELIMINARY LOCAL CLIMATOLOGICAL DATA (WS FORM: F-6) , PAGE 2
STATION: SIDNEY NEBRASKA AIRPORT
MONTH: AUGUST
YEAR: 2020
LATITUDE: 41 5 N
LONGITUDE: 102 59 W
[TEMPERATURE DATA] [PRECIPITATION DATA] SYMBOLS USED IN COLUMN 16
AVERAGE MONTHLY: 75.7 TOTAL FOR MONTH: 0.96 1 = FOG OR MIST
DPTR FM NORMAL: 2.4 DPTR FM NORMAL: -1.30 2 = FOG REDUCING VISIBILITY
HIGHEST: 101 ON 25, 7 GRTST 24HR 0.65 ON 6- 6 TO 1/4 MILE OR LESS
LOWEST: 52 ON 1 3 = THUNDER
SNOW, ICE PELLETS, HAIL 4 = ICE PELLETS
TOTAL MONTH: M 5 = HAIL
GRTST 24HR M ON M 6 = FREEZING RAIN OR DRIZZLE
GRTST DEPTH: M ON M 7 = DUSTSTORM OR SANDSTORM:
VSBY 1/2 MILE OR LESS
8 = SMOKE OR HAZE
[NO. OF DAYS WITH] [WEATHER - DAYS WITH] 9 = BLOWING SNOW
X = TORNADO
MAX 32 OR BELOW: 0 0.01 INCH OR MORE: 2
MAX 90 OR ABOVE: 15 0.10 INCH OR MORE: 2
MIN 32 OR BELOW: 0 0.50 INCH OR MORE: 1
MIN 0 OR BELOW: 0 1.00 INCH OR MORE: 0
[HDD (BASE 65) ]
TOTAL THIS MO. 0 CLEAR (SCALE 0-3) 29
DPTR FM NORMAL -8 PTCLDY (SCALE 4-7) 1
TOTAL FM JUL 1 0 CLOUDY (SCALE 8-10) 0
DPTR FM NORMAL -11
[CDD (BASE 65) ]
TOTAL THIS MO. 177
DPTR FM NORMAL -87 [PRESSURE DATA]
TOTAL FM JAN 1 544 HIGHEST SLP 30.17 ON 17
DPTR FM NORMAL -198 LOWEST SLP 29.70 ON 7
[REMARKS]
6TH, 10TH-11TH, 14TH, 19TH, 21ST-25TH, 27TH-31ST...MISSING DATA.
AVERAGE TEMPERATURE 75.7 DEGREES IS 3RD WARMEST FOR AUGUST.
#FINAL-08-20#