000
CXUS56 KPQR 011201
CF6SPB
PRELIMINARY LOCAL CLIMATOLOGICAL DATA (WS FORM: F-6)
STATION: SCAPPOOSE OR
MONTH: FEBRUARY
YEAR: 2024
LATITUDE: 45 46 N
LONGITUDE: 122 50 W
TEMPERATURE IN F: :PCPN: SNOW: WIND :SUNSHINE: SKY :PK WND
================================================================================
1 2 3 4 5 6A 6B 7 8 9 10 11 12 13 14 15 16 17 18
12Z AVG MX 2MIN
DY MAX MIN AVG DEP HDD CDD WTR SNW DPTH SPD SPD DIR MIN PSBL S-S WX SPD DR
================================================================================
1 62 43 53 12 12 0 T M M 2.8 15 170 M M 6 26 180
2 57 35 46 5 19 0 0.01 M M 4.0 13 150 M M 5 19 170
3 55 31 43 2 22 0 0.00 M M 2.2 7 280 M M 0 128 10 280
4 59 30 45 3 20 0 0.00 M M 6.4 21 80 M M 3 1 27 80
5 51 45 48 6 17 0 0.13 M M 1.6 9 20 M M 10 1 14 10
6 51 40 46 4 19 0 0.10 M M 1.4 8 210 M M 9 1 10 210
7 54 35 45 3 20 0 0.13 M M 1.7 12 320 M M 6 18 17 320
8 50 34 42 0 23 0 0.03 M M 1.0 12 280 M M 8 1 19 300
9 47 41 44 2 21 0 0.04 M M 1.1 7 120 M M 10 1 9 130
10 51 39 45 3 20 0 0.00 M M 1.0 7 140 M M 7 10 140
11 57 38 48 6 17 0 0.03 M M 3.8 14 200 M M 8 1 24 180
12 53 37 45 3 20 0 0.02 M M 3.0 10 230 M M 8 12 14 250
13 51 34 43 1 22 0 0.00 M M 2.2 8 140 M M 6 12 11 150
14 46 34 40 -2 25 0 0.88 M M 3.1 21 140 M M 10 12 29 120
15 45 39 42 -1 23 0 0.56 M M 2.7 9 220 M M 10 1 13 220
16 47 36 42 -1 23 0 0.03 M M 2.3 9 70 M M 4 1 12 50
17 48 37 43 0 22 0 0.15 M M 2.9 9 170 M M 9 1 15 190
18 48 39 44 1 21 0 0.06 M M 2.5 7 180 M M 8 12 10 180
19 56 40 48 5 17 0 0.06 M M 2.3 9 200 M M 8 1 13 200
20 55 41 48 5 17 0 0.17 M M 2.0 7 200 M M 9 1 11 190
21 57 45 51 7 14 0 0.04 M M 4.0 13 200 M M 10 1 21 160
22 60 39 50 6 15 0 T M M 1.6 8 280 M M 5 1 11 300
23 62 32 47 3 18 0 0.00 M M 1.6 8 290 M M 0 18 10 280
24 57 34 46 2 19 0 0.00 M M 2.0 9 320 M M 6 16 330
25 55 42 49 5 16 0 0.09 M M 3.9 12 310 M M 9 1 20 300
26 45 33 39 -5 26 0 0.18 M M 3.8 21 270 M M 6 1 29 260
27 47 34 41 -3 24 0 T M M 4.6 14 270 M M 10 23 270
28 52 46 49 4 16 0 0.95 M M 8.3 16 170 M M 10 1 27 130
29 52 35 44 -1 21 0 0.55 M M 6.7 18 240 M M 10 1 26 250
================================================================================
SM 1530 1088 569 0 4.21 M 86.5 M 210
================================================================================
AV 52.8 37.5 3.0 FASTST M M 7 MAX(MPH)
MISC ----> # 21 80 # 29 120
================================================================================
NOTES:
# LAST OF SEVERAL OCCURRENCES
COLUMN 17 PEAK WIND IN M.P.H.
PRELIMINARY LOCAL CLIMATOLOGICAL DATA (WS FORM: F-6) , PAGE 2
STATION: SCAPPOOSE OR
MONTH: FEBRUARY
YEAR: 2024
LATITUDE: 45 46 N
LONGITUDE: 122 50 W
[TEMPERATURE DATA] [PRECIPITATION DATA] SYMBOLS USED IN COLUMN 16
AVERAGE MONTHLY: 45.1 TOTAL FOR MONTH: 4.21 1 = FOG OR MIST
DPTR FM NORMAL: 2.4 DPTR FM NORMAL: -0.41 2 = FOG REDUCING VISIBILITY
HIGHEST: 62 ON 23, 1 GRTST 24HR 1.40 ON 14-15 TO 1/4 MILE OR LESS
LOWEST: 30 ON 4 3 = THUNDER
SNOW, ICE PELLETS, HAIL 4 = ICE PELLETS
TOTAL MONTH: M 5 = HAIL
GRTST 24HR M ON M 6 = FREEZING RAIN OR DRIZZLE
GRTST DEPTH: M ON M 7 = DUSTSTORM OR SANDSTORM:
VSBY 1/2 MILE OR LESS
8 = SMOKE OR HAZE
[NO. OF DAYS WITH] [WEATHER - DAYS WITH] 9 = BLOWING SNOW
X = TORNADO
MAX 32 OR BELOW: 0 0.01 INCH OR MORE: 20
MAX 90 OR ABOVE: 0 0.10 INCH OR MORE: 10
MIN 32 OR BELOW: 3 0.50 INCH OR MORE: 4
MIN 0 OR BELOW: 0 1.00 INCH OR MORE: 0
[HDD (BASE 65) ]
TOTAL THIS MO. 569 CLEAR (SCALE 0-3) 2
DPTR FM NORMAL -55 PTCLDY (SCALE 4-7) 14
TOTAL FM JUL 1 2886 CLOUDY (SCALE 8-10) 13
DPTR FM NORMAL -456
[CDD (BASE 65) ]
TOTAL THIS MO. 0
DPTR FM NORMAL 0 [PRESSURE DATA]
TOTAL FM JAN 1 0 HIGHEST SLP 30.34 ON 23
DPTR FM NORMAL 0 LOWEST SLP 29.43 ON 28
[REMARKS]
#FINAL-02-24#