000
CXUS53 KILX 010900
CF6SPI
PRELIMINARY LOCAL CLIMATOLOGICAL DATA (WS FORM: F-6)
STATION: SPRINGFIELD IL
MONTH: MARCH
YEAR: 2021
LATITUDE: 39 50 N
LONGITUDE: 89 41 W
TEMPERATURE IN F: :PCPN: SNOW: WIND :SUNSHINE: SKY :PK WND
================================================================================
1 2 3 4 5 6A 6B 7 8 9 10 11 12 13 14 15 16 17 18
12Z AVG MX 2MIN
DY MAX MIN AVG DEP HDD CDD WTR SNW DPTH SPD SPD DIR MIN PSBL S-S WX SPD DR
================================================================================
1 44 26 35 -1 30 0 0.00 0.0 0 8.6 16 320 M M 1 24 310
2 52 21 37 0 28 0 0.00 0.0 0 9.3 17 190 M M 0 1 24 200
3 65 36 51 14 14 0 0.00 0.0 0 7.6 16 190 M M 0 21 190
4 53 28 41 3 24 0 0.00 0.0 0 10.2 18 50 M M 0 18 24 70
5 51 24 38 0 27 0 0.00 0.0 0 5.9 15 70 M M 1 19 60
6 57 27 42 4 23 0 0.00 0.0 0 3.3 13 250 M M 3 19 240
7 63 28 46 7 19 0 0.00 0.0 0 10.2 18 190 M M 0 24 170
8 69 44 57 18 8 0 0.00 0.0 0 11.4 23 250 M M 0 8 30 260
9 71 46 59 19 6 0 0.00 0.0 0 15.6 26 180 M M 0 38 180
10 71 55 63 23 2 0 0.00 0.0 0 22.6 35 190 M M 5 47 190
11 64 43 54 14 11 0 0.39 0.0 0 8.0 32 280 M M 6 13 44 290
12 56 35 46 5 19 0 0.00 0.0 0 6.4 16 50 M M 3 22 70
13 56 43 50 9 15 0 0.00 0.0 0 8.9 15 100 M M 4 27 100
14 50 40 45 4 20 0 0.02 0.0 0 12.0 26 80 M M 9 40 70
15 45 34 40 -2 25 0 0.62 0.0 0 14.1 32 90 M M 10 1 43 100
16 45 37 41 -1 24 0 T 0.0 0 6.4 15 100 M M 10 1 20 90
17 49 40 45 2 20 0 0.79 0.0 0 13.1 23 30 M M 10 13 32 20
18 43 35 39 -4 26 0 1.46 0.0 0 21.7 32 40 M M 8 1 46 30
19 52 31 42 -1 23 0 0.00 0.0 0 11.9 20 10 M M 0 30 30
20 59 28 44 0 21 0 0.00 0.0 0 7.8 14 110 M M 0 17 120
21 66 34 50 6 15 0 0.00 0.0 0 12.4 26 170 M M 0 35 180
22 67 42 55 11 10 0 0.00 0.0 0 12.1 21 190 M M 0 28 200
23 59 50 55 10 10 0 0.29 0.0 0 15.5 29 160 M M 8 13 41 160
24 59 47 53 8 12 0 0.00 0.0 0 13.5 24 260 M M 7 32 260
25 55 42 49 3 16 0 0.60 0.0 0 8.8 17 360 M M 6 1 24 10
26 56 44 50 4 15 0 T 0.0 0 5.3 13 330 M M 8 1 17 330
27 73 43 58 12 7 0 0.42 0.0 0 11.4 23 320 M M 4 13 33 320
28 52 30 41 -6 24 0 0.00 0.0 0 15.1 30 310 M M 2 44 320
29 66 30 48 1 17 0 0.00 0.0 0 18.3 30 160 M M 0 43 180
30 71 46 59 11 6 0 T 0.0 0 17.1 26 200 M M 4 37 190
31 48 29 39 -9 26 0 0.00 0.0 0 13.8 25 310 M M 1 39 320
================================================================================
SM 1787 1138 543 0 4.59 0.0 358.3 M 110
================================================================================
AV 57.6 36.7 11.6 FASTST M M 4 MAX(MPH)
MISC ----> 35 190 47 190
================================================================================
NOTES:
# LAST OF SEVERAL OCCURRENCES
COLUMN 17 PEAK WIND IN M.P.H.
PRELIMINARY LOCAL CLIMATOLOGICAL DATA (WS FORM: F-6) , PAGE 2
STATION: SPRINGFIELD IL
MONTH: MARCH
YEAR: 2021
LATITUDE: 39 50 N
LONGITUDE: 89 41 W
[TEMPERATURE DATA] [PRECIPITATION DATA] SYMBOLS USED IN COLUMN 16
AVERAGE MONTHLY: 47.2 TOTAL FOR MONTH: 4.59 1 = FOG OR MIST
DPTR FM NORMAL: 5.1 DPTR FM NORMAL: 1.96 2 = FOG REDUCING VISIBILITY
HIGHEST: 73 ON 27 GRTST 24HR 2.07 ON 17-18 TO 1/4 MILE OR LESS
LOWEST: 21 ON 2 3 = THUNDER
SNOW, ICE PELLETS, HAIL 4 = ICE PELLETS
TOTAL MONTH: 0.0 INCH 5 = HAIL
GRTST 24HR 0.0 6 = FREEZING RAIN OR DRIZZLE
GRTST DEPTH: 0 7 = DUSTSTORM OR SANDSTORM:
VSBY 1/2 MILE OR LESS
8 = SMOKE OR HAZE
[NO. OF DAYS WITH] [WEATHER - DAYS WITH] 9 = BLOWING SNOW
X = TORNADO
MAX 32 OR BELOW: 0 0.01 INCH OR MORE: 8
MAX 90 OR ABOVE: 0 0.10 INCH OR MORE: 7
MIN 32 OR BELOW: 11 0.50 INCH OR MORE: 4
MIN 0 OR BELOW: 0 1.00 INCH OR MORE: 1
[HDD (BASE 65) ]
TOTAL THIS MO. 543 CLEAR (SCALE 0-3) 17
DPTR FM NORMAL -168 PTCLDY (SCALE 4-7) 9
TOTAL FM JUL 1 4781 CLOUDY (SCALE 8-10) 5
DPTR FM NORMAL -200
[CDD (BASE 65) ]
TOTAL THIS MO. 0
DPTR FM NORMAL -2 [PRESSURE DATA]
TOTAL FM JAN 1 0 HIGHEST SLP 30.54 ON 20
DPTR FM NORMAL -2 LOWEST SLP 29.58 ON 18
[REMARKS]
#FINAL-03-21#