000
CXUS53 KILX 010900
CF6SPI
PRELIMINARY LOCAL CLIMATOLOGICAL DATA (WS FORM: F-6)
STATION: SPRINGFIELD IL
MONTH: AUGUST
YEAR: 2023
LATITUDE: 39 50 N
LONGITUDE: 89 41 W
TEMPERATURE IN F: :PCPN: SNOW: WIND :SUNSHINE: SKY :PK WND
================================================================================
1 2 3 4 5 6A 6B 7 8 9 10 11 12 13 14 15 16 17 18
12Z AVG MX 2MIN
DY MAX MIN AVG DEP HDD CDD WTR SNW DPTH SPD SPD DIR MIN PSBL S-S WX SPD DR
================================================================================
1 86 64 75 -1 0 10 T 0.0 0 9.3 16 150 M M 1 22 160
2 75 67 71 -5 0 6 0.23 0.0 0 7.6 16 160 M M 9 1 21 160
3 84 69 77 1 0 12 0.00 0.0 0 3.0 10 70 M M 6 18 13 90
4 88 68 78 2 0 13 0.00 0.0 0 6.5 14 110 M M 4 18 20 100
5 79 65 72 -4 0 7 0.53 0.0 0 9.9 22 150 M M 9 138 28 140
6 81 61 71 -5 0 6 0.60 0.0 0 3.8 16 260 M M 4 123 21 260
7 77 66 72 -4 0 7 0.15 0.0 0 6.3 17 20 M M 8 1 26 10
8 83 60 72 -4 0 7 0.00 0.0 0 4.4 15 260 M M 1 18 22 270
9 77 63 70 -6 0 5 3.64 0.0 0 3.5 15 360 M M 4 1238 19 360
10 83 63 73 -3 0 8 T 0.0 0 2.2 8 280 M M 4 12 13 270
11 88 66 77 1 0 12 1.00 0.0 0 6.9 28 350 M M 1 13 40 350
12 86 63 75 0 0 10 T 0.0 0 6.9 20 260 M M 1 3 28 250
13 81 60 71 -4 0 6 0.02 0.0 0 4.2 12 130 M M 4 18 17 180
14 80 64 72 -3 0 7 T 0.0 0 8.7 20 270 M M 7 1 28 280
15 78 57 68 -7 0 3 0.00 0.0 0 7.4 16 330 M M 4 18 24 340
16 80 53 67 -8 0 2 0.00 0.0 0 4.8 14 190 M M 0 12 18 190
17 81 59 70 -5 0 5 0.06 0.0 0 9.7 20 310 M M 2 13 30 310
18 81 52 67 -8 0 2 0.00 0.0 0 3.7 10 120 M M 0 18 14 120
19 84 61 73 -2 0 8 0.00 0.0 0 10.9 21 160 M M 0 28 160
20 92 72 82 7 0 17 0.00 0.0 0 7.0 13 40 M M 2 1 16 30
21 91 77 84 10 0 19 0.00 0.0 0 6.9 13 20 M M 9 18 17 40
22 94 72 83 9 0 18 0.00 0.0 0 4.1 9 70 M M 2 18 12 60
23 95 77 86 12 0 21 0.00 0.0 0 7.3 14 250 M M 0 18 21 240
24 97 76 87 13 0 22 0.00 0.0 0 7.7 17 250 M M 0 18 24 260
25 99 73 86 12 0 21 0.02 0.0 0 3.9 25 360 M M 1 138 38 360
26 85 67 76 2 0 11 T 0.0 0 8.5 20 50 M M 5 3 25 50
27 80 60 70 -4 0 5 0.00 0.0 0 7.5 12 50 M M 6 16 40
28 81 54 68 -5 0 3 0.00 0.0 0 3.2 10 10 M M 0 18 17 80
29 85 53 69 -4 0 4 0.00 0.0 0 3.9 17 280 M M 2 128 23 280
30 77 56 67 -6 0 2 0.00 0.0 0 8.1 17 360 M M 2 18 24 40
31 79 47 63 -10 2 0 0.00 0.0 0 5.4 13 50 M M 0 17 70
================================================================================
SM 2607 1965 2 279 6.25 0.0 193.2 M 98
================================================================================
AV 84.1 63.4 6.2 FASTST M M 3 MAX(MPH)
MISC ----> 28 350 40 350
================================================================================
NOTES:
# LAST OF SEVERAL OCCURRENCES
COLUMN 17 PEAK WIND IN M.P.H.
PRELIMINARY LOCAL CLIMATOLOGICAL DATA (WS FORM: F-6) , PAGE 2
STATION: SPRINGFIELD IL
MONTH: AUGUST
YEAR: 2023
LATITUDE: 39 50 N
LONGITUDE: 89 41 W
[TEMPERATURE DATA] [PRECIPITATION DATA] SYMBOLS USED IN COLUMN 16
AVERAGE MONTHLY: 73.7 TOTAL FOR MONTH: 6.25 1 = FOG OR MIST
DPTR FM NORMAL: -1.2 DPTR FM NORMAL: 2.88 2 = FOG REDUCING VISIBILITY
HIGHEST: 99 ON 25 GRTST 24HR 3.64 ON 9- 9 TO 1/4 MILE OR LESS
LOWEST: 47 ON 31 3 = THUNDER
SNOW, ICE PELLETS, HAIL 4 = ICE PELLETS
TOTAL MONTH: 0.0 INCH 5 = HAIL
GRTST 24HR 0.0 6 = FREEZING RAIN OR DRIZZLE
GRTST DEPTH: 0 7 = DUSTSTORM OR SANDSTORM:
VSBY 1/2 MILE OR LESS
8 = SMOKE OR HAZE
[NO. OF DAYS WITH] [WEATHER - DAYS WITH] 9 = BLOWING SNOW
X = TORNADO
MAX 32 OR BELOW: 0 0.01 INCH OR MORE: 9
MAX 90 OR ABOVE: 6 0.10 INCH OR MORE: 6
MIN 32 OR BELOW: 0 0.50 INCH OR MORE: 4
MIN 0 OR BELOW: 0 1.00 INCH OR MORE: 2
[HDD (BASE 65) ]
TOTAL THIS MO. 2 CLEAR (SCALE 0-3) 17
DPTR FM NORMAL -1 PTCLDY (SCALE 4-7) 11
TOTAL FM JUL 1 2 CLOUDY (SCALE 8-10) 3
DPTR FM NORMAL 1
[CDD (BASE 65) ]
TOTAL THIS MO. 279
DPTR FM NORMAL -29 [PRESSURE DATA]
TOTAL FM JAN 1 956 HIGHEST SLP 30.19 ON 1
DPTR FM NORMAL -113 LOWEST SLP 29.70 ON 7
[REMARKS]
#FINAL-08-23#