000
CXUS54 KOUN 011205
CF6SPS
PRELIMINARY LOCAL CLIMATOLOGICAL DATA (WS FORM: F-6)
STATION: WICHITA FALLS
MONTH: AUGUST
YEAR: 2023
LATITUDE: 33 58 N
LONGITUDE: 98 29 W
TEMPERATURE IN F: :PCPN: SNOW: WIND :SUNSHINE: SKY :PK WND
================================================================================
1 2 3 4 5 6A 6B 7 8 9 10 11 12 13 14 15 16 17 18
12Z AVG MX 2MIN
DY MAX MIN AVG DEP HDD CDD WTR SNW DPTH SPD SPD DIR MIN PSBL S-S WX SPD DR
================================================================================
1 109 78 94 8 0 29 0.00 0.0 0 10.8 21 160 M M 0 26 160
2 108 77 93 7 0 28 0.00 0.0 0 11.9 21 190 M M 2 27 200
3 108 84 96 10 0 31 0.00 0.0 0 13.8 26 220 M M 1 33 220
4 108 81 95 9 0 30 0.00 0.0 0 11.3 21 210 M M 1 25 200
5 106 83 95 9 0 30 0.00 0.0 0 15.2 28 90 M M 0 38 80
6 108 81 95 9 0 30 T 0.0 0 12.0 26 340 M M 1 32 340
7 102 77 90 4 0 25 0.01 0.0 0 13.4 31 40 M M 1 3 36 50
8 103 75 89 4 0 24 T 0.0 0 14.1 33 10 M M 4 41 20
9 113 81 97 12 0 32 T 0.0 0 17.4 28 340 M M 3 3 37 260
10 105 72 89 4 0 24 0.03 0.0 0 8.3 46 200 M M 2 3 62 210
11 112 74 93 8 0 28 0.00 0.0 0 11.9 25 170 M M 2 31 190
12 111 82 97 12 0 32 T 0.0 0 17.6 36 10 M M 0 3 42 10
13 109 75 92 7 0 27 0.00 0.0 0 12.0 26 220 M M 0 30 230
14 92 73 83 -2 0 18 0.00 0.0 0 14.2 26 10 M M 2 34 40
15 97 68 83 -2 0 18 0.00 0.0 0 7.5 18 50 M M 2 26 20
16 101 65 83 -1 0 18 0.00 0.0 0 8.3 18 140 M M 0 23 140
17 113 73 93 9 0 28 0.00 0.0 0 10.5 20 50 M M 0 27 50
18 111 72 92 8 0 27 0.00 0.0 0 7.1 15 210 M M 0 20 290
19 109 83 96 12 0 31 0.00 0.0 0 10.8 17 170 M M 0 24 210
20 110 79 95 11 0 30 0.00 0.0 0 6.4 20 120 M M 0 28 150
21 109 75 92 8 0 27 0.00 0.0 0 9.4 25 90 M M 1 33 100
22 107 78 93 10 0 28 0.00 0.0 0 7.9 21 90 M M 2 30 120
23 106 77 92 9 0 27 0.00 0.0 0 6.8 18 150 M M 2 26 140
24 106 78 92 9 0 27 0.00 0.0 0 7.9 16 250 M M 2 24 250
25 109 79 94 11 0 29 0.00 0.0 0 6.5 14 170 M M 2 20 180
26 109 79 94 12 0 29 0.06 0.0 0 6.5 41 350 M M 1 3 63 350
27 96 77 87 5 0 22 0.00 0.0 0 11.4 21 10 M M 1 25 20
28 96 68 82 0 0 17 0.00 0.0 0 10.2 22 20 M M 0 33 40
29 98 66 82 0 0 17 0.00 0.0 0 7.9 17 20 M M 2 24 20
30 101 69 85 4 0 20 0.00 0.0 0 6.6 16 40 M M 1 23 40
31 100 66 83 2 0 18 0.00 0.0 0 6.7 16 70 M M 0 20 80
================================================================================
SM 3272 2345 0 801 0.10 0.0 322.3 M 35
================================================================================
AV105.5 75.6 10.4 FASTST M M 1 MAX(MPH)
MISC ----> 46 200 63 350
================================================================================
NOTES:
# LAST OF SEVERAL OCCURRENCES
COLUMN 17 PEAK WIND IN M.P.H.
PRELIMINARY LOCAL CLIMATOLOGICAL DATA (WS FORM: F-6) , PAGE 2
STATION: WICHITA FALLS
MONTH: AUGUST
YEAR: 2023
LATITUDE: 33 58 N
LONGITUDE: 98 29 W
[TEMPERATURE DATA] [PRECIPITATION DATA] SYMBOLS USED IN COLUMN 16
AVERAGE MONTHLY: 90.6 TOTAL FOR MONTH: 0.10 1 = FOG OR MIST
DPTR FM NORMAL: 6.5 DPTR FM NORMAL: -2.43 2 = FOG REDUCING VISIBILITY
HIGHEST: 113 ON 17, 9 GRTST 24HR 0.06 ON 26-26 TO 1/4 MILE OR LESS
LOWEST: 65 ON 16 3 = THUNDER
SNOW, ICE PELLETS, HAIL 4 = ICE PELLETS
TOTAL MONTH: 0.0 INCH 5 = HAIL
GRTST 24HR 0.0 6 = FREEZING RAIN OR DRIZZLE
GRTST DEPTH: 0 7 = DUSTSTORM OR SANDSTORM:
VSBY 1/2 MILE OR LESS
8 = SMOKE OR HAZE
[NO. OF DAYS WITH] [WEATHER - DAYS WITH] 9 = BLOWING SNOW
X = TORNADO
MAX 32 OR BELOW: 0 0.01 INCH OR MORE: 3
MAX 90 OR ABOVE: 31 0.10 INCH OR MORE: 0
MIN 32 OR BELOW: 0 0.50 INCH OR MORE: 0
MIN 0 OR BELOW: 0 1.00 INCH OR MORE: 0
[HDD (BASE 65) ]
TOTAL THIS MO. 0 CLEAR (SCALE 0-3) 29
DPTR FM NORMAL 0 PTCLDY (SCALE 4-7) 2
TOTAL FM JUL 1 0 CLOUDY (SCALE 8-10) 0
DPTR FM NORMAL 0
[CDD (BASE 65) ]
TOTAL THIS MO. 801
DPTR FM NORMAL 211 [PRESSURE DATA]
TOTAL FM JAN 1 2319 HIGHEST SLP 30.18 ON 15
DPTR FM NORMAL 331 LOWEST SLP 29.58 ON 9
[REMARKS]
#FINAL-08-23#