000
CXUS54 KOUN 011508
CLMSPS
CLIMATE REPORT
NATIONAL WEATHER SERVICE NORMAN OK
908 AM CST FRI DEC 01 2023
...................................
...THE WICHITA FALLS CLIMATE SUMMARY FOR THE MONTH OF NOVEMBER 2023...
CLIMATE NORMAL PERIOD 1991 TO 2020
CLIMATE RECORD PERIOD 1897 TO 2023
WEATHER OBSERVED NORMAL DEPART LAST YEAR`S
VALUE DATE(S) VALUE FROM VALUE
NORMAL
..............................................................
TEMPERATURE (F)
RECORD
HIGH 91 11/08/2023
11/08/2023
LOW 14 11/24/1950
HIGHEST 91R 83 8 82
LOWEST 24 25 -1 25
AVG. MAXIMUM 68.0 65.2 2.8 62.4
AVG. MINIMUM 42.0 40.2 1.8 39.7
MEAN 55.0 52.7 2.3 51.0
DAYS MAX >= 90 2 0.1 1.9 0
DAYS MAX <= 32 0 0.1 -0.1 0
DAYS MIN <= 32 5 5.7 -0.7 12
DAYS MIN <= 0 0 0.0 0.0 0
PRECIPITATION (INCHES)
RECORD
MAXIMUM 7.39 1902
MINIMUM 0.00 2005
TOTALS 0.29 1.63 -1.34 1.66
DAILY AVG. 0.01 0.05 -0.04 0.06
DAYS >= .01 3 5.2 -2.2 4
DAYS >= .10 2 2.9 -0.9 2
DAYS >= .50 0 1.1 -1.1 1
DAYS >= 1.00 0 0.4 -0.4 1
GREATEST
24 HR. TOTAL 0.13 11/09 TO 11/09
SNOWFALL (INCHES)
TOTALS 0.0 0.3 -0.3
SINCE 7/1 0.0 0.3 -0.3
DEGREE DAYS
HEATING TOTAL 323 381 -58
SINCE 7/1 452 507 -55
COOLING TOTAL 28 12 16
SINCE 1/1 3067 2445 622
..............................................................
WIND (MPH)
AVERAGE WIND SPEED 9.5
HIGHEST WIND SPEED/DIRECTION 29/020 DATE 11/08
29/360 11/20
29/360 11/21
HIGHEST GUST SPEED/DIRECTION 39/360 DATE 11/20
WEATHER CONDITIONS. NUMBER OF DAYS WITH
THUNDERSTORM 2 MIXED PRECIP 0
HEAVY RAIN 0 RAIN 0
LIGHT RAIN 5 FREEZING RAIN 0
LT FREEZING RAIN 0 HAIL 0
HEAVY SNOW 0 SNOW 0
LIGHT SNOW 0 SLEET 0
FOG 9 FOG W/VIS <= 1/4 MILE 1
HAZE 0
- INDICATES NEGATIVE NUMBERS.
R INDICATES RECORD WAS SET OR TIED.
MM INDICATES DATA IS MISSING.
T INDICATES TRACE AMOUNT.
$$
....................................................................
RECORDS/REMARKS
NEW RECORD HIGH TEMPERATURE OF 91 DEGREES ON NOV. 8TH
NEW RECORD HIGH TEMPERATURE OF 90 DEGREES ON NOV. 7TH
TIED RECORD HIGH TEMPERATURE OF 88 DEGREES ON NOV. 6TH
JANUARY-NOVEMBER 2023 PRECIPITATION TOTAL IS 20.37 INCHES