000
CXUS54 KLZK 011330
CF6SRC
PRELIMINARY LOCAL CLIMATOLOGICAL DATA (WS FORM: F-6)
STATION: SEARCY AIRPORT
MONTH: JANUARY
YEAR: 2023
LATITUDE: 35 12 N
LONGITUDE: 91 44 W
TEMPERATURE IN F: :PCPN: SNOW: WIND :SUNSHINE: SKY :PK WND
================================================================================
1 2 3 4 5 6A 6B 7 8 9 10 11 12 13 14 15 16 17 18
12Z AVG MX 2MIN
DY MAX MIN AVG DEP HDD CDD WTR SNW DPTH SPD SPD DIR MIN PSBL S-S WX SPD DR
================================================================================
1 71 45 58 20 7 0 T M M 5.4 14 160 M M 7 12 M M
2 70 62 66 28 0 1 0.71 M M 7.6 20 160 M M 10 13 40 170
3 71 55 63 25 2 0 0.63 M M 7.7 20 180 M M 5 13 24 160
4 54 36 45 7 20 0 0.00 M M 5.6 10 280 M M 0 17 280
5 55 34 45 7 20 0 0.00 M M 7.0 16 230 M M 0 24 230
6 58 26 42 4 23 0 0.00 M M 3.2 9 150 M M 0 M M
7 56 47 52 14 13 0 T M M 3.9 9 20 M M 10 1 M M
8 57 32 45 7 20 0 T M M 3.7 8 330 M M 4 12 M M
9 57 28 43 5 22 0 0.00 M M 3.9 10 150 M M 0 1 M M
10 63 32 48 10 17 0 0.00 M M 4.0 15 170 M M 3 12 22 170
11 73 55 64 26 1 0 T M M 7.0 15 190 M M 5 1 21 190
12 68 40 54 16 11 0 T M M 10.5 16 330 M M 8 1 25 320
13 43 27 35 -3 30 0 0.00 M M 8.1 13 20 M M 7 21 350
14 46 20 33 -5 32 0 0.00 M M 2.9 9 150 M M 0 M M
15 58 25 42 4 23 0 0.00 M M 7.9 18 160 M M 5 1 23 160
16 66 52 59 21 6 0 T M M 8.5 14 160 M M 8 12 20 180
17 70 53 62 24 3 0 0.00 M M 3.3 7 20 M M 5 12 M M
18 65 48 57 19 8 0 1.02 M M 6.2 15 180 M M 8 1 27 270
19 54 35 45 7 20 0 0.01 M M 9.3 18 260 M M 2 30 260
20 56 29 43 5 22 0 0.00 M M 2.4 9 360 M M 0 1 M M
21 51 28 40 2 25 0 0.09 M M 5.2 13 70 M M 6 1 M M
22 46 39 43 5 22 0 0.12 M M 3.1 7 320 M M 10 1 M M
23 51 28 40 2 25 0 0.00 M M 2.8 9 10 M M 1 1 M M
24 42 27 35 -3 30 0 0.98 M M 7.2 18 60 M M 5 1 25 40
25 43 34 39 1 26 0 0.08 M M 7.4 14 300 M M 10 1 18 300
26 45 27 36 -2 29 0 0.00 M M 6.4 14 310 M M 4 17 280
27 60 26 43 5 22 0 0.00 M M 6.2 14 210 M M 1 25 230
28 51 32 42 3 23 0 0.89 M M 5.9 15 190 M M 7 1 22 190
29 58 40 49 10 16 0 0.77 M M 6.1 15 60 M M 9 12 18 40
30 40 30 35 -4 30 0 0.45 M M 9.0 13 30 M M 10 1 M M
31 30 24 27 -12 38 0 0.28 M M 9.9 15 20 M M 10 13 18 10
================================================================================
SM 1728 1116 586 1 6.03 M 187.1 M 160
================================================================================
AV 55.7 36.0 6.0 FASTST M M 5 MAX(MPH)
MISC ----> # 20 160 40 170
================================================================================
NOTES:
# LAST OF SEVERAL OCCURRENCES
COLUMN 17 PEAK WIND IN M.P.H.
PRELIMINARY LOCAL CLIMATOLOGICAL DATA (WS FORM: F-6) , PAGE 2
STATION: SEARCY AIRPORT
MONTH: JANUARY
YEAR: 2023
LATITUDE: 35 12 N
LONGITUDE: 91 44 W
[TEMPERATURE DATA] [PRECIPITATION DATA] SYMBOLS USED IN COLUMN 16
AVERAGE MONTHLY: 45.9 TOTAL FOR MONTH: 6.03 1 = FOG OR MIST
DPTR FM NORMAL: 7.9 DPTR FM NORMAL: 2.46 2 = FOG REDUCING VISIBILITY
HIGHEST: 73 ON 11 GRTST 24HR 1.19 ON 24-25 TO 1/4 MILE OR LESS
LOWEST: 20 ON 14 3 = THUNDER
SNOW, ICE PELLETS, HAIL 4 = ICE PELLETS
TOTAL MONTH: M 5 = HAIL
GRTST 24HR M ON M 6 = FREEZING RAIN OR DRIZZLE
GRTST DEPTH: M ON M 7 = DUSTSTORM OR SANDSTORM:
VSBY 1/2 MILE OR LESS
8 = SMOKE OR HAZE
[NO. OF DAYS WITH] [WEATHER - DAYS WITH] 9 = BLOWING SNOW
X = TORNADO
MAX 32 OR BELOW: 1 0.01 INCH OR MORE: 12
MAX 90 OR ABOVE: 0 0.10 INCH OR MORE: 9
MIN 32 OR BELOW: 16 0.50 INCH OR MORE: 6
MIN 0 OR BELOW: 0 1.00 INCH OR MORE: 1
[HDD (BASE 65) ]
TOTAL THIS MO. 586 CLEAR (SCALE 0-3) 10
DPTR FM NORMAL -250 PTCLDY (SCALE 4-7) 13
TOTAL FM JUL 1 1899 CLOUDY (SCALE 8-10) 8
DPTR FM NORMAL -342
[CDD (BASE 65) ]
TOTAL THIS MO. 1
DPTR FM NORMAL 1 [PRESSURE DATA]
TOTAL FM JAN 1 1 HIGHEST SLP 30.43 ON 14
DPTR FM NORMAL 1 LOWEST SLP 29.60 ON 18
[REMARKS]
#FINAL-01-23#