000
CXUS52 KTBW 021530
CF6SRQ
PRELIMINARY LOCAL CLIMATOLOGICAL DATA (WS FORM: F-6)
STATION: SARASOTA BRADENTON
MONTH: MARCH
YEAR: 2021
LATITUDE: 27 23 N
LONGITUDE: 82 33 W
TEMPERATURE IN F: :PCPN: SNOW: WIND :SUNSHINE: SKY :PK WND
================================================================================
1 2 3 4 5 6A 6B 7 8 9 10 11 12 13 14 15 16 17 18
12Z AVG MX 2MIN
DY MAX MIN AVG DEP HDD CDD WTR SNW DPTH SPD SPD DIR MIN PSBL S-S WX SPD DR
================================================================================
1 81 66 74 9 0 9 0.00 0.0 0 7.8 20 190 M M 0 1 24 190
2 80 69 75 10 0 10 T 0.0 0 7.3 15 230 M M 5 1 20 240
3 74 60 67 2 0 2 0.06 0.0 0 14.0 28 270 M M 9 1 36 270
4 72 59 66 1 0 1 0.00 0.0 0 8.6 18 320 M M 5 24 330
5 77 53 65 0 0 0 0.00 0.0 0 5.7 15 300 M M 0 17 300
6 67 56 62 -3 3 0 0.32 0.0 0 8.5 16 40 M M 6 1 21 30
7 72 52 62 -3 3 0 0.00 0.0 0 12.3 20 360 M M 2 24 10
8 72 47 60 -6 5 0 0.00 0.0 0 11.0 22 80 M M 0 28 80
9 78 53 66 0 0 1 0.00 0.0 0 10.8 20 90 M M 2 26 110
10 80 55 68 2 0 3 0.00 0.0 0 9.8 22 110 M M 3 27 110
11 83 58 71 5 0 6 0.00 0.0 0 10.5 21 120 M M 1 25 70
12 83 58 71 5 0 6 0.00 0.0 0 7.6 17 300 M M 0 21 310
13 82 58 70 4 0 5 0.00 0.0 0 6.1 18 280 M M 0 21 290
14 77 59 68 2 0 3 0.00 0.0 0 4.5 18 260 M M 0 29 320
15 80 59 70 4 0 5 0.00 0.0 0 5.5 14 210 M M 1 20 210
16 81 63 72 5 0 7 0.00 0.0 0 10.6 22 200 M M 1 28 210
17 82 63 73 6 0 8 0.00 0.0 0 10.9 24 190 M M 0 30 180
18 81 69 75 8 0 10 1.10 0.0 0 13.8 24 190 M M 4 13 32 210
19 71 59 65 -2 0 0 0.00 0.0 0 13.1 22 320 M M 5 27 310
20 72 55 64 -3 1 0 0.00 0.0 0 7.2 16 30 M M 7 21 40
21 66 53 60 -7 5 0 0.00 0.0 0 8.4 20 340 M M 9 28 300
22 68 59 64 -3 1 0 T 0.0 0 5.2 12 50 M M 9 1 15 30
23 72 57 65 -3 0 0 0.00 0.0 0 5.9 13 280 M M 3 1 21 260
24 78 56 67 -1 0 2 0.00 0.0 0 3.9 10 210 M M 0 1 17 220
25 85 63 74 6 0 9 0.00 0.0 0 12.5 25 190 M M 0 1 31 190
26 84 67 76 8 0 11 0.00 0.0 0 8.5 23 190 M M 1 27 190
27 86 68 77 9 0 12 0.00 0.0 0 6.9 15 120 M M 1 19 120
28 83 66 75 7 0 10 0.00 0.0 0 9.3 23 190 M M 1 29 180
29 82 69 76 8 0 11 T 0.0 0 5.9 13 280 M M 6 1 17 280
30 85 72 79 10 0 14 0.25 0.0 0 8.2 16 120 M M 5 1 21 120
31 83 69 76 7 0 11 0.11 0.0 0 8.3 15 230 M M 4 1 19 210
================================================================================
SM 2417 1870 18 156 1.84 0.0 268.6 M 90
================================================================================
AV 78.0 60.3 8.7 FASTST M M 3 MAX(MPH)
MISC ----> 28 270 36 270
================================================================================
NOTES:
# LAST OF SEVERAL OCCURRENCES
COLUMN 17 PEAK WIND IN M.P.H.
PRELIMINARY LOCAL CLIMATOLOGICAL DATA (WS FORM: F-6) , PAGE 2
STATION: SARASOTA BRADENTON
MONTH: MARCH
YEAR: 2021
LATITUDE: 27 23 N
LONGITUDE: 82 33 W
[TEMPERATURE DATA] [PRECIPITATION DATA] SYMBOLS USED IN COLUMN 16
AVERAGE MONTHLY: 69.1 TOTAL FOR MONTH: 1.84 1 = FOG OR MIST
DPTR FM NORMAL: 2.5 DPTR FM NORMAL: -2.02 2 = FOG REDUCING VISIBILITY
HIGHEST: 86 ON 27 GRTST 24HR 1.10 ON 18-18 TO 1/4 MILE OR LESS
LOWEST: 47 ON 8 3 = THUNDER
SNOW, ICE PELLETS, HAIL 4 = ICE PELLETS
TOTAL MONTH: 0.0 INCH 5 = HAIL
GRTST 24HR 0.0 6 = FREEZING RAIN OR DRIZZLE
GRTST DEPTH: 0 7 = DUSTSTORM OR SANDSTORM:
VSBY 1/2 MILE OR LESS
8 = SMOKE OR HAZE
[NO. OF DAYS WITH] [WEATHER - DAYS WITH] 9 = BLOWING SNOW
X = TORNADO
MAX 32 OR BELOW: 0 0.01 INCH OR MORE: 5
MAX 90 OR ABOVE: 0 0.10 INCH OR MORE: 4
MIN 32 OR BELOW: 0 0.50 INCH OR MORE: 1
MIN 0 OR BELOW: 0 1.00 INCH OR MORE: 1
[HDD (BASE 65) ]
TOTAL THIS MO. 18 CLEAR (SCALE 0-3) 18
DPTR FM NORMAL -31 PTCLDY (SCALE 4-7) 10
TOTAL FM JUL 1 288 CLOUDY (SCALE 8-10) 3
DPTR FM NORMAL -180
[CDD (BASE 65) ]
TOTAL THIS MO. 156
DPTR FM NORMAL 56 [PRESSURE DATA]
TOTAL FM JAN 1 336 HIGHEST SLP 30.47 ON 9
DPTR FM NORMAL 132 LOWEST SLP 29.86 ON 3
[REMARKS]
#FINAL-03-21#