000
CXUS52 KTBW 071552
CF6SRQ
PRELIMINARY LOCAL CLIMATOLOGICAL DATA (WS FORM: F-6)
STATION: Sarasota Bradenton
MONTH: MARCH
YEAR: 2020
LATITUDE: 27 23 N
LONGITUDE: 82 33 W
TEMPERATURE IN F: :PCPN: SNOW: WIND :SUNSHINE: SKY :PK WND
================================================================================
1 2 3 4 5 6A 6B 7 8 9 10 11 12 13 14 15 16 17 18
12Z AVG MX 2MIN
DY MAX MIN AVG DEP HDD CDD WTR SNW DPTH SPD SPD DIR MIN PSBL S-S WX SPD DR
================================================================================
1 74 44 59 -6 6 0 0.00 0.0 0 5.8 18 110 M M 0 25 110
2 79 55 67 2 0 2 0.00 0.0 0 11.5 22 180 M M 3 27 180
3 80 61 71 6 0 6 0.00 0.0 0 11.8 23 180 M M 0 28 180
4 81 65 73 8 0 8 0.00 0.0 0 13.3 24 190 M M 0 30 180
5 82 72 77 12 0 12 T 0.0 0 14.7 23 190 M M 4 1 29 180
6 75 61 68 3 0 3 T 0.0 0 13.3 21 320 M M 4 27 320
7 71 52 62 -3 3 0 0.00 0.0 0 12.1 20 80 M M 0 26 30
8 77 51 64 -2 1 0 0.00 0.0 0 11.9 24 110 M M 2 32 80
9 82 57 70 4 0 5 0.00 0.0 0 11.9 24 110 M M 6 30 120
10 83 64 74 8 0 9 T 0.0 0 8.1 18 140 M M 4 8 23 110
11 79 62 71 5 0 6 0.00 0.0 0 5.9 15 300 M M 2 18 280
12 83 60 72 6 0 7 0.00 0.0 0 4.6 15 290 M M 2 8 19 260
13 79 62 71 5 0 6 0.00 0.0 0 5.8 15 240 M M 2 17 240
14 86 63 75 9 0 10 0.00 0.0 0 6.5 15 300 M M 2 23 90
15 81 67 74 8 0 9 0.00 0.0 0 7.9 14 290 M M 1 18 270
16 88 66 77 10 0 12 0.00 0.0 0 8.1 15 120 M M 2 21 100
17 84 66 75 8 0 10 0.00 0.0 0 6.7 14 270 M M 2 17 120
18 87 67 77 10 0 12 0.00 0.0 0 7.8 16 110 M M 1 26 160
19 88 64 76 9 0 11 0.00 0.0 0 8.1 18 140 M M 2 24 140
20 83 67 75 8 0 10 0.00 0.0 0 6.9 17 120 M M 1 21 130
21 83 67 75 8 0 10 0.00 0.0 0 6.6 14 280 M M 2 17 270
22 82 68 75 8 0 10 0.00 0.0 0 8.0 16 210 M M 1 22 220
23 83 65 74 6 0 9 0.00 0.0 0 5.5 13 230 M M 1 1 16 230
24 82 67 75 7 0 10 0.00 0.0 0 8.3 16 220 M M 2 1 20 230
25 83 74 79 11 0 14 0.00 0.0 0 10.5 17 210 M M 4 22 210
26 86 71 79 11 0 14 0.00 0.0 0 7.9 16 290 M M 2 20 280
27 87 67 77 9 0 12 0.00 0.0 0 5.4 13 280 M M 2 12 16 250
28 87 68 78 10 0 13 0.00 0.0 0 6.6 15 220 M M 0 1 21 220
29 87 69 78 10 0 13 0.00 0.0 0 7.0 18 200 M M 3 22 220
30 85 69 77 8 0 12 0.00 0.0 0 5.2 14 270 M M 3 17 280
31 85 72 79 10 0 14 1.14 0.0 0 12.7 38 310 M M 6 13 48 310
================================================================================
SM 2552 1983 10 269 1.14 0.0 266.4 M 66
================================================================================
AV 82.3 64.0 8.6 FASTST M M 2 MAX(MPH)
MISC ----> # 38 310 # 48 310
================================================================================
NOTES:
# LAST OF SEVERAL OCCURRENCES
COLUMN 17 PEAK WIND IN M.P.H.
PRELIMINARY LOCAL CLIMATOLOGICAL DATA (WS FORM: F-6) , PAGE 2
STATION: Sarasota Bradenton
MONTH: MARCH
YEAR: 2020
LATITUDE: 27 23 N
LONGITUDE: 82 33 W
[TEMPERATURE DATA] [PRECIPITATION DATA] SYMBOLS USED IN COLUMN 16
AVERAGE MONTHLY: 73.2 TOTAL FOR MONTH: 1.14 1 = FOG OR MIST
DPTR FM NORMAL: 6.5 DPTR FM NORMAL: -2.72 2 = FOG REDUCING VISIBILITY
HIGHEST: 88 ON 19,16 GRTST 24HR 1.14 ON 31-31 TO 1/4 MILE OR LESS
LOWEST: 44 ON 1 3 = THUNDER
SNOW, ICE PELLETS, HAIL 4 = ICE PELLETS
TOTAL MONTH: 0.0 INCH 5 = HAIL
GRTST 24HR 0.0 6 = FREEZING RAIN OR DRIZZLE
GRTST DEPTH: 0 7 = DUSTSTORM OR SANDSTORM:
VSBY 1/2 MILE OR LESS
8 = SMOKE OR HAZE
[NO. OF DAYS WITH] [WEATHER - DAYS WITH] 9 = BLOWING SNOW
X = TORNADO
MAX 32 OR BELOW: 0 0.01 INCH OR MORE: 1
MAX 90 OR ABOVE: 0 0.10 INCH OR MORE: 1
MIN 32 OR BELOW: 0 0.50 INCH OR MORE: 1
MIN 0 OR BELOW: 0 1.00 INCH OR MORE: 1
[HDD (BASE 65) ]
TOTAL THIS MO. 10 CLEAR (SCALE 0-3) 25
DPTR FM NORMAL -39 PTCLDY (SCALE 4-7) 6
TOTAL FM JUL 1 201 CLOUDY (SCALE 8-10) 0
DPTR FM NORMAL -266
[CDD (BASE 65) ]
TOTAL THIS MO. 269
DPTR FM NORMAL 169 [PRESSURE DATA]
TOTAL FM JAN 1 527 HIGHEST SLP 30.47 ON 9
DPTR FM NORMAL 323 LOWEST SLP 29.74 ON 31
[REMARKS]
#FINAL-03-20#