000
CXUS52 KTBW 020315
CLMSRQ
CLIMATE REPORT
NATIONAL WEATHER SERVICE TAMPA BAY FL
1210 AM EDT WED AUG 02 2023
...................................
...THE SARASOTA BRADENTON CLIMATE SUMMARY FOR THE MONTH OF JULY 2023...
CLIMATE NORMAL PERIOD: 1991 TO 2020
CLIMATE RECORD PERIOD: 1911 TO 2023
WEATHER OBSERVED NORMAL DEPART LAST YEAR`S
VALUE DATE(S) VALUE FROM VALUE DATE(S)
NORMAL
................................................................
TEMPERATURE (F)
ALL-TIME JULY RECORD
HIGH 101 07/23/1971
LOW 62 07/06/1947
JULY 2023
HIGHEST 99 07/05 MM MM 96 07/29
LOWEST 75 07/01 MM MM 71 07/26
AVG. MAXIMUM 93.6 91.1 2.5 91.5
AVG. MINIMUM 78.8 75.2 3.6 75.5
MEAN 86.2 83.1 3.1 83.5
DAYS MAX >= 90 31 19.7 11.3 29
DAYS MAX <= 32 0 0.0 0.0 0
DAYS MIN <= 32 0 0.0 0.0 0
DAYS MIN <= 0 0 0.0 0.0 0
PRECIPITATION (INCHES)
ALL-TIME JULY RECORD
MAXIMUM 20.60 1921
MINIMUM 0.93 1970
JULY 2023
TOTALS 1.10 7.39 -6.29 5.80
DAILY AVG. 0.04 0.24 -0.20 0.19
DAYS >= .01 11 15.6 -4.6 14
DAYS >= .10 4 10.7 -6.7 8
DAYS >= .50 0 5.2 -5.2 3
DAYS >= 1.00 0 2.3 -2.3 2
GREATEST
24 HR. TOTAL 0.38 07/18 TO 07/18
DEGREE DAYS
HEATING TOTAL 0 0 0 0
SINCE 7/1 0 0 0 MM
COOLING TOTAL 663 563 100 581
SINCE 1/1 2437 1973 464 MM
................................................................
WIND (MPH)
AVERAGE WIND SPEED 7.0
HIGHEST WIND SPEED/DIRECTION 28/340 DATE 07/10
HIGHEST GUST SPEED/DIRECTION 44/350 DATE 07/10
SKY COVER (DOES NOT INCLUDE ANY CLOUDS ABOVE 12000 FEET)
POSSIBLE SUNSHINE (PERCENT) MM
AVERAGE SKY COVER 0.11
NUMBER OF DAYS FAIR 31
NUMBER OF DAYS PC 0
NUMBER OF DAYS CLOUDY 0
AVERAGE RH (PERCENT) 70
WEATHER CONDITIONS. NUMBER OF DAYS WITH
THUNDERSTORM 18 MIXED PRECIP 0
HEAVY RAIN 4 RAIN 6
LIGHT RAIN 13 FREEZING RAIN 0
LT FREEZING RAIN 0 HAIL 0
HEAVY SNOW 0 SNOW 0
LIGHT SNOW 0 SLEET 0
FOG 2 FOG W/VIS <= 1/4 MILE 0
HAZE 0
- INDICATES NEGATIVE NUMBERS.
R INDICATES RECORD WAS SET OR TIED.
MM INDICATES DATA IS MISSING.
T INDICATES TRACE AMOUNT.
$$