000
CXUS54 KEPZ 011030
CF6SRR
PRELIMINARY LOCAL CLIMATOLOGICAL DATA (WS FORM: F-6)
STATION: RUIDOSO AWOS
MONTH: JULY
YEAR: 2023
LATITUDE: 33 28 N
LONGITUDE: 105 32 W
TEMPERATURE IN F: :PCPN: SNOW: WIND :SUNSHINE: SKY :PK WND
================================================================================
1 2 3 4 5 6A 6B 7 8 9 10 11 12 13 14 15 16 17 18
12Z AVG MX 2MIN
DY MAX MIN AVG DEP HDD CDD WTR SNW DPTH SPD SPD DIR MIN PSBL S-S WX SPD DR
================================================================================
1 82 55 69 M 0 4 0.00 M M 9.3 17 60 M M 1 24 60
2 81 55 68 M 0 3 0.00 M M 7.2 22 210 M M 2 32 170
3 82 54 68 M 0 3 0.00 M M 7.4 18 150 M M 1 25 170
4 86 57 72 M 0 7 0.00 M M 6.7 13 130 M M 0 18 120
5 90 61 76 M 0 11 0.00 M M 8.2 17 160 M M 1 31 160
6 84 61 73 M 0 8 0.10 M M 9.0 21 160 M M 1 27 130
7 91 63 77 M 0 12 0.00 M M 12.3 22 240 M M 2 29 250
8 81 59 70 M 0 5 0.34 M M 8.5 18 170 M M 2 28 140
9 86 63 75 M 0 10 0.00 M M 9.8 21 160 M M 1 27 140
10 86 66 76 M 0 11 0.01 M M 7.0 16 170 M M 4 23 170
11 90 64 77 M 0 12 0.00 M M 9.2 24 180 M M 3 30 180
12 91 66 79 M 0 14 0.00 M M 10.5 21 160 M M 3 28 270
13 86 64 75 M 0 10 0.00 M M 7.8 16 210 M M 3 8 21 50
14 88 64 76 M 0 11 0.28 M M 7.7 17 220 M M 3 8 36 0
15 81 63 72 M 0 7 0.00 M M 8.4 22 240 M M 0 21 120
16 90 59 75 M 0 10 0.00 M M 7.6 15 150 M M 2 22 130
17 90 64 77 M 0 12 0.00 M M 6.5 17 210 M M 0 22 210
18 93 66 80 M 0 15 0.00 M M 6.3 15 220 M M 1 21 220
19 91 66 79 M 0 14 0.00 M M 7.0 15 180 M M 1 21 180
20 90 66 78 M 0 13 0.00 M M 8.2 17 130 M M 0 24 130
21 86 59 73 M 0 8 0.02 M M 8.8 21 150 M M 2 27 140
22 82 57 70 M 0 5 0.21 M M 7.8 28 160 M M 5 35 160
23 86 57 72 M 0 7 0.00 M M 7.3 15 120 M M 1 21 120
24 91 61 76 M 0 11 0.00 M M 5.4 12 150 M M 0 23 150
25 91 66 79 M 0 14 0.00 M M 5.7 15 140 M M 3 17 190
26 91 66 79 M 0 14 0.00 M M 7.7 14 150 M M 1 29 140
27 90 64 77 M 0 12 0.00 M M 9.0 18 110 M M 1 24 110
28 90 64 77 M 0 12 0.00 M M 7.6 17 120 M M 1 21 140
29 86 63 75 M 0 10 0.00 M M 7.9 16 150 M M 0 26 130
30 84 63 74 M 0 9 0.00 M M 9.9 18 130 M M 0 24 120
31 82 61 72 M 0 7 0.00 M M 6.1 22 240 M M 3 27 240
================================================================================
SM 2698 1917 0 301 0.96 M 247.7 M 48
================================================================================
AV 87.0 61.8 8.0 FASTST M M 2 MAX(MPH)
MISC ----> 28 160 36 0
================================================================================
NOTES:
# LAST OF SEVERAL OCCURRENCES
COLUMN 17 PEAK WIND IN M.P.H.
PRELIMINARY LOCAL CLIMATOLOGICAL DATA (WS FORM: F-6) , PAGE 2
STATION: RUIDOSO AWOS
MONTH: JULY
YEAR: 2023
LATITUDE: 33 28 N
LONGITUDE: 105 32 W
[TEMPERATURE DATA] [PRECIPITATION DATA] SYMBOLS USED IN COLUMN 16
AVERAGE MONTHLY: 74.4 TOTAL FOR MONTH: 0.96 1 = FOG OR MIST
DPTR FM NORMAL: 0.0 DPTR FM NORMAL: M 2 = FOG REDUCING VISIBILITY
HIGHEST: 93 ON 18 GRTST 24HR 0.34 ON 8- 8 TO 1/4 MILE OR LESS
LOWEST: 54 ON 3 3 = THUNDER
SNOW, ICE PELLETS, HAIL 4 = ICE PELLETS
TOTAL MONTH: M 5 = HAIL
GRTST 24HR M ON M 6 = FREEZING RAIN OR DRIZZLE
GRTST DEPTH: M ON M 7 = DUSTSTORM OR SANDSTORM:
VSBY 1/2 MILE OR LESS
8 = SMOKE OR HAZE
[NO. OF DAYS WITH] [WEATHER - DAYS WITH] 9 = BLOWING SNOW
X = TORNADO
MAX 32 OR BELOW: 0 0.01 INCH OR MORE: 6
MAX 90 OR ABOVE: 14 0.10 INCH OR MORE: 3
MIN 32 OR BELOW: 0 0.50 INCH OR MORE: 0
MIN 0 OR BELOW: 0 1.00 INCH OR MORE: 0
[HDD (BASE 65) ]
TOTAL THIS MO. 0 CLEAR (SCALE 0-3) 29
DPTR FM NORMAL M PTCLDY (SCALE 4-7) 2
TOTAL FM JUL 1 0 CLOUDY (SCALE 8-10) 0
DPTR FM NORMAL M
[CDD (BASE 65) ]
TOTAL THIS MO. 301
DPTR FM NORMAL M [PRESSURE DATA]
TOTAL FM JAN 1 478 HIGHEST SLP M ON M
DPTR FM NORMAL M LOWEST SLP M ON M
[REMARKS]
#FINAL-07-23#