000
CXUS52 KJAX 010800
CF6SSI
PRELIMINARY LOCAL CLIMATOLOGICAL DATA (WS FORM: F-6)
STATION: ST SIMONS ISLAND
MONTH: JULY
YEAR: 2023
LATITUDE: 31 9 N
LONGITUDE: 81 23 W
TEMPERATURE IN F: :PCPN: SNOW: WIND :SUNSHINE: SKY :PK WND
================================================================================
1 2 3 4 5 6A 6B 7 8 9 10 11 12 13 14 15 16 17 18
12Z AVG MX 2MIN
DY MAX MIN AVG DEP HDD CDD WTR SNW DPTH SPD SPD DIR MIN PSBL S-S WX SPD DR
================================================================================
1 93 80 87 4 0 22 0.00 0.0 0 7.5 16 130 M M 0 22 130
2 93 82 88 5 0 23 0.00 0.0 0 8.2 17 140 M M 0 23 140
3 95 80 88 5 0 23 0.01 0.0 0 6.8 16 360 M M 2 3 26 20
4 96 79 88 5 0 23 0.01 0.0 0 5.4 23 220 M M 0 3 29 220
5 97 77 87 4 0 22 0.63 0.0 0 6.7 21 250 M M 2 13 30 270
6 96 79 88 5 0 23 0.00 0.0 0 7.9 15 220 M M 1 3 21 150
7 99 80 90 7 0 25 0.01 0.0 0 9.1 21 230 M M 2 3 28 220
8 99 80 90 7 0 25 0.00 0.0 0 8.6 15 230 M M 2 3 20 230
9 97 82 90 7 0 25 T 0.0 0 12.2 28 240 M M 1 3 44 240
10 93 78 86 3 0 21 0.72 0.0 0 11.3 29 230 M M 3 13 45 220
11 91 78 85 1 0 20 0.00 0.0 0 5.6 16 140 M M 3 20 140
12 93 81 87 3 0 22 T 0.0 0 8.2 17 360 M M 2 3 26 360
13 93 80 87 3 0 22 1.23 0.0 0 7.5 25 260 M M 1 13 36 260
14 94 79 87 3 0 22 0.03 0.0 0 7.5 20 240 M M 1 3 26 230
15 95 81 88 4 0 23 0.02 0.0 0 8.3 17 220 M M 3 3 27 170
16 99 81 90 6 0 25 T 0.0 0 10.0 17 230 M M 2 3 27 220
17 96 79 88 4 0 23 0.63 0.0 0 7.4 24 100 M M 5 13 34 60
18 94 79 87 3 0 22 0.00 0.0 0 6.6 13 140 M M M 8 17 170
19 95 81 88 4 0 23 0.00 0.0 0 7.7 15 150 M M M 8 23 170
20 98 82 90 6 0 25 0.00 0.0 0 8.5 15 160 M M M 22 160
21 102 82 92 8 0 27 0.00 0.0 0 8.4 15 280 M M 0 22 250
22 98 79 89 5 0 24 0.22 0.0 0 9.8 24 280 M M 2 13 41 280
23 92 77 85 1 0 20 0.44 0.0 0 7.2 31 240 M M 2 13 47 220
24 95 78 87 3 0 22 0.51 0.0 0 6.6 14 130 M M 3 3 18 140
25 94 79 87 3 0 22 0.00 0.0 0 3.6 13 350 M M 1 3 19 360
26 92 78 85 1 0 20 0.00 0.0 0 5.6 13 110 M M 0 18 110
27 93 82 88 4 0 23 0.00 0.0 0 7.4 15 100 M M 1 20 100
28 87 80 84 0 0 19 1.01 0.0 0 9.4 21 120 M M 7 13 31 120
29 92 80 86 2 0 21 T 0.0 0 7.8 16 250 M M 6 3 23 260
30 100 78 89 5 0 24 0.26 0.0 0 8.2 20 230 M M 2 13 27 340
31 91 77 84 0 0 19 0.00 0.0 0 6.7 15 160 M M 0 23 170
================================================================================
SM 2942 2468 0 700 5.73 0.0 241.7 M 54
================================================================================
AV 94.9 79.6 7.8 FASTST M M 2 MAX(MPH)
MISC ----> 31 240 47 220
================================================================================
NOTES:
# LAST OF SEVERAL OCCURRENCES
COLUMN 17 PEAK WIND IN M.P.H.
PRELIMINARY LOCAL CLIMATOLOGICAL DATA (WS FORM: F-6) , PAGE 2
STATION: ST SIMONS ISLAND
MONTH: JULY
YEAR: 2023
LATITUDE: 31 9 N
LONGITUDE: 81 23 W
[TEMPERATURE DATA] [PRECIPITATION DATA] SYMBOLS USED IN COLUMN 16
AVERAGE MONTHLY: 87.3 TOTAL FOR MONTH: 5.73 1 = FOG OR MIST
DPTR FM NORMAL: 3.7 DPTR FM NORMAL: 1.54 2 = FOG REDUCING VISIBILITY
HIGHEST: 102 ON 21 GRTST 24HR 1.26 ON 13-14 TO 1/4 MILE OR LESS
LOWEST: 77 ON 31,23 3 = THUNDER
SNOW, ICE PELLETS, HAIL 4 = ICE PELLETS
TOTAL MONTH: 0.0 INCH 5 = HAIL
GRTST 24HR 0.0 6 = FREEZING RAIN OR DRIZZLE
GRTST DEPTH: 0 7 = DUSTSTORM OR SANDSTORM:
VSBY 1/2 MILE OR LESS
8 = SMOKE OR HAZE
[NO. OF DAYS WITH] [WEATHER - DAYS WITH] 9 = BLOWING SNOW
X = TORNADO
MAX 32 OR BELOW: 0 0.01 INCH OR MORE: 14
MAX 90 OR ABOVE: 30 0.10 INCH OR MORE: 9
MIN 32 OR BELOW: 0 0.50 INCH OR MORE: 6
MIN 0 OR BELOW: 0 1.00 INCH OR MORE: 2
[HDD (BASE 65) ]
TOTAL THIS MO. 0 CLEAR (SCALE 0-3) 24
DPTR FM NORMAL 0 PTCLDY (SCALE 4-7) 4
TOTAL FM JUL 1 0 CLOUDY (SCALE 8-10) 3
DPTR FM NORMAL 0
[CDD (BASE 65) ]
TOTAL THIS MO. 700
DPTR FM NORMAL 125 [PRESSURE DATA]
TOTAL FM JAN 1 2070 HIGHEST SLP 30.15 ON 19
DPTR FM NORMAL 486 LOWEST SLP 29.76 ON 22
[REMARKS]
#FINAL-07-23#