000
CXUS53 KGRB 310716
CF6STE
PRELIMINARY LOCAL CLIMATOLOGICAL DATA (WS FORM: F-6)
STATION: STEVENS POINT WI
MONTH: MARCH
YEAR: 2023
LATITUDE: 44 32 N
LONGITUDE: 89 32 W
TEMPERATURE IN F: :PCPN: SNOW: WIND :SUNSHINE: SKY :PK WND
================================================================================
1 2 3 4 5 6A 6B 7 8 9 10 11 12 13 14 15 16 17 18
12Z AVG MX 2MIN
DY MAX MIN AVG DEP HDD CDD WTR SNW DPTH SPD SPD DIR MIN PSBL S-S WX SPD DR
================================================================================
1 36 32 34 M 31 0 M M M 5.4 9 80 M M 10 M M
2 35 21 28 M 37 0 M M M 3.9 12 350 M M 3 16 350
3 36 19 28 M 37 0 M M M 1.7 6 90 M M 5 1 M M
4 42 17 30 M 35 0 M M M 1.9 5 270 M M 3 18 M M
5 44 19 32 M 33 0 M M M 5.8 13 70 M M 3 1 25 80
6 35 33 34 M 31 0 M M M 10.3 15 70 M M 10 1 21 70
7 40 25 33 M 32 0 M M M 7.6 15 40 M M 1 22 40
8 41 27 34 M 31 0 M M M 8.3 14 120 M M 4 18 100
9 36 28 32 M 33 0 M M M 11.1 18 70 M M 10 32 70
10 35 28 32 M 33 0 0.02 M M 7.5 15 30 M M 9 21 50
11 32 26 29 M 36 0 M M M 7.7 15 100 M M 10 M M
12 35 26 31 M 34 0 0.11 M M 5.5 9 150 M M 10 M M
13 30 12 21 M 44 0 M M M 8.2 15 10 M M 6 8 20 340
14 33 -1 16 M 49 0 M M M 1.5 7 140 M M 0 M M
15 48 13 31 M 34 0 M M M 7.7 15 180 M M 3 22 180
16 42 33 38 M 27 0 0.30 M M 5.4 13 320 M M 10 1 18 260
17 33 11 22 M 43 0 M M M 14.9 21 260 M M 10 30 270
18 27 9 18 M 47 0 M M M 10.1 17 300 M M 5 25 280
19 38 15 27 M 38 0 M M M 10.6 17 250 M M 0 26 250
20 43 30 37 M 28 0 M M M 5.8 12 70 M M 0 18 80
21 37 25 31 M 34 0 M M M 12.9 17 70 M M 5 22 70
22 45 31 38 M 27 0 0.06 M M 7.4 12 240 M M 9 1 18 110
23 41 26 34 M 31 0 M M M 4.7 12 350 M M 2 16 350
24 44 20 32 M 33 0 M M M 5.3 14 90 M M 0 M M
25 46 30 38 M 27 0 M M M 7.2 13 290 M M 2 18 290
26 45 24 35 M 30 0 M M M 3.5 8 270 M M 0 M M
27 46 22 34 M 31 0 M M M 2.9 10 330 M M 0 16 270
28 42 26 34 M 31 0 M M M 6.1 15 260 M M 1 21 250
29 32 16 24 M 41 0 M M M 7.2 14 300 M M 3 23 300
30 37 11 24 M 41 0 0.45 M M 4.4 10 90 M M 5 16 120
================================================================================
SM 1156 654 1039 0 0.94 M 202.5 M 139
================================================================================
AV 38.5 21.8 6.8 FASTST M M 5 MAX(MPH)
MISC ----> 21 260 32 70
================================================================================
NOTES:
# LAST OF SEVERAL OCCURRENCES
COLUMN 17 PEAK WIND IN M.P.H.
PRELIMINARY LOCAL CLIMATOLOGICAL DATA (WS FORM: F-6) , PAGE 2
STATION: STEVENS POINT WI
MONTH: MARCH
YEAR: 2023
LATITUDE: 44 32 N
LONGITUDE: 89 32 W
[TEMPERATURE DATA] [PRECIPITATION DATA] SYMBOLS USED IN COLUMN 16
AVERAGE MONTHLY: 30.2 TOTAL FOR MONTH: 0.94 1 = FOG OR MIST
DPTR FM NORMAL: 0.0 DPTR FM NORMAL: 0.94 2 = FOG REDUCING VISIBILITY
HIGHEST: 48 ON 15 GRTST 24HR 0.45 ON 30-30 TO 1/4 MILE OR LESS
LOWEST: -1 ON 14 3 = THUNDER
SNOW, ICE PELLETS, HAIL 4 = ICE PELLETS
TOTAL MONTH: M 5 = HAIL
GRTST 24HR M ON M 6 = FREEZING RAIN OR DRIZZLE
GRTST DEPTH: M ON M 7 = DUSTSTORM OR SANDSTORM:
VSBY 1/2 MILE OR LESS
8 = SMOKE OR HAZE
[NO. OF DAYS WITH] [WEATHER - DAYS WITH] 9 = BLOWING SNOW
X = TORNADO
MAX 32 OR BELOW: 4 0.01 INCH OR MORE: 5
MAX 90 OR ABOVE: 0 0.10 INCH OR MORE: 3
MIN 32 OR BELOW: 28 0.50 INCH OR MORE: 0
MIN 0 OR BELOW: 1 1.00 INCH OR MORE: 0
[HDD (BASE 65) ]
TOTAL THIS MO. 1039 CLEAR (SCALE 0-3) 15
DPTR FM NORMAL M PTCLDY (SCALE 4-7) 6
TOTAL FM JUL 1 6231 CLOUDY (SCALE 8-10) 9
DPTR FM NORMAL 5973
[CDD (BASE 65) ]
TOTAL THIS MO. 0
DPTR FM NORMAL M [PRESSURE DATA]
TOTAL FM JAN 1 0 HIGHEST SLP M ON M
DPTR FM NORMAL 0 LOWEST SLP M ON M
[REMARKS]