000
CXUS53 KEAX 011556
CLMSTJ
CLIMATE REPORT
NATIONAL WEATHER SERVICE KANSAS CITY/PLEASANT HILL MO
952 AM CST FRI DEC 01 2023
...................................
...THE ST. JOSEPH MO CLIMATE SUMMARY FOR THE MONTH OF NOVEMBER 2023...
CLIMATE NORMAL PERIOD: 1991 TO 2020
CLIMATE RECORD PERIOD: 1892 TO 2023
WEATHER OBSERVED NORMAL DEPART LAST YEAR`S
VALUE DATE(S) VALUE FROM VALUE DATE(S)
NORMAL
................................................................
TEMPERATURE (F)
RECORD
HIGH 82 11/13/1999
11/01/1990
11/08/1980
LOW -5 11/08/1991
HIGHEST 77 11/07 74 3 77 11/01
LOWEST 11 11/28 14 -3 12 11/13
11/30
AVG. MAXIMUM 57.1 53.4 3.7 51.9
AVG. MINIMUM 29.4 30.6 -1.2 26.2
MEAN 43.2 42.0 1.2 39.1
DAYS MAX >= 90 0 0.0 0.0 0
DAYS MAX <= 32 0 1.3 -1.3 3
DAYS MIN <= 32 21 17.5 3.5 21
DAYS MIN <= 0 0 0.0 0.0 0
PRECIPITATION (INCHES)
RECORD
MAXIMUM 8.35 1931
MINIMUM 0.00 1904
TOTALS 1.22 1.87 -0.65 2.67
DAILY AVG. 0.04 0.06 -0.02 0.09
DAYS >= .01 5 5.6 -0.6 7
DAYS >= .10 3 2.8 0.2 3
DAYS >= .50 1 0.9 0.1 2
DAYS >= 1.00 0 0.5 -0.5 1
GREATEST
24 HR. TOTAL 0.86 11/19 TO 11/20
DEGREE DAYS
HEATING TOTAL 645 691 -46 771
SINCE 7/1 937 1092 -155 MM
COOLING TOTAL 0 1 -1 1
SINCE 1/1 1399 1287 112 MM
................................................................
WIND (MPH)
AVERAGE WIND SPEED 6.9
HIGHEST WIND SPEED/DIRECTION 28/360 DATE 11/16
28/330 11/21
HIGHEST GUST SPEED/DIRECTION 37/360 DATE 11/16
37/330 11/21
SKY COVER
POSSIBLE SUNSHINE (PERCENT) MM
AVERAGE SKY COVER 0.22
NUMBER OF DAYS FAIR 21
NUMBER OF DAYS PC 7
NUMBER OF DAYS CLOUDY 2
AVERAGE RH (PERCENT) 65
WEATHER CONDITIONS. NUMBER OF DAYS WITH
THUNDERSTORM 0 MIXED PRECIP 0
HEAVY RAIN 0 RAIN 1
LIGHT RAIN 5 FREEZING RAIN 0
LT FREEZING RAIN 0 HAIL 0
HEAVY SNOW 0 SNOW 0
LIGHT SNOW 2 SLEET 0
FOG 19 FOG W/VIS <= 1/4 MILE 7
HAZE 12
- INDICATES NEGATIVE NUMBERS.
R INDICATES RECORD WAS SET OR TIED.
MM INDICATES DATA IS MISSING.
T INDICATES TRACE AMOUNT.
$$