000
CXUS53 KEAX 012129 RRA
CLMSTJ
STLCLMWK1 000
TTAA00 EAX 012126
CLIMATE REPORT
NATIONAL WEATHER SERVICE KANSAS CITY/PLEASANT HILL MO
425 PM CDT TUE AUG 01 2023
...................................
...THE ST. JOSEPH MO CLIMATE SUMMARY FOR THE MONTH OF JULY 2023...
CLIMATE NORMAL PERIOD: 1991 TO 2020
CLIMATE RECORD PERIOD: 1892 TO 2023
WEATHER OBSERVED NORMAL DEPART LAST YEAR`S
VALUE DATE(S) VALUE FROM VALUE DATE(S)
NORMAL
................................................................
TEMPERATURE (F)
RECORD
HIGH 108 07/25/1936
07/20/1934
07/19/1934
LOW 41 07/05/1972
HIGHEST 99 07/28 97 2 93 07/05
07/15
07/23
LOWEST 58 07/09 56 2 53 07/29
AVG. MAXIMUM 87.5 88.1 -0.6 85.2
AVG. MINIMUM 66.3 67.3 -1.0 65.4
MEAN 76.9 77.7 -0.8 75.3
DAYS MAX >= 90 10 13.6 -3.6 8
DAYS MAX <= 32 0 0.0 0.0 0
DAYS MIN <= 32 0 0.0 0.0 0
DAYS MIN <= 0 0 0.0 0.0 0
PRECIPITATION (INCHES)
RECORD
MAXIMUM 13.09 2020
MINIMUM 0.03 1983
TOTALS 4.73 4.73 0.00 6.81
DAILY AVG. 0.15 0.15 -0.00 0.22
DAYS >= .01 13 9.3 3.7 11
DAYS >= .10 9 5.0 4.0 8
DAYS >= .50 4 2.6 1.4 2
DAYS >= 1.00 1 1.4 -0.4 1
GREATEST
24 HR. TOTAL 2.26 06/30 TO 07/01
DEGREE DAYS
HEATING TOTAL 0 1 -1 0
SINCE 7/1 0 0 0 MM
COOLING TOTAL 376 394 -18 328
SINCE 1/1 835 804 31 MM
................................................................
WIND (MPH)
AVERAGE WIND SPEED 5.6
HIGHEST WIND SPEED/DIRECTION 48/340 DATE 07/04
HIGHEST GUST SPEED/DIRECTION 67/350 DATE 07/30
SKY COVER
POSSIBLE SUNSHINE (PERCENT) MM
AVERAGE SKY COVER 0.20
NUMBER OF DAYS FAIR 25
NUMBER OF DAYS PC 6
NUMBER OF DAYS CLOUDY 0
AVERAGE RH (PERCENT) 75
WEATHER CONDITIONS. NUMBER OF DAYS WITH
THUNDERSTORM 14 MIXED PRECIP 0
HEAVY RAIN 8 RAIN 8
LIGHT RAIN 17 FREEZING RAIN 0
LT FREEZING RAIN 0 HAIL 0
HEAVY SNOW 0 SNOW 0
LIGHT SNOW 0 SLEET 0
FOG 26 FOG W/VIS <= 1/4 MILE 11
HAZE 14
- INDICATES NEGATIVE NUMBERS.
R INDICATES RECORD WAS SET OR TIED.
MM INDICATES DATA IS MISSING.
T INDICATES TRACE AMOUNT.
$$