000
CXUS55 KSTO 311853
CF6STO
PRELIMINARY LOCAL CLIMATOLOGICAL DATA (WS FORM: F-6)
STATION: SACRAMENTO CITY
MONTH: JUNE
YEAR: 2022
LATITUDE: 38 36 N
LONGITUDE: 121 23 W
TEMPERATURE IN F: :PCPN: SNOW: WIND :SUNSHINE: SKY :PK WND
================================================================================
1 2 3 4 5 6A 6B 7 8 9 10 11 12 13 14 15 16 17 18
12Z AVG MX 2MIN
DY MAX MIN AVG DEP HDD CDD WTR SNW DPTH SPD SPD DIR MIN PSBL S-S WX SPD DR
================================================================================
1 95 58 77 6 0 12 0.00 M M M M M M M M M M
2 88 63 76 5 0 11 0.00 0.0 M M M M M M M M M
3 85 59 72 1 0 7 0.00 0.0 M M M M M M M M M
4 81 61 71 -1 0 6 0.01 0.0 M M M M M M M M M
5 82 61 72 0 0 7 0.15 0.0 M M M M M M M M M
6 90 60 75 3 0 10 0.00 0.0 M M M M M M M M M
7 94 60 77 5 0 12 0.00 M M M M M M M M M M
8 92 62 77 5 0 12 0.00 M M M M M M M M M M
9 100 62 81 9 0 16 0.00 M M M M M M M M M M
10 104 67 86 13 0 21 0.00 0.0 M M M M M M M M M
11 100 67 84 11 0 19 0.00 0.0 M M M M M M M M M
12 85 62 74 1 0 9 0.00 0.0 M M M M M M M M M
13 84 60 72 -1 0 7 0.00 0.0 M M M M M M M M M
14 92 63 78 4 0 13 0.00 M M M M M M M M M M
15 97 61 79 5 0 14 0.00 M M M M M M M M M M
16 88 58 73 -1 0 8 0.00 0.0 M M M M M M M M M
17 75 55 65 -9 0 0 0.00 M M M M M M M M M M
18 81 52 67 -7 0 2 0.00 0.0 M M M M M M M M M
19 88 55 72 -3 0 7 0.00 M M M M M M M M M M
20 95 61 78 3 0 13 0.00 0.0 M M M M M M M M M
21 104 65 85 10 0 20 0.00 0.0 M M M M M M M M M
22 100 70 85 10 0 20 0.00 M M M M M M M M M M
23 102 75 89 14 0 24 0.00 M M M M M M M M M M
24 103 69 86 10 0 21 0.00 M M M M M M M M M M
25 103 66 85 9 0 20 0.00 M M M M M M M M M M
26 103 63 83 7 0 18 0.00 M M M M M M M M M M
27 104 60 82 6 0 17 0.00 M M M M M M M M M M
28 101 62 82 6 0 17 0.00 0.0 M M M M M M M M M
29 94 58 76 0 0 11 0.00 M M M M M M M M M M
30 87 56 72 -5 0 7 0.00 0.0 M M M M M M M M M
================================================================================
SM 2797 1851 0 381 0.16 0.0 M M M
================================================================================
AV 93.2 61.7 M FASTST M M M MAX(MPH)
MISC ----> M M M M
================================================================================
NOTES:
# LAST OF SEVERAL OCCURRENCES
COLUMN 17 PEAK WIND IN M.P.H.
PRELIMINARY LOCAL CLIMATOLOGICAL DATA (WS FORM: F-6) , PAGE 2
STATION: SACRAMENTO CITY
MONTH: JUNE
YEAR: 2022
LATITUDE: 38 36 N
LONGITUDE: 121 23 W
[TEMPERATURE DATA] [PRECIPITATION DATA] SYMBOLS USED IN COLUMN 16
AVERAGE MONTHLY: 77.5 TOTAL FOR MONTH: 0.16 1 = FOG OR MIST
DPTR FM NORMAL: 3.6 DPTR FM NORMAL: -0.05 2 = FOG REDUCING VISIBILITY
HIGHEST: 104 ON 27,21 GRTST 24HR 0.15 ON 5- 5 TO 1/4 MILE OR LESS
LOWEST: 52 ON 18 3 = THUNDER
SNOW, ICE PELLETS, HAIL 4 = ICE PELLETS
TOTAL MONTH: 0.0 INCH 5 = HAIL
GRTST 24HR 0.0 6 = FREEZING RAIN OR DRIZZLE
GRTST DEPTH: M ON M 7 = DUSTSTORM OR SANDSTORM:
VSBY 1/2 MILE OR LESS
8 = SMOKE OR HAZE
[NO. OF DAYS WITH] [WEATHER - DAYS WITH] 9 = BLOWING SNOW
X = TORNADO
MAX 32 OR BELOW: 0 0.01 INCH OR MORE: 2
MAX 90 OR ABOVE: 19 0.10 INCH OR MORE: 1
MIN 32 OR BELOW: 0 0.50 INCH OR MORE: 0
MIN 0 OR BELOW: 0 1.00 INCH OR MORE: 0
[HDD (BASE 65) ]
TOTAL THIS MO. 0 CLEAR (SCALE 0-3) 0
DPTR FM NORMAL -5 PTCLDY (SCALE 4-7) 0
TOTAL FM JUL 1 1924 CLOUDY (SCALE 8-10) 30
DPTR FM NORMAL -209
[CDD (BASE 65) ]
TOTAL THIS MO. 381
DPTR FM NORMAL 110 [PRESSURE DATA]
TOTAL FM JAN 1 598 HIGHEST SLP M ON M
DPTR FM NORMAL 164 LOWEST SLP M ON M
[REMARKS]
#FINAL-06-22#