446
CXUS55 KSTO 091827
CF6STO
PRELIMINARY LOCAL CLIMATOLOGICAL DATA (WS FORM: F-6)
STATION: SACRAMENTO CITY
MONTH: AUGUST
YEAR: 2020
LATITUDE: 38 36 N
LONGITUDE: 121 23 W
TEMPERATURE IN F: :PCPN: SNOW: WIND :SUNSHINE: SKY :PK WND
================================================================================
1 2 3 4 5 6A 6B 7 8 9 10 11 12 13 14 15 16 17 18
12Z AVG MX 2MIN
DY MAX MIN AVG DEP HDD CDD WTR SNW DPTH SPD SPD DIR MIN PSBL S-S WX SPD DR
================================================================================
1 99 61 80 3 0 15 0.00 0.0 M M M M M M M M M
2 99 61 80 3 0 15 0.00 0.0 M M M M M M M M M
3 101 64 83 6 0 18 0.00 0.0 M M M M M M M M M
4 95 61 78 1 0 13 0.00 M M M M M M M M M M
5 82 61 72 -5 0 7 0.00 M M M M M M M M M M
6 90 59 75 -2 0 10 0.00 0.0 M M M M M M M M M
7 95 61 78 1 0 13 0.00 0.0 M M M M M M M M M
8 99 64 82 5 0 17 0.00 0.0 M M M M M M M M M
9 103 67 85 8 0 20 0.00 0.0 M M M M M M M M M
10 100 66 83 6 0 18 0.00 0.0 M M M M M M M M M
11 90 62 76 -1 0 11 0.00 M M M M M M M M M M
12 100 60 80 3 0 15 0.00 M M M M M M M M M M
13 104 70 87 10 0 22 0.00 M M M M M M M M M M
14 106 75 91 15 0 26 0.00 M M M M M M M M M M
15 111 76 94 18 0 29 0.00 M M M M M M M M M M
16 112 80 96 20 0 31 0.00 M M M M M M M M M M
17 104 78 91 15 0 26 0.01 M M M M M M M M M M
18 109 77 93 17 0 28 0.00 0.0 M M M M M M M M M
19 101 76 89 13 0 24 0.00 0.0 M M M M M M M M M
20 92 67 80 4 0 15 0.00 0.0 M M M M M M M M M
21 96 65 81 5 0 16 0.00 0.0 M M M M M M M M M
22 100 66 83 7 0 18 0.00 M M M M M M M M M M
23 100 70 85 9 0 20 0.00 0.0 M M M M M M M M M
24 94 72 83 7 0 18 0.00 0.0 M M M M M M M M M
25 95 67 81 5 0 16 0.00 0.0 M M M M M M M M M
26 93 63 78 2 0 13 0.00 0.0 M M M M M M M M M
27 96 57 77 1 0 12 0.00 0.0 M M M M M M M M M
28 97 61 79 3 0 14 0.00 0.0 M M M M M M M M M
29 94 61 78 2 0 13 0.00 M M M M M M M M M M
30 95 60 78 3 0 13 0.00 0.0 M M M M M M M M M
31 97 63 80 5 0 15 0.00 0.0 M M M M M M M M M
================================================================================
SM 3049 2051 0 541 0.01 0.0 M M M
================================================================================
AV 98.4 66.2 M FASTST M M 2 MAX(MPH)
MISC ----> M M M M
================================================================================
NOTES:
# LAST OF SEVERAL OCCURRENCES
COLUMN 17 PEAK WIND IN M.P.H.
PRELIMINARY LOCAL CLIMATOLOGICAL DATA (WS FORM: F-6) , PAGE 2
STATION: SACRAMENTO CITY
MONTH: AUGUST
YEAR: 2020
LATITUDE: 38 36 N
LONGITUDE: 121 23 W
[TEMPERATURE DATA] [PRECIPITATION DATA] SYMBOLS USED IN COLUMN 16
AVERAGE MONTHLY: 82.3 TOTAL FOR MONTH: 0.01 1 = FOG OR MIST
DPTR FM NORMAL: 6.0 DPTR FM NORMAL: -0.02 2 = FOG REDUCING VISIBILITY
HIGHEST: 112 ON 16 GRTST 24HR 0.01 ON 17-17 TO 1/4 MILE OR LESS
LOWEST: 57 ON 27 3 = THUNDER
SNOW, ICE PELLETS, HAIL 4 = ICE PELLETS
TOTAL MONTH: 0.0 INCH 5 = HAIL
GRTST 24HR 0.0 6 = FREEZING RAIN OR DRIZZLE
GRTST DEPTH: M ON M 7 = DUSTSTORM OR SANDSTORM:
VSBY 1/2 MILE OR LESS
8 = SMOKE OR HAZE
[NO. OF DAYS WITH] [WEATHER - DAYS WITH] 9 = BLOWING SNOW
X = TORNADO
MAX 32 OR BELOW: 0 0.01 INCH OR MORE: 1
MAX 90 OR ABOVE: 30 0.10 INCH OR MORE: 0
MIN 32 OR BELOW: 0 0.50 INCH OR MORE: 0
MIN 0 OR BELOW: 0 1.00 INCH OR MORE: 0
[HDD (BASE 65) ]
TOTAL THIS MO. 0 CLEAR (SCALE 0-3) 0
DPTR FM NORMAL -1 PTCLDY (SCALE 4-7) 0
TOTAL FM JUL 1 0 CLOUDY (SCALE 8-10) 0
DPTR FM NORMAL -1
[CDD (BASE 65) ]
TOTAL THIS MO. 541
DPTR FM NORMAL 189 [PRESSURE DATA]
TOTAL FM JAN 1 1616 HIGHEST SLP M ON M
DPTR FM NORMAL 478 LOWEST SLP M ON M
[REMARKS]
#FINAL-08-20#