000
CXUS55 KSTO 172212
CF6STO
PRELIMINARY LOCAL CLIMATOLOGICAL DATA (WS FORM: F-6)
STATION: SACRAMENTO CITY
MONTH: MARCH
YEAR: 2020
LATITUDE: 38 36 N
LONGITUDE: 121 23 W
TEMPERATURE IN F: :PCPN: SNOW: WIND :SUNSHINE: SKY :PK WND
================================================================================
1 2 3 4 5 6A 6B 7 8 9 10 11 12 13 14 15 16 17 18
12Z AVG MX 2MIN
DY MAX MIN AVG DEP HDD CDD WTR SNW DPTH SPD SPD DIR MIN PSBL S-S WX SPD DR
================================================================================
1 61 49 55 0 10 0 0.00 M M M M M M M M M M
2 72 48 60 5 5 0 0.00 0.0 M M M M M M M M M
3 77 45 61 6 4 0 0.00 0.0 M M M M M M M M M
4 80 46 63 7 2 0 0.00 0.0 M M M M M M M M M
5 74 49 62 6 3 0 0.00 0.0 M M M M M M M M M
6 64 47 56 0 9 0 0.00 M M M M M M M M M M
7 57 48 53 -3 12 0 0.14 M M M M M M M M M M
8 61 46 54 -2 11 0 0.01 0.0 M M M M M M M M M
9 69 49 59 3 6 0 0.00 0.0 M M M M M M M M M
10 77 46 62 6 3 0 0.00 0.0 M M M M M M M M M
11 76 51 64 8 1 0 0.00 0.0 M M M M M M M M M
12 83 49 66 10 0 1 0.00 0.0 M M M M M M M M M
13 70 48 59 3 6 0 0.00 0.0 M M M M M M M M M
14 53 48 51 -5 14 0 0.28 0.0 M M M M M M M M M
15 56 44 50 -7 15 0 0.50 0.0 M M M M M M M M M
16 47 40 44 -13 21 0 0.60 0.0 M M M M M M M M M
17 58 39 49 -8 16 0 0.00 0.0 M M M M M M M M M
18 54 45 50 -7 15 0 0.05 0.0 M M M M M M M M M
19 63 39 51 -6 14 0 0.00 0.0 M M M M M M M M M
20 66 42 54 -3 11 0 0.00 0.0 M M M M M M M M M
21 69 44 57 0 8 0 0.00 0.0 M M M M M M M M M
22 71 45 58 1 7 0 0.00 0.0 M M M M M M M M M
23 65 49 57 0 8 0 0.00 0.0 M M M M M M M M M
24 61 46 54 -3 11 0 0.00 0.0 M M M M M M M M M
25 62 42 52 -6 13 0 0.00 M M M M M M M M M M
26 62 40 51 -7 14 0 0.00 M M M M M M M M M M
27 65 38 52 -6 13 0 0.00 0.0 M M M M M M M M M
28 58 46 52 -6 13 0 0.08 0.0 M M M M M M M M M
29 66 49 58 0 7 0 0.02 0.0 M M M M M M M M M
30 69 50 60 2 5 0 0.00 0.0 M M M M M M M M M
31 75 49 62 4 3 0 0.00 0.0 0 M M M M M M M M
================================================================================
SM 2041 1416 280 1 1.68 0.0 M M M
================================================================================
AV 65.8 45.7 M FASTST M M 4 MAX(MPH)
MISC ----> M M M M
================================================================================
NOTES:
# LAST OF SEVERAL OCCURRENCES
COLUMN 17 PEAK WIND IN M.P.H.
PRELIMINARY LOCAL CLIMATOLOGICAL DATA (WS FORM: F-6) , PAGE 2
STATION: SACRAMENTO CITY
MONTH: MARCH
YEAR: 2020
LATITUDE: 38 36 N
LONGITUDE: 121 23 W
[TEMPERATURE DATA] [PRECIPITATION DATA] SYMBOLS USED IN COLUMN 16
AVERAGE MONTHLY: 55.8 TOTAL FOR MONTH: 1.68 1 = FOG OR MIST
DPTR FM NORMAL: -0.8 DPTR FM NORMAL: -1.34 2 = FOG REDUCING VISIBILITY
HIGHEST: 83 ON 12 GRTST 24HR 0.60 ON 16-16 TO 1/4 MILE OR LESS
LOWEST: 38 ON 27 3 = THUNDER
SNOW, ICE PELLETS, HAIL 4 = ICE PELLETS
TOTAL MONTH: 0.0 INCH 5 = HAIL
GRTST 24HR 0.0 6 = FREEZING RAIN OR DRIZZLE
GRTST DEPTH: 0 7 = DUSTSTORM OR SANDSTORM:
VSBY 1/2 MILE OR LESS
8 = SMOKE OR HAZE
[NO. OF DAYS WITH] [WEATHER - DAYS WITH] 9 = BLOWING SNOW
X = TORNADO
MAX 32 OR BELOW: 0 0.01 INCH OR MORE: 8
MAX 90 OR ABOVE: 0 0.10 INCH OR MORE: 4
MIN 32 OR BELOW: 0 0.50 INCH OR MORE: 2
MIN 0 OR BELOW: 0 1.00 INCH OR MORE: 0
[HDD (BASE 65) ]
TOTAL THIS MO. 280 CLEAR (SCALE 0-3) 0
DPTR FM NORMAL 18 PTCLDY (SCALE 4-7) 0
TOTAL FM JUL 1 1693 CLOUDY (SCALE 8-10) 0
DPTR FM NORMAL -396
[CDD (BASE 65) ]
TOTAL THIS MO. 1
DPTR FM NORMAL -3 [PRESSURE DATA]
TOTAL FM JAN 1 1 HIGHEST SLP M ON M
DPTR FM NORMAL -3 LOWEST SLP M ON M
[REMARKS]
#FINAL-03-20#