392
CXUS53 KGRB 201215
CF6SUE
PRELIMINARY LOCAL CLIMATOLOGICAL DATA (WS FORM: F-6)
STATION: STURGEON BAY WI
MONTH: JULY
YEAR: 2019
LATITUDE: 44 55 N
LONGITUDE: 87 25 W
TEMPERATURE IN F: :PCPN: SNOW: WIND :SUNSHINE: SKY :PK WND
================================================================================
1 2 3 4 5 6A 6B 7 8 9 10 11 12 13 14 15 16 17 18
12Z AVG MX 2MIN
DY MAX MIN AVG DEP HDD CDD WTR SNW DPTH SPD SPD DIR MIN PSBL S-S WX SPD DR
================================================================================
1 83 62 73 M 0 8 T 0.0 0 5.9 14 250 M M 4 1 20 220
2 76 61 69 M 0 4 0.11 0.0 0 3.1 7 130 M M 7 12 M M
3 81 60 71 M 0 6 0.00 0.0 0 3.5 9 100 M M 0 18 M M
4 83 66 75 M 0 10 T 0.0 0 8.2 14 190 M M 0 18 M M
5 83 69 76 M 0 11 0.00 0.0 0 6.1 10 120 M M 2 1 M M
6 75 59 67 M 0 2 T 0.0 0 9.2 17 360 M M 4 M M
7 72 55 64 M 1 0 0.00 0.0 0 5.6 10 360 M M 0 128 M M
8 75 54 65 M 0 0 0.00 0.0 0 2.4 7 110 M M 0 8 M M
9 78 56 67 M 0 2 T 0.0 0 8.8 18 180 M M 0 8 24 170
10 90 69 80 M 0 15 T 0.0 0 11.0 16 240 M M 2 32 200
11 75 57 66 M 0 1 0.00 0.0 0 8.5 16 330 M M 1 8 22 330
12 78 54 66 M 0 1 0.00 0.0 0 7.5 16 180 M M 1 8 M M
13 80 63 72 M 0 7 0.00 0.0 0 8.3 15 350 M M 0 8 17 330
14 78 56 67 M 0 2 0.00 0.0 0 6.9 12 160 M M 0 8 M M
15 M M M M M M 0.60 M 0 8.6 13 160 M M 1 13 M M
16 86 67 77 M 0 12 0.07 0.0 0 6.7 14 250 M M 1 1 M M
17 80 67 74 M 0 9 0.00 0.0 0 7.3 9 100 M M 3 18 M M
18 80 69 75 M 0 10 0.05 0.0 0 8.8 18 230 M M 6 13 23 230
19 87 70 79 M 0 14 0.60 0.0 0 6.8 15 250 M M 2 138 38 350
================================================================================
SM 1440 1114 1 114 1.43 0.0 133.2 M 34
================================================================================
AV 80.0 61.9 7.0 FASTST M M 2 MAX(MPH)
MISC ----> # 18 180 # 38 350
================================================================================
NOTES:
# LAST OF SEVERAL OCCURRENCES
COLUMN 17 PEAK WIND IN M.P.H.
PRELIMINARY LOCAL CLIMATOLOGICAL DATA (WS FORM: F-6) , PAGE 2
STATION: STURGEON BAY WI
MONTH: JULY
YEAR: 2019
LATITUDE: 44 55 N
LONGITUDE: 87 25 W
[TEMPERATURE DATA] [PRECIPITATION DATA] SYMBOLS USED IN COLUMN 16
AVERAGE MONTHLY: 70.9 TOTAL FOR MONTH: 1.43 1 = FOG OR MIST
DPTR FM NORMAL: M DPTR FM NORMAL: M 2 = FOG REDUCING VISIBILITY
HIGHEST: 90 ON 10 GRTST 24HR 0.60 ON 19-19 TO 1/4 MILE OR LESS
LOWEST: 54 ON 12, 8 3 = THUNDER
SNOW, ICE PELLETS, HAIL 4 = ICE PELLETS
TOTAL MONTH: 0.0 INCH 5 = HAIL
GRTST 24HR 0.0 6 = FREEZING RAIN OR DRIZZLE
GRTST DEPTH: 0 7 = DUSTSTORM OR SANDSTORM:
VSBY 1/2 MILE OR LESS
8 = SMOKE OR HAZE
[NO. OF DAYS WITH] [WEATHER - DAYS WITH] 9 = BLOWING SNOW
X = TORNADO
MAX 32 OR BELOW: 0 0.01 INCH OR MORE: 5
MAX 90 OR ABOVE: 1 0.10 INCH OR MORE: 3
MIN 32 OR BELOW: 0 0.50 INCH OR MORE: 2
MIN 0 OR BELOW: 0 1.00 INCH OR MORE: 0
[HDD (BASE 65) ]
TOTAL THIS MO. 1 CLEAR (SCALE 0-3) 15
DPTR FM NORMAL M PTCLDY (SCALE 4-7) 4
TOTAL FM JUL 1 1 CLOUDY (SCALE 8-10) 0
DPTR FM NORMAL M
[CDD (BASE 65) ]
TOTAL THIS MO. 114
DPTR FM NORMAL M [PRESSURE DATA]
TOTAL FM JAN 1 163 HIGHEST SLP M ON M
DPTR FM NORMAL 163 LOWEST SLP M ON M
[REMARKS]