000
CXUS54 KEPZ 011030
CF6SVC
PRELIMINARY LOCAL CLIMATOLOGICAL DATA (WS FORM: F-6)
STATION: SILVER CITY
MONTH: JUNE
YEAR: 2022
LATITUDE: 32 37 N
LONGITUDE: 108 10 W
TEMPERATURE IN F: :PCPN: SNOW: WIND :SUNSHINE: SKY :PK WND
================================================================================
1 2 3 4 5 6A 6B 7 8 9 10 11 12 13 14 15 16 17 18
12Z AVG MX 2MIN
DY MAX MIN AVG DEP HDD CDD WTR SNW DPTH SPD SPD DIR MIN PSBL S-S WX SPD DR
================================================================================
1 92 54 73 M 0 8 0.00 M M 8.2 17 280 M M 0 25 250
2 92 55 74 M 0 9 0.00 M M 6.9 16 180 M M 0 23 180
3 93 56 75 M 0 10 0.00 M M 9.2 20 270 M M 0 31 270
4 90 54 72 M 0 7 0.00 M M 13.7 23 270 M M 0 35 270
5 91 55 73 M 0 8 0.00 M M 13.1 25 290 M M 0 33 270
6 95 57 76 M 0 11 0.00 M M 12.9 22 280 M M 0 31 280
7 96 62 79 M 0 14 0.00 M M 12.8 21 280 M M 0 28 250
8 100 71 86 M 0 21 0.00 M M 12.6 22 90 M M 1 8 39 130
9 96 69 83 M 0 18 0.00 M M 6.8 24 20 M M 1 36 280
10 100 67 84 M 0 19 0.00 M M 11.7 38 350 M M 0 47 350
11 101 72 87 M 0 22 0.00 M M 14.0 27 350 M M 1 38 340
12 99 66 83 M 0 18 0.00 M M 12.0 21 300 M M 0 29 290
13 98 68 83 M 0 18 0.00 M M 13.8 24 270 M M 1 8 38 230
14 94 59 77 M 0 12 0.00 M M 12.4 25 280 M M 0 33 280
15 96 65 81 M 0 16 0.00 M M 10.6 15 310 M M 0 22 280
16 100 63 82 M 0 17 0.00 M M 10.5 25 80 M M 1 44 80
17 93 64 79 M 0 14 0.08 M M 9.4 23 300 M M 5 3 29 260
18 90 63 77 M 0 12 0.00 M M 9.0 18 280 M M 4 3 25 230
19 83 64 74 M 0 9 0.03 M M 6.8 22 300 M M 5 32 300
20 88 61 75 M 0 10 0.53 M M 6.3 16 90 M M 3 3 29 270
21 82 61 72 M 0 7 0.40 M M 10.9 21 120 M M 7 3 27 110
22 81 61 71 M 0 6 0.04 M M 10.4 22 320 M M 6 25 320
23 91 64 78 M 0 13 0.02 M M 11.0 30 10 M M 4 38 10
24 82 65 74 M 0 9 0.00 M M 9.3 17 330 M M 7 27 330
25 89 65 77 M 0 12 0.11 M M 10.0 18 360 M M 4 3 24 320
26 84 63 74 M 0 9 0.08 M M 9.2 18 310 M M 7 28 290
27 86 61 74 M 0 9 0.43 M M 11.3 17 80 M M 8 3 24 80
28 85 64 75 M 0 10 0.04 M M 5.9 9 10 M M 7 10 160
29 88 65 77 M 0 12 0.00 M M 6.1 15 20 M M 3 8 M M
30 92 62 77 M 0 12 0.00 M M 8.4 25 290 M M 1 3 33 290
================================================================================
SM 2747 1876 0 372 1.76 M 305.1 M 76
================================================================================
AV 91.6 62.5 10.2 FASTST M M 3 MAX(MPH)
MISC ----> 38 350 47 350
================================================================================
NOTES:
# LAST OF SEVERAL OCCURRENCES
COLUMN 17 PEAK WIND IN M.P.H.
PRELIMINARY LOCAL CLIMATOLOGICAL DATA (WS FORM: F-6) , PAGE 2
STATION: SILVER CITY
MONTH: JUNE
YEAR: 2022
LATITUDE: 32 37 N
LONGITUDE: 108 10 W
[TEMPERATURE DATA] [PRECIPITATION DATA] SYMBOLS USED IN COLUMN 16
AVERAGE MONTHLY: 77.1 TOTAL FOR MONTH: 1.76 1 = FOG OR MIST
DPTR FM NORMAL: 0.0 DPTR FM NORMAL: M 2 = FOG REDUCING VISIBILITY
HIGHEST: 101 ON 11 GRTST 24HR 0.53 ON 20-20 TO 1/4 MILE OR LESS
LOWEST: 54 ON 4, 1 3 = THUNDER
SNOW, ICE PELLETS, HAIL 4 = ICE PELLETS
TOTAL MONTH: M 5 = HAIL
GRTST 24HR M ON M 6 = FREEZING RAIN OR DRIZZLE
GRTST DEPTH: M ON M 7 = DUSTSTORM OR SANDSTORM:
VSBY 1/2 MILE OR LESS
8 = SMOKE OR HAZE
[NO. OF DAYS WITH] [WEATHER - DAYS WITH] 9 = BLOWING SNOW
X = TORNADO
MAX 32 OR BELOW: 0 0.01 INCH OR MORE: 10
MAX 90 OR ABOVE: 20 0.10 INCH OR MORE: 4
MIN 32 OR BELOW: 0 0.50 INCH OR MORE: 1
MIN 0 OR BELOW: 0 1.00 INCH OR MORE: 0
[HDD (BASE 65) ]
TOTAL THIS MO. 0 CLEAR (SCALE 0-3) 18
DPTR FM NORMAL M PTCLDY (SCALE 4-7) 11
TOTAL FM JUL 1 3528 CLOUDY (SCALE 8-10) 1
DPTR FM NORMAL M
[CDD (BASE 65) ]
TOTAL THIS MO. 372
DPTR FM NORMAL M [PRESSURE DATA]
TOTAL FM JAN 1 516 HIGHEST SLP M ON M
DPTR FM NORMAL M LOWEST SLP M ON M
[REMARKS]
#FINAL-06-22#