000
CXUS54 KOUN 010910
CF6SWO
PRELIMINARY LOCAL CLIMATOLOGICAL DATA (WS FORM: F-6)
STATION: STILLWATER
MONTH: FEBRUARY
YEAR: 2022
LATITUDE: 36 10 N
LONGITUDE: 97 5 W
TEMPERATURE IN F: :PCPN: SNOW: WIND :SUNSHINE: SKY :PK WND
================================================================================
1 2 3 4 5 6A 6B 7 8 9 10 11 12 13 14 15 16 17 18
12Z AVG MX 2MIN
DY MAX MIN AVG DEP HDD CDD WTR SNW DPTH SPD SPD DIR MIN PSBL S-S WX SPD DR
================================================================================
1 65 36 51 11 14 0 0.04 0.0 M 13.6 25 30 M M 7 1 33 40
2 36 18 27 -13 38 0 0.07 M M 17.8 28 20 M M 10 16 37 20
3 20 15 18 -22 47 0 M M M 16.3 25 20 M M 10 18 32 360
4 33 9 21 -20 44 0 T M M 6.6 15 360 M M 2 1 19 360
5 48 8 28 -13 37 0 0.00 M M 8.5 24 190 M M 0 18 31 180
6 51 25 38 -3 27 0 0.00 M M 6.1 14 170 M M 0 17 160
7 60 21 41 0 24 0 0.00 M M 6.1 17 240 M M 0 23 260
8 70 31 51 10 14 0 0.00 M M 8.4 22 230 M M 0 27 220
9 69 31 50 8 15 0 0.00 M M 6.9 17 280 M M 0 23 300
10 62 38 50 8 15 0 0.00 M M 5.5 15 240 M M 2 20 240
11 64 39 52 10 13 0 0.00 M M 12.8 26 20 M M 0 34 10
12 42 24 33 -9 32 0 0.00 M M 11.5 28 360 M M 1 35 360
13 56 27 42 0 23 0 0.00 M M 7.1 17 330 M M 0 23 10
14 68 26 47 4 18 0 0.00 M M 5.1 13 110 M M 0 15 90
15 72 41 57 14 8 0 0.00 M M 18.2 33 170 M M 0 41 160
16 75 55 65 22 0 0 0.00 M M 17.4 32 190 M M 4 42 210
17 54 17 36 -8 29 0 0.57 M M 14.8 30 10 M M 8 1368 41 350
18 51 12 32 -12 33 0 0.00 M M 5.9 17 240 M M 0 22 220
19 61 29 45 1 20 0 0.00 M M 8.5 17 70 M M 0 20 70
20 72 44 58 14 7 0 0.00 M M 15.4 26 210 M M 0 35 200
21 76 48 62 17 3 0 T M M 15.1 26 170 M M 0 31 330
22 48 18 33 -12 32 0 T M M 15.1 25 320 M M 4 35 310
23 19 12 16 -29 49 0 0.08 M M 14.0 23 20 M M 8 89 30 10
24 23 13 18 -28 47 0 0.01 M M 7.8 14 30 M M 8 168 18 330
25 33 12 23 -23 42 0 0.00 M M 7.2 15 10 M M 0 21 10
26 46 18 32 -14 33 0 0.00 M M 5.0 10 30 M M 0 13 10
27 59 20 40 -6 25 0 0.00 M M 4.3 16 260 M M 0 22 270
28 72 29 51 4 14 0 0.00 M M 6.7 15 220 M M 0 18 220
================================================================================
SM 1505 716 703 0 0.77 0.0 287.7 M 64
================================================================================
AV 53.8 25.6 10.3 FASTST M M 2 MAX(MPH)
MISC ----> 33 170 42 210
================================================================================
NOTES:
# LAST OF SEVERAL OCCURRENCES
COLUMN 17 PEAK WIND IN M.P.H.
PRELIMINARY LOCAL CLIMATOLOGICAL DATA (WS FORM: F-6) , PAGE 2
STATION: STILLWATER
MONTH: FEBRUARY
YEAR: 2022
LATITUDE: 36 10 N
LONGITUDE: 97 5 W
[TEMPERATURE DATA] [PRECIPITATION DATA] SYMBOLS USED IN COLUMN 16
AVERAGE MONTHLY: 39.7 TOTAL FOR MONTH: 0.77 1 = FOG OR MIST
DPTR FM NORMAL: -3.4 DPTR FM NORMAL: -0.56 2 = FOG REDUCING VISIBILITY
HIGHEST: 76 ON 21 GRTST 24HR 0.57 ON 17-17 TO 1/4 MILE OR LESS
LOWEST: 8 ON 5 3 = THUNDER
SNOW, ICE PELLETS, HAIL 4 = ICE PELLETS
TOTAL MONTH: 0.0 INCH 5 = HAIL
GRTST 24HR 0.0 6 = FREEZING RAIN OR DRIZZLE
GRTST DEPTH: M ON M 7 = DUSTSTORM OR SANDSTORM:
VSBY 1/2 MILE OR LESS
8 = SMOKE OR HAZE
[NO. OF DAYS WITH] [WEATHER - DAYS WITH] 9 = BLOWING SNOW
X = TORNADO
MAX 32 OR BELOW: 3 0.01 INCH OR MORE: 5
MAX 90 OR ABOVE: 0 0.10 INCH OR MORE: 1
MIN 32 OR BELOW: 21 0.50 INCH OR MORE: 1
MIN 0 OR BELOW: 0 1.00 INCH OR MORE: 0
[HDD (BASE 65) ]
TOTAL THIS MO. 703 CLEAR (SCALE 0-3) 20
DPTR FM NORMAL 88 PTCLDY (SCALE 4-7) 6
TOTAL FM JUL 1 2442 CLOUDY (SCALE 8-10) 2
DPTR FM NORMAL -363
[CDD (BASE 65) ]
TOTAL THIS MO. 0
DPTR FM NORMAL -2 [PRESSURE DATA]
TOTAL FM JAN 1 0 HIGHEST SLP 30.68 ON 25
DPTR FM NORMAL 0 LOWEST SLP 29.55 ON 21
[REMARKS]
#FINAL-02-22#