000
CXUS54 KBMX 011010
CF6TCL
PRELIMINARY LOCAL CLIMATOLOGICAL DATA (WS FORM: F-6)
STATION: TUSCALOOSA
MONTH: MARCH
YEAR: 2022
LATITUDE: 33 13 N
LONGITUDE: 87 37 W
TEMPERATURE IN F: :PCPN: SNOW: WIND :SUNSHINE: SKY :PK WND
================================================================================
1 2 3 4 5 6A 6B 7 8 9 10 11 12 13 14 15 16 17 18
12Z AVG MX 2MIN
DY MAX MIN AVG DEP HDD CDD WTR SNW DPTH SPD SPD DIR MIN PSBL S-S WX SPD DR
================================================================================
1 70 34 52 -1 13 0 0.00 0.0 0 2.2 9 250 M M 0 13 250
2 77 35 56 2 9 0 0.00 0.0 0 1.5 8 270 M M 0 12 200
3 80 38 59 5 6 0 0.00 0.0 0 1.5 10 200 M M 0 13 200
4 82 40 61 7 4 0 0.00 0.0 0 2.7 14 200 M M 0 17 200
5 82 46 64 10 1 0 0.00 0.0 0 8.1 22 180 M M 3 28 180
6 81 61 71 16 0 6 0.00 0.0 0 9.5 17 190 M M 4 18 24 180
7 81 51 66 11 0 1 0.03 0.0 M 11.7 23 200 M M 7 1 31 230
8 53 48 51 -4 14 0 0.46 0.0 0 8.7 16 310 M M 9 13 20 300
9 57 45 51 -4 14 0 0.23 0.0 0 6.4 15 10 M M 7 13 20 10
10 70 44 57 1 8 0 0.00 0.0 0 3.8 10 10 M M 1 13 10
11 76 40 58 2 7 0 0.20 0.0 0 5.4 23 350 M M 5 1 32 330
12 43 28 36 -20 29 0 0.11 T 0 11.1 25 360 M M 4 1 36 360
13 60 24 42 -14 23 0 0.00 0.0 0 2.6 10 190 M M 0 14 200
14 69 31 50 -6 15 0 0.00 0.0 0 4.2 15 200 M M 2 22 210
15 61 48 55 -2 10 0 0.50 0.0 0 4.6 14 70 M M 8 1 19 70
16 68 48 58 1 7 0 0.04 0.0 M 4.0 14 240 M M 6 12 16 240
17 76 44 60 3 5 0 0.00 0.0 0 2.7 14 170 M M 2 12 19 210
18 77 54 66 8 0 1 1.45 0.0 0 7.8 18 290 M M 6 13 25 260
19 65 42 54 -4 11 0 0.00 0.0 0 5.8 16 300 M M 1 22 270
20 76 37 57 -1 8 0 0.00 0.0 0 2.1 15 30 M M 0 18 30
21 77 41 59 1 6 0 0.00 0.0 0 5.3 15 140 M M 0 23 150
22 78 56 67 9 0 2 3.56 0.0 0 9.4 23 160 M M 7 13 38 140
23 65 46 56 -2 9 0 0.00 0.0 0 7.2 21 230 M M 5 26 240
24 69 41 55 -4 10 0 0.00 0.0 0 4.9 17 250 M M 1 25 270
25 68 41 55 -4 10 0 0.00 0.0 0 5.3 18 270 M M 1 27 260
26 70 43 57 -2 8 0 0.00 0.0 0 6.4 21 310 M M 0 27 270
27 71 40 56 -3 9 0 0.00 0.0 0 3.2 13 20 M M 1 16 70
28 76 46 61 1 4 0 0.00 0.0 0 3.4 9 50 M M 2 12 40
29 80 50 65 5 0 0 0.00 0.0 0 7.6 20 170 M M 3 8 25 170
30 83 61 72 12 0 7 1.20 0.0 0 12.8 33 170 M M 4 13 49 170
31 65 48 57 -3 8 0 0.00 0.0 0 6.6 15 250 M M 5 21 310
================================================================================
SM 2206 1351 248 17 7.78 T 178.5 M 94
================================================================================
AV 71.2 43.6 5.8 FASTST M M 3 MAX(MPH)
MISC ----> 33 170 49 170
================================================================================
NOTES:
# LAST OF SEVERAL OCCURRENCES
COLUMN 17 PEAK WIND IN M.P.H.
PRELIMINARY LOCAL CLIMATOLOGICAL DATA (WS FORM: F-6) , PAGE 2
STATION: TUSCALOOSA
MONTH: MARCH
YEAR: 2022
LATITUDE: 33 13 N
LONGITUDE: 87 37 W
[TEMPERATURE DATA] [PRECIPITATION DATA] SYMBOLS USED IN COLUMN 16
AVERAGE MONTHLY: 57.4 TOTAL FOR MONTH: 7.78 1 = FOG OR MIST
DPTR FM NORMAL: 0.5 DPTR FM NORMAL: 2.96 2 = FOG REDUCING VISIBILITY
HIGHEST: 83 ON 30 GRTST 24HR 3.56 ON 22-22 TO 1/4 MILE OR LESS
LOWEST: 24 ON 13 3 = THUNDER
SNOW, ICE PELLETS, HAIL 4 = ICE PELLETS
TOTAL MONTH: T 5 = HAIL
GRTST 24HR T ON 12-12 6 = FREEZING RAIN OR DRIZZLE
GRTST DEPTH: 0 7 = DUSTSTORM OR SANDSTORM:
VSBY 1/2 MILE OR LESS
8 = SMOKE OR HAZE
[NO. OF DAYS WITH] [WEATHER - DAYS WITH] 9 = BLOWING SNOW
X = TORNADO
MAX 32 OR BELOW: 0 0.01 INCH OR MORE: 10
MAX 90 OR ABOVE: 0 0.10 INCH OR MORE: 8
MIN 32 OR BELOW: 3 0.50 INCH OR MORE: 4
MIN 0 OR BELOW: 0 1.00 INCH OR MORE: 3
[HDD (BASE 65) ]
TOTAL THIS MO. 248 CLEAR (SCALE 0-3) 18
DPTR FM NORMAL -26 PTCLDY (SCALE 4-7) 12
TOTAL FM JUL 1 1993 CLOUDY (SCALE 8-10) 1
DPTR FM NORMAL -291
[CDD (BASE 65) ]
TOTAL THIS MO. 17
DPTR FM NORMAL -6 [PRESSURE DATA]
TOTAL FM JAN 1 37 HIGHEST SLP 30.51 ON 13
DPTR FM NORMAL 7 LOWEST SLP 29.55 ON 30
[REMARKS]
#FINAL-03-22#