000
CXUS54 KBMX 011110
CF6TCL
PRELIMINARY LOCAL CLIMATOLOGICAL DATA (WS FORM: F-6)
STATION: TUSCALOOSA
MONTH: FEBRUARY
YEAR: 2021
LATITUDE: 33 13 N
LONGITUDE: 87 37 W
TEMPERATURE IN F: :PCPN: SNOW: WIND :SUNSHINE: SKY :PK WND
================================================================================
1 2 3 4 5 6A 6B 7 8 9 10 11 12 13 14 15 16 17 18
12Z AVG MX 2MIN
DY MAX MIN AVG DEP HDD CDD WTR SNW DPTH SPD SPD DIR MIN PSBL S-S WX SPD DR
================================================================================
1 43 37 40 -6 25 0 0.00 0.0 0 12.3 20 330 M M 10 29 320
2 51 31 41 -5 24 0 0.00 0.0 0 7.7 14 340 M M 0 20 340
3 56 27 42 -4 23 0 0.00 0.0 0 2.6 10 10 M M 0 13 10
4 61 31 46 0 19 0 0.14 0.0 0 7.0 18 300 M M 4 1 24 200
5 56 32 44 -2 21 0 0.03 0.0 0 5.0 14 360 M M 2 1 23 320
6 50 30 40 -7 25 0 0.18 0.0 0 6.2 13 300 M M 8 13 19 90
7 48 34 41 -6 24 0 0.01 0.0 0 7.2 17 360 M M 8 1 23 360
8 64 29 47 0 18 0 0.00 0.0 M 4.4 14 180 M M 2 1 20 180
9 70 45 58 11 7 0 0.00 0.0 M 2.5 10 60 M M 6 1 15 90
10 74 40 57 9 8 0 0.00 0.0 0 2.6 10 180 M M 1 1 13 190
11 62 43 53 5 12 0 1.11 0.0 0 5.5 16 310 M M 10 13 21 230
12 43 36 40 -8 25 0 0.08 0.0 M 9.4 15 360 M M 10 1 19 350
13 39 35 37 -11 28 0 0.09 0.0 M 8.7 14 320 M M 10 1 17 350
14 41 34 38 -10 27 0 0.00 0.0 0 9.5 15 360 M M 10 18 18 360
15 41 19 30 -19 35 0 0.93 T 0 9.0 31 260 M M 10 1 50 260
16 27 16 22 -27 43 0 T T 0 7.6 14 310 M M 7 18 19 320
17 47 20 34 -15 31 0 1.45 0.0 0 6.6 15 30 M M 6 1 20 90
18 44 35 40 -10 25 0 0.27 0.0 0 8.5 16 320 M M 10 1 20 320
19 49 28 39 -11 26 0 0.00 0.0 0 7.9 15 360 M M 4 1 19 310
20 56 23 40 -10 25 0 0.00 0.0 0 1.2 6 90 M M 0 1 10 150
21 65 26 46 -4 19 0 0.00 0.0 0 6.7 18 170 M M 2 26 180
22 65 37 51 0 14 0 0.01 0.0 0 8.1 15 310 M M 5 1 20 280
23 74 31 53 2 12 0 0.00 0.0 M 2.6 12 240 M M 0 15 300
24 76 35 56 5 9 0 T 0.0 0 3.9 15 190 M M 1 22 200
25 76 52 64 12 1 0 0.00 0.0 0 3.9 13 40 M M 5 17 50
26 78 52 65 13 0 0 T 0.0 0 7.7 18 40 M M 5 23 190
27 80 65 73 21 0 8 0.00 0.0 0 8.7 18 180 M M 7 25 170
28 84 67 76 24 0 11 0.11 0.0 0 10.6 22 190 M M 7 1 28 190
================================================================================
SM 1620 990 526 19 4.41 T 183.6 M 150
================================================================================
AV 57.9 35.4 6.6 FASTST M M 5 MAX(MPH)
MISC ----> 31 260 50 260
================================================================================
NOTES:
# LAST OF SEVERAL OCCURRENCES
COLUMN 17 PEAK WIND IN M.P.H.
PRELIMINARY LOCAL CLIMATOLOGICAL DATA (WS FORM: F-6) , PAGE 2
STATION: TUSCALOOSA
MONTH: FEBRUARY
YEAR: 2021
LATITUDE: 33 13 N
LONGITUDE: 87 37 W
[TEMPERATURE DATA] [PRECIPITATION DATA] SYMBOLS USED IN COLUMN 16
AVERAGE MONTHLY: 46.6 TOTAL FOR MONTH: 4.41 1 = FOG OR MIST
DPTR FM NORMAL: -2.1 DPTR FM NORMAL: -0.91 2 = FOG REDUCING VISIBILITY
HIGHEST: 84 ON 28 GRTST 24HR 1.72 ON 17-18 TO 1/4 MILE OR LESS
LOWEST: 16 ON 16 3 = THUNDER
SNOW, ICE PELLETS, HAIL 4 = ICE PELLETS
TOTAL MONTH: T 5 = HAIL
GRTST 24HR T ON 15-15 6 = FREEZING RAIN OR DRIZZLE
GRTST DEPTH: 0 7 = DUSTSTORM OR SANDSTORM:
VSBY 1/2 MILE OR LESS
8 = SMOKE OR HAZE
[NO. OF DAYS WITH] [WEATHER - DAYS WITH] 9 = BLOWING SNOW
X = TORNADO
MAX 32 OR BELOW: 1 0.01 INCH OR MORE: 12
MAX 90 OR ABOVE: 0 0.10 INCH OR MORE: 7
MIN 32 OR BELOW: 13 0.50 INCH OR MORE: 3
MIN 0 OR BELOW: 0 1.00 INCH OR MORE: 2
[HDD (BASE 65) ]
TOTAL THIS MO. 526 CLEAR (SCALE 0-3) 9
DPTR FM NORMAL 68 PTCLDY (SCALE 4-7) 12
TOTAL FM JUL 1 1936 CLOUDY (SCALE 8-10) 7
DPTR FM NORMAL -153
[CDD (BASE 65) ]
TOTAL THIS MO. 19
DPTR FM NORMAL 16 [PRESSURE DATA]
TOTAL FM JAN 1 23 HIGHEST SLP 30.47 ON 20
DPTR FM NORMAL 21 LOWEST SLP 29.75 ON 4
[REMARKS]
#FINAL-02-21#