000
CXUS54 KBMX 011010
CF6TCL
PRELIMINARY LOCAL CLIMATOLOGICAL DATA (WS FORM: F-6)
STATION: TUSCALOOSA
MONTH: SEPTEMBER
YEAR: 2020
LATITUDE: 33 13 N
LONGITUDE: 87 37 W
TEMPERATURE IN F: :PCPN: SNOW: WIND :SUNSHINE: SKY :PK WND
================================================================================
1 2 3 4 5 6A 6B 7 8 9 10 11 12 13 14 15 16 17 18
12Z AVG MX 2MIN
DY MAX MIN AVG DEP HDD CDD WTR SNW DPTH SPD SPD DIR MIN PSBL S-S WX SPD DR
================================================================================
1 92 73 83 3 0 18 0.00 0.0 0 5.7 15 200 M M 2 1 20 190
2 91 76 84 4 0 19 0.00 0.0 0 5.5 12 210 M M 3 1 16 200
3 92 75 84 5 0 19 0.00 0.0 0 4.3 13 240 M M 1 1 16 250
4 96 72 84 5 0 19 0.00 0.0 0 3.4 13 360 M M 1 18 17 360
5 90 68 79 0 0 14 0.00 0.0 0 5.2 12 10 M M 0 15 10
6 93 64 79 0 0 14 0.00 0.0 0 3.3 13 40 M M 0 16 40
7 91 64 78 0 0 13 0.00 0.0 0 2.3 9 120 M M 0 1 13 130
8 92 66 79 1 0 14 0.00 0.0 0 3.9 10 60 M M 1 1 14 60
9 91 68 80 2 0 15 0.00 0.0 0 3.5 9 40 M M 1 14 170
10 93 68 81 3 0 16 0.00 0.0 0 4.0 13 30 M M 2 1 21 50
11 92 73 83 6 0 18 T 0.0 0 3.1 13 70 M M 5 3 16 70
12 92 73 83 6 0 18 0.10 0.0 0 3.4 13 190 M M 4 138 16 100
13 92 74 83 6 0 18 0.00 0.0 0 6.6 18 360 M M 3 23 360
14 94 73 84 8 0 19 T 0.0 0 8.2 17 60 M M 2 24 60
15 89 74 82 6 0 17 0.08 0.0 0 10.6 20 60 M M 4 18 29 110
16 76 72 74 -2 0 9 T 0.0 0 14.0 23 40 M M 5 29 60
17 92 72 82 7 0 17 0.00 0.0 0 9.7 18 350 M M 3 23 350
18 86 67 77 2 0 12 0.00 0.0 0 9.8 17 10 M M 0 23 30
19 81 66 74 0 0 9 0.00 0.0 0 7.3 13 70 M M 3 18 100
20 84 63 74 0 0 9 0.00 0.0 0 8.3 18 50 M M 0 23 50
21 79 62 71 -3 0 6 0.00 0.0 0 8.5 16 100 M M 0 24 90
22 76 59 68 -5 0 3 T 0.0 0 5.9 10 70 M M 5 15 90
23 80 64 72 -1 0 7 0.32 0.0 0 5.8 14 360 M M 10 1 17 100
24 75 63 69 -3 0 4 0.31 0.0 0 7.6 16 210 M M 10 1 22 80
25 74 68 71 -1 0 6 T 0.0 M 2.3 8 240 M M 10 1 17 340
26 84 67 76 4 0 11 T 0.0 M 2.6 12 200 M M 8 1 14 170
27 87 65 76 5 0 11 T 0.0 M 2.2 9 200 M M 2 1 M M
28 87 62 75 4 0 10 0.03 0.0 M 7.2 23 310 M M 8 13 30 320
29 76 51 64 -7 1 0 0.01 0.0 M 5.1 18 310 M M 3 18 24 310
30 80 49 65 -5 0 0 0.00 0.0 M 2.3 13 210 M M 1 12 17 210
================================================================================
SM 2597 2011 1 365 0.85 0.0 171.6 M 97
================================================================================
AV 86.6 67.0 5.7 FASTST M M 3 MAX(MPH)
MISC ----> # 23 40 30 320
================================================================================
NOTES:
# LAST OF SEVERAL OCCURRENCES
COLUMN 17 PEAK WIND IN M.P.H.
PRELIMINARY LOCAL CLIMATOLOGICAL DATA (WS FORM: F-6) , PAGE 2
STATION: TUSCALOOSA
MONTH: SEPTEMBER
YEAR: 2020
LATITUDE: 33 13 N
LONGITUDE: 87 37 W
[TEMPERATURE DATA] [PRECIPITATION DATA] SYMBOLS USED IN COLUMN 16
AVERAGE MONTHLY: 76.8 TOTAL FOR MONTH: 0.85 1 = FOG OR MIST
DPTR FM NORMAL: 1.3 DPTR FM NORMAL: -2.67 2 = FOG REDUCING VISIBILITY
HIGHEST: 96 ON 4 GRTST 24HR 0.61 ON 23-24 TO 1/4 MILE OR LESS
LOWEST: 49 ON 30 3 = THUNDER
SNOW, ICE PELLETS, HAIL 4 = ICE PELLETS
TOTAL MONTH: 0.0 INCH 5 = HAIL
GRTST 24HR 0.0 6 = FREEZING RAIN OR DRIZZLE
GRTST DEPTH: 0 7 = DUSTSTORM OR SANDSTORM:
VSBY 1/2 MILE OR LESS
8 = SMOKE OR HAZE
[NO. OF DAYS WITH] [WEATHER - DAYS WITH] 9 = BLOWING SNOW
X = TORNADO
MAX 32 OR BELOW: 0 0.01 INCH OR MORE: 6
MAX 90 OR ABOVE: 15 0.10 INCH OR MORE: 3
MIN 32 OR BELOW: 0 0.50 INCH OR MORE: 0
MIN 0 OR BELOW: 0 1.00 INCH OR MORE: 0
[HDD (BASE 65) ]
TOTAL THIS MO. 1 CLEAR (SCALE 0-3) 20
DPTR FM NORMAL -6 PTCLDY (SCALE 4-7) 7
TOTAL FM JUL 1 1 CLOUDY (SCALE 8-10) 3
DPTR FM NORMAL -4
[CDD (BASE 65) ]
TOTAL THIS MO. 365
DPTR FM NORMAL 45 [PRESSURE DATA]
TOTAL FM JAN 1 2179 HIGHEST SLP 30.31 ON 21
DPTR FM NORMAL 122 LOWEST SLP 29.74 ON 24
[REMARKS]
#FINAL-09-20#