000
CXUS55 KCYS 171342
CF6TOR
PRELIMINARY LOCAL CLIMATOLOGICAL DATA (WS FORM: F-6)...CORRECTED
STATION: TORRINGTON WY AIRPORT
MONTH: OCTOBER
YEAR: 2021
LATITUDE: 42 3 N
LONGITUDE: 104 9 W
TEMPERATURE IN F: :PCPN: SNOW: WIND :SUNSHINE: SKY :PK WND
================================================================================
1 2 3 4 5 6A 6B 7 8 9 10 11 12 13 14 15 16 17 18
12Z AVG MX 2MIN
DY MAX MIN AVG DEP HDD CDD WTR SNW DPTH SPD SPD DIR MIN PSBL S-S WX SPD DR
================================================================================
1 73 33 53 -2 12 0 0.00 M M 3.7 13 180 M M 0 17 170
2 76 38 57 3 8 0 0.00 M M 6.6 16 10 M M 0 22 350
3 82 33 58 4 7 0 0.00 M M 3.8 15 300 M M 0 21 300
4 84 36 60 6 5 0 0.00 M M 5.2 14 110 M M 0 19 110
5 87 45 66 13 0 1 0.00 M M 9.4 23 150 M M 0 8 31 140
6 84 45 65 13 0 0 0.00 M M 8.7 21 170 M M 1 28 170
7 79 47 63 11 2 0 0.01 M M 6.7 32 230 M M 2 43 220
8 75 45 60 8 5 0 0.02 M M 4.3 17 360 M M 4 1 23 240
9 72 48 60 9 5 0 0.01 M M 13.2 31 290 M M 5 47 290
10 69 40 55 4 10 0 T M M 9.0 21 280 M M 1 29 320
11 68 32 50 0 15 0 0.00 M M 10.5 23 100 M M 3 37 100
12 52 31 42 -8 23 0 0.38 M M 18.4 32 60 M M 10 13 42 290
13 44 30 37 -12 28 0 0.05 M M 19.3 40 290 M M 5 18 60 310
14 51 26 39 -10 26 0 0.00 M M 6.4 17 340 M M 3 23 350
15 52 31 42 -6 23 0 0.00 M M 8.3 23 310 M M 3 37 300
16 66 32 49 1 16 0 0.00 M M 4.5 15 290 M M 0 23 290
17 77 28 53 5 12 0 0.00 M M 6.7 15 110 M M 0 8 22 110
18 76 33 55 8 10 0 0.00 M M 5.4 15 230 M M 0 20 230
19 54 34 44 -3 21 0 0.60 M M 10.1 24 360 M M 6 1 31 360
20 58 35 47 1 18 0 0.00 M M 5.6 16 330 M M 6 24 330
21 67 31 49 3 16 0 0.00 M M 5.2 15 300 M M 0 20 300
22 72 30 51 5 14 0 0.00 M M 4.2 13 270 M M 0 15 310
23 54 34 44 -1 21 0 T M M 6.7 16 270 M M 4 12 22 260
24 61 36 49 4 16 0 0.00 M M 9.0 17 290 M M 0 24 270
25 69 37 53 9 12 0 0.00 M M 11.5 20 120 M M 0 27 130
26 58 40 49 5 16 0 0.18 M M 13.2 29 310 M M 8 12 40 300
27 59 34 47 3 18 0 T M M 14.4 32 360 M M 4 49 330
28 M M M M M M M M M M M M M M 5 M M
29 M M M M M M M M M M M M M M M M M
30 M M M M M M M M M M M M M M M M M
31 M M M M M M M M M M M M M M M M M
================================================================================
SM 1819 964 359 1 1.25 M 230.0 M 70
================================================================================
AV 67.4 35.7 8.5 FASTST M M 3 MAX(MPH)
MISC ----> 40 290 60 310
================================================================================
NOTES:
# LAST OF SEVERAL OCCURRENCES
COLUMN 17 PEAK WIND IN M.P.H.
PRELIMINARY LOCAL CLIMATOLOGICAL DATA (WS FORM: F-6) , PAGE 2
STATION: TORRINGTON WY AIRPORT
MONTH: OCTOBER
YEAR: 2021
LATITUDE: 42 3 N
LONGITUDE: 104 9 W
[TEMPERATURE DATA] [PRECIPITATION DATA] SYMBOLS USED IN COLUMN 16
AVERAGE MONTHLY: 51.5 TOTAL FOR MONTH: 1.25 1 = FOG OR MIST
DPTR FM NORMAL: 3.3 DPTR FM NORMAL: 0.16 2 = FOG REDUCING VISIBILITY
HIGHEST: 87 ON 5 GRTST 24HR 0.60 ON 19-19 TO 1/4 MILE OR LESS
LOWEST: 26 ON 14 3 = THUNDER
SNOW, ICE PELLETS, HAIL 4 = ICE PELLETS
TOTAL MONTH: M 5 = HAIL
GRTST 24HR M ON M 6 = FREEZING RAIN OR DRIZZLE
GRTST DEPTH: M ON M 7 = DUSTSTORM OR SANDSTORM:
VSBY 1/2 MILE OR LESS
8 = SMOKE OR HAZE
[NO. OF DAYS WITH] [WEATHER - DAYS WITH] 9 = BLOWING SNOW
X = TORNADO
MAX 32 OR BELOW: 0 0.01 INCH OR MORE: 7
MAX 90 OR ABOVE: 0 0.10 INCH OR MORE: 3
MIN 32 OR BELOW: 9 0.50 INCH OR MORE: 1
MIN 0 OR BELOW: 0 1.00 INCH OR MORE: 0
[HDD (BASE 65) ]
TOTAL THIS MO. 359 CLEAR (SCALE 0-3) 18
DPTR FM NORMAL -163 PTCLDY (SCALE 4-7) 9
TOTAL FM JUL 1 434 CLOUDY (SCALE 8-10) 4
DPTR FM NORMAL -252
[CDD (BASE 65) ]
TOTAL THIS MO. 1
DPTR FM NORMAL 0 [PRESSURE DATA]
TOTAL FM JAN 1 951 HIGHEST SLP M ON M
DPTR FM NORMAL 226 LOWEST SLP 29.42 ON 26
[REMARKS]
OCTOBER 28-31...MISSING DATA.
#FINAL-10-21#