000
CXUS54 KMRX 011030
CF6TRI
PRELIMINARY LOCAL CLIMATOLOGICAL DATA (WS FORM: F-6)
STATION: TRI-CITIES AIRPORT
MONTH: OCTOBER
YEAR: 2022
LATITUDE: 36 28 N
LONGITUDE: 82 24 W
TEMPERATURE IN F: :PCPN: SNOW: WIND :SUNSHINE: SKY :PK WND
================================================================================
1 2 3 4 5 6A 6B 7 8 9 10 11 12 13 14 15 16 17 18
12Z AVG MX 2MIN
DY MAX MIN AVG DEP HDD CDD WTR SNW DPTH SPD SPD DIR MIN PSBL S-S WX SPD DR
================================================================================
1 56 52 54 -9 11 0 0.31 0.0 0 4.5 8 350 M M 10 18 12 330
2 60 53 57 -6 8 0 0.00 0.0 0 4.1 10 350 M M 10 16 350
3 60 46 53 -9 12 0 0.00 0.0 0 4.1 12 10 M M 9 19 360
4 69 42 56 -6 9 0 0.00 0.0 0 2.5 13 350 M M 5 12 18 350
5 72 38 55 -7 10 0 0.00 0.0 0 2.2 13 290 M M 3 12 20 300
6 75 41 58 -3 7 0 0.00 0.0 0 0.9 8 270 M M 2 12 240
7 76 42 59 -2 6 0 0.00 0.0 0 4.5 18 250 M M 3 18 25 250
8 63 37 50 -10 15 0 0.00 0.0 0 2.2 12 330 M M 3 1 16 310
9 67 36 52 -8 13 0 0.00 0.0 0 1.7 12 300 M M 3 15 290
10 70 36 53 -7 12 0 0.00 0.0 0 1.3 6 20 M M 1 18 10 80
11 75 37 56 -3 9 0 0.00 0.0 0 0.7 8 250 M M 3 1 12 220
12 79 48 64 5 1 0 T 0.0 0 4.6 17 180 M M 7 13 27 190
13 73 42 58 0 7 0 T 0.0 0 6.3 22 230 M M 7 1 32 230
14 69 35 52 -6 13 0 T 0.0 0 4.4 23 220 M M 1 31 230
15 79 36 58 0 7 0 T 0.0 0 5.5 22 250 M M 4 29 250
16 70 51 61 4 4 0 0.18 0.0 0 3.7 17 230 M M 9 1 22 230
17 66 42 54 -3 11 0 0.09 0.0 0 11.5 24 260 M M 6 1 33 260
18 43 32 38 -18 27 0 0.00 0.0 0 7.3 14 260 M M 7 17 260
19 55 32 44 -12 21 0 0.00 0.0 0 8.8 20 220 M M 5 25 290
20 59 27 43 -13 22 0 0.00 0.0 0 3.5 20 240 M M 2 28 240
21 67 28 48 -7 17 0 0.00 0.0 0 0.4 7 280 M M 2 9 300
22 73 32 53 -2 12 0 0.00 0.0 0 0.1 7 150 M M 2 10 250
23 75 35 55 1 10 0 0.00 0.0 0 1.0 7 110 M M 2 9 110
24 78 36 57 3 8 0 0.00 0.0 0 0.8 6 150 M M 2 8 290
25 78 37 58 4 7 0 0.02 0.0 0 3.4 16 170 M M 5 23 160
26 61 51 56 3 9 0 0.05 0.0 0 7.7 18 230 M M 10 23 230
27 68 42 55 2 10 0 0.00 0.0 0 4.7 10 50 M M 4 17 50
28 70 41 56 3 9 0 0.00 0.0 0 1.7 8 140 M M 3 12 130
29 73 37 55 3 10 0 0.00 0.0 0 1.2 7 140 M M 2 1 9 130
30 68 46 57 5 8 0 0.09 0.0 0 1.4 8 90 M M 8 1 11 100
31 69 55 62 10 3 0 0.10 0.0 0 2.0 13 270 M M 10 1 17 270
================================================================================
SM 2116 1245 328 0 0.84 0.0 108.7 M 150
================================================================================
AV 68.3 40.2 3.5 FASTST M M 5 MAX(MPH)
MISC ----> 24 260 33 260
================================================================================
NOTES:
# LAST OF SEVERAL OCCURRENCES
COLUMN 17 PEAK WIND IN M.P.H.
PRELIMINARY LOCAL CLIMATOLOGICAL DATA (WS FORM: F-6) , PAGE 2
STATION: TRI-CITIES AIRPORT
MONTH: OCTOBER
YEAR: 2022
LATITUDE: 36 28 N
LONGITUDE: 82 24 W
[TEMPERATURE DATA] [PRECIPITATION DATA] SYMBOLS USED IN COLUMN 16
AVERAGE MONTHLY: 54.2 TOTAL FOR MONTH: 0.84 1 = FOG OR MIST
DPTR FM NORMAL: -3.1 DPTR FM NORMAL: -1.68 2 = FOG REDUCING VISIBILITY
HIGHEST: 79 ON 15,12 GRTST 24HR 0.85 ON 30- 1 TO 1/4 MILE OR LESS
LOWEST: 27 ON 20 3 = THUNDER
SNOW, ICE PELLETS, HAIL 4 = ICE PELLETS
TOTAL MONTH: 0.0 INCH 5 = HAIL
GRTST 24HR 0.0 6 = FREEZING RAIN OR DRIZZLE
GRTST DEPTH: 0 7 = DUSTSTORM OR SANDSTORM:
VSBY 1/2 MILE OR LESS
8 = SMOKE OR HAZE
[NO. OF DAYS WITH] [WEATHER - DAYS WITH] 9 = BLOWING SNOW
X = TORNADO
MAX 32 OR BELOW: 0 0.01 INCH OR MORE: 7
MAX 90 OR ABOVE: 0 0.10 INCH OR MORE: 3
MIN 32 OR BELOW: 5 0.50 INCH OR MORE: 0
MIN 0 OR BELOW: 0 1.00 INCH OR MORE: 0
[HDD (BASE 65) ]
TOTAL THIS MO. 328 CLEAR (SCALE 0-3) 14
DPTR FM NORMAL 69 PTCLDY (SCALE 4-7) 10
TOTAL FM JUL 1 381 CLOUDY (SCALE 8-10) 7
DPTR FM NORMAL 85
[CDD (BASE 65) ]
TOTAL THIS MO. 0
DPTR FM NORMAL -19 [PRESSURE DATA]
TOTAL FM JAN 1 1285 HIGHEST SLP 30.35 ON 29
DPTR FM NORMAL 182 LOWEST SLP 29.68 ON 17
[REMARKS]
#FINAL-10-22#