000
CXUS56 KSGX 011245
CF6TRM
PRELIMINARY LOCAL CLIMATOLOGICAL DATA (WS FORM: F-6)
STATION: THERMAL AIRPORT CA
MONTH: APRIL
YEAR: 2020
LATITUDE: 33 37 N
LONGITUDE: 116 10 W
TEMPERATURE IN F: :PCPN: SNOW: WIND :SUNSHINE: SKY :PK WND
================================================================================
1 2 3 4 5 6A 6B 7 8 9 10 11 12 13 14 15 16 17 18
12Z AVG MX 2MIN
DY MAX MIN AVG DEP HDD CDD WTR SNW DPTH SPD SPD DIR MIN PSBL S-S WX SPD DR
================================================================================
1 87 53 70 3 0 5 0.00 0.0 M 7.1 25 340 M M 0 32 340
2 85 64 75 8 0 10 0.00 0.0 0 12.2 24 330 M M 0 31 330
3 85 63 74 7 0 9 0.00 0.0 0 11.9 24 330 M M 0 32 330
4 83 61 72 4 0 7 0.00 0.0 0 11.2 22 340 M M 0 28 350
5 81 59 70 2 0 5 0.00 0.0 0 10.2 22 340 M M 0 28 340
6 79 51 65 -3 0 0 0.00 0.0 0 4.7 17 200 M M 4 26 190
7 74 60 67 -1 0 2 0.03 0.0 0 6.8 13 320 M M 9 8 21 320
8 67 52 60 -8 5 0 0.49 0.0 0 8.2 21 330 M M 6 1 26 340
9 66 45 56 -12 9 0 0.01 M 0 4.3 16 320 M M 5 21 320
10 62 53 58 -11 7 0 0.18 0.0 0 5.3 12 310 M M 9 14 330
11 76 54 65 -4 0 0 0.01 0.0 0 4.6 14 120 M M 4 18 120
12 77 52 65 -4 0 0 0.00 0.0 0 9.7 24 330 M M 0 30 330
13 81 61 71 1 0 6 0.00 0.0 0 13.3 25 320 M M 0 32 320
14 85 56 71 1 0 6 0.00 0.0 0 5.8 18 340 M M 1 23 340
15 90 48 69 -1 0 4 0.00 0.0 0 6.0 15 150 M M 0 19 140
16 88 50 69 -1 0 4 0.00 0.0 0 6.6 17 330 M M 0 22 320
17 85 60 73 3 0 8 0.00 0.0 0 10.8 25 340 M M 0 33 330
18 82 62 72 1 0 7 0.00 0.0 0 15.5 26 330 M M 0 34 340
19 83 62 73 2 0 8 0.00 0.0 0 10.1 22 330 M M 0 30 330
20 85 64 75 4 0 10 0.00 0.0 0 15.1 26 340 M M 0 34 330
21 87 63 75 3 0 10 0.00 0.0 0 12.6 23 340 M M 0 32 320
22 99 60 80 8 0 15 0.00 0.0 0 8.1 18 340 M M 0 23 330
23 101 60 81 9 0 16 0.00 0.0 0 4.4 15 320 M M 0 19 320
24 104 67 86 14 0 21 0.00 0.0 0 4.6 14 360 M M 0 23 350
25 104 63 84 11 0 19 0.00 0.0 0 5.3 14 150 M M 0 18 140
26 106 62 84 11 0 19 0.00 0.0 0 7.6 23 330 M M 0 30 330
27 102 67 85 12 0 20 0.00 0.0 0 7.8 20 340 M M 0 25 330
28 103 65 84 10 0 19 0.00 0.0 0 5.5 16 330 M M 0 20 330
29 102 65 84 10 0 19 0.00 0.0 0 5.7 14 160 M M 0 18 140
30 101 69 85 11 0 20 0.00 0.0 0 5.4 15 330 M M 0 20 320
================================================================================
SM 2610 1771 21 269 0.72 0.0 246.4 M 38
================================================================================
AV 87.0 59.0 8.2 FASTST M M 1 MAX(MPH)
MISC ----> # 26 330 # 34 340
================================================================================
NOTES:
# LAST OF SEVERAL OCCURRENCES
COLUMN 17 PEAK WIND IN M.P.H.
PRELIMINARY LOCAL CLIMATOLOGICAL DATA (WS FORM: F-6) , PAGE 2
STATION: THERMAL AIRPORT CA
MONTH: APRIL
YEAR: 2020
LATITUDE: 33 37 N
LONGITUDE: 116 10 W
[TEMPERATURE DATA] [PRECIPITATION DATA] SYMBOLS USED IN COLUMN 16
AVERAGE MONTHLY: 73.0 TOTAL FOR MONTH: 0.72 1 = FOG OR MIST
DPTR FM NORMAL: 2.7 DPTR FM NORMAL: 0.66 2 = FOG REDUCING VISIBILITY
HIGHEST: 106 ON 26 GRTST 24HR 0.49 ON 8- 8 TO 1/4 MILE OR LESS
LOWEST: 45 ON 9 3 = THUNDER
SNOW, ICE PELLETS, HAIL 4 = ICE PELLETS
TOTAL MONTH: 0.0 INCH 5 = HAIL
GRTST 24HR 0.0 6 = FREEZING RAIN OR DRIZZLE
GRTST DEPTH: 0 7 = DUSTSTORM OR SANDSTORM:
VSBY 1/2 MILE OR LESS
8 = SMOKE OR HAZE
[NO. OF DAYS WITH] [WEATHER - DAYS WITH] 9 = BLOWING SNOW
X = TORNADO
MAX 32 OR BELOW: 0 0.01 INCH OR MORE: 5
MAX 90 OR ABOVE: 10 0.10 INCH OR MORE: 2
MIN 32 OR BELOW: 0 0.50 INCH OR MORE: 0
MIN 0 OR BELOW: 0 1.00 INCH OR MORE: 0
[HDD (BASE 65) ]
TOTAL THIS MO. 21 CLEAR (SCALE 0-3) 24
DPTR FM NORMAL -2 PTCLDY (SCALE 4-7) 4
TOTAL FM JUL 1 1074 CLOUDY (SCALE 8-10) 2
DPTR FM NORMAL -106
[CDD (BASE 65) ]
TOTAL THIS MO. 269
DPTR FM NORMAL 87 [PRESSURE DATA]
TOTAL FM JAN 1 303 HIGHEST SLP 30.14 ON 9
DPTR FM NORMAL 47 LOWEST SLP 29.64 ON 1
[REMARKS]
#FINAL-04-20#