000
CXUS54 KTSA 051107
CF6TUL
PRELIMINARY LOCAL CLIMATOLOGICAL DATA (WS FORM: F-6)
STATION: TULSA OKLAHOMA
MONTH: JUNE
YEAR: 2021
LATITUDE: 36 12 N
LONGITUDE: 95 54 W
TEMPERATURE IN F: :PCPN: SNOW: WIND :SUNSHINE: SKY :PK WND
================================================================================
1 2 3 4 5 6A 6B 7 8 9 10 11 12 13 14 15 16 17 18
12Z AVG MX 2MIN
DY MAX MIN AVG DEP HDD CDD WTR SNW DPTH SPD SPD DIR MIN PSBL S-S WX SPD DR
================================================================================
1 69 59 64 -11 1 0 0.08 0.0 0 6.6 13 350 M M 10 1 17 40
2 76 58 67 -8 0 2 0.11 0.0 0 4.8 20 280 M M 7 13 24 270
3 83 57 70 -5 0 5 0.00 0.0 0 3.5 10 130 M M 4 1 14 130
4 86 65 76 0 0 11 0.00 0.0 0 6.2 15 180 M M 5 21 190
5 81 63 72 -4 0 7 T 0.0 0 8.5 18 140 M M 6 3 24 140
6 82 69 76 0 0 11 T 0.0 0 8.7 18 140 M M 7 23 140
7 80 67 74 -2 0 9 0.49 0.0 0 7.6 17 120 M M 8 13 23 110
8 88 68 78 1 0 13 0.00 0.0 0 6.6 13 180 M M 6 1 21 110
9 91 71 81 4 0 16 0.00 0.0 0 7.0 16 180 M M 5 20 180
10 94 73 84 7 0 19 0.00 0.0 0 7.7 16 180 M M 3 1 22 170
11 90 74 82 4 0 17 0.00 0.0 0 11.1 23 180 M M 5 30 170
12 95 76 86 8 0 21 0.01 0.0 0 6.4 28 170 M M 6 3 38 170
13 93 73 83 5 0 18 0.00 0.0 0 7.1 17 40 M M 5 25 70
14 94 66 80 2 0 15 0.00 0.0 0 3.4 9 70 M M 2 14 110
15 97 67 82 3 0 17 0.00 0.0 0 2.8 9 10 M M 1 13 320
16 98 72 85 6 0 20 0.00 0.0 0 5.1 15 260 M M 1 20 260
17 99 77 88 9 0 23 0.00 0.0 0 6.9 15 200 M M 3 24 200
18 96 78 87 8 0 22 0.00 0.0 0 11.5 18 170 M M 1 26 190
19 93 75 84 4 0 19 0.00 0.0 0 10.0 18 180 M M 2 24 180
20 97 75 86 6 0 21 0.00 0.0 0 15.5 25 190 M M 2 34 170
21 83 61 72 -8 0 7 0.31 0.0 0 9.4 24 360 M M 6 13 35 360
22 85 57 71 -9 0 6 0.00 0.0 0 7.6 21 180 M M 0 27 140
23 91 68 80 0 0 15 0.00 0.0 0 15.6 25 170 M M 2 34 170
24 97 77 87 6 0 22 0.00 0.0 0 18.5 29 170 M M 2 37 170
25 95 80 88 7 0 23 0.00 0.0 0 16.6 26 170 M M 4 36 180
26 87 68 78 -3 0 13 2.67 0.0 0 7.7 25 320 M M 9 13 34 310
27 84 67 76 -5 0 11 1.99 0.0 0 6.2 18 160 M M 9 13 26 150
28 88 72 80 -1 0 15 1.30 0.0 0 7.1 24 140 M M 9 13 32 140
29 87 72 80 -2 0 15 0.12 0.0 0 5.8 18 160 M M 9 1 24 170
30 92 74 83 1 0 18 0.06 0.0 0 5.8 14 40 M M 8 13 19 180
================================================================================
SM 2671 2079 1 431 7.14 0.0 247.3 M 147
================================================================================
AV 89.0 69.3 8.2 FASTST M M 5 MAX(MPH)
MISC ----> 29 170 38 170
================================================================================
NOTES:
# LAST OF SEVERAL OCCURRENCES
COLUMN 17 PEAK WIND IN M.P.H.
PRELIMINARY LOCAL CLIMATOLOGICAL DATA (WS FORM: F-6) , PAGE 2
STATION: TULSA OKLAHOMA
MONTH: JUNE
YEAR: 2021
LATITUDE: 36 12 N
LONGITUDE: 95 54 W
[TEMPERATURE DATA] [PRECIPITATION DATA] SYMBOLS USED IN COLUMN 16
AVERAGE MONTHLY: 79.2 TOTAL FOR MONTH: 7.14 1 = FOG OR MIST
DPTR FM NORMAL: 0.6 DPTR FM NORMAL: 2.49 2 = FOG REDUCING VISIBILITY
HIGHEST: 99 ON 17 GRTST 24HR 4.16 ON 26-27 TO 1/4 MILE OR LESS
LOWEST: 57 ON 22, 3 3 = THUNDER
SNOW, ICE PELLETS, HAIL 4 = ICE PELLETS
TOTAL MONTH: 0.0 INCH 5 = HAIL
GRTST 24HR 0.0 6 = FREEZING RAIN OR DRIZZLE
GRTST DEPTH: 0 7 = DUSTSTORM OR SANDSTORM:
VSBY 1/2 MILE OR LESS
8 = SMOKE OR HAZE
[NO. OF DAYS WITH] [WEATHER - DAYS WITH] 9 = BLOWING SNOW
X = TORNADO
MAX 32 OR BELOW: 0 0.01 INCH OR MORE: 10
MAX 90 OR ABOVE: 16 0.10 INCH OR MORE: 7
MIN 32 OR BELOW: 0 0.50 INCH OR MORE: 3
MIN 0 OR BELOW: 0 1.00 INCH OR MORE: 3
[HDD (BASE 65) ]
TOTAL THIS MO. 1 CLEAR (SCALE 0-3) 11
DPTR FM NORMAL 0 PTCLDY (SCALE 4-7) 14
TOTAL FM JUL 1 3519 CLOUDY (SCALE 8-10) 5
DPTR FM NORMAL 69
[CDD (BASE 65) ]
TOTAL THIS MO. 431
DPTR FM NORMAL 24 [PRESSURE DATA]
TOTAL FM JAN 1 597 HIGHEST SLP 30.12 ON 29
DPTR FM NORMAL -63 LOWEST SLP 29.61 ON 20
[REMARKS]
#FINAL-06-21#