000
CXUS55 KTWC 010855
CF6TUS
PRELIMINARY LOCAL CLIMATOLOGICAL DATA (WS FORM: F-6)
STATION: TUCSON AZ
MONTH: FEBRUARY
YEAR: 2022
LATITUDE: 32 7 N
LONGITUDE: 110 56 W
TEMPERATURE IN F: :PCPN: SNOW: WIND :SUNSHINE: SKY :PK WND
================================================================================
1 2 3 4 5 6A 6B 7 8 9 10 11 12 13 14 15 16 17 18
12Z AVG MX 2MIN
DY MAX MIN AVG DEP HDD CDD WTR SNW DPTH SPD SPD DIR MIN PSBL S-S WX SPD DR
================================================================================
1 66 42 54 -1 11 0 0.00 M M 7.0 15 180 M M 0 29 170
2 61 36 49 -6 16 0 0.00 M M 8.8 26 290 M M 4 36 300
3 54 26 40 -15 25 0 0.00 M M 5.5 13 320 M M 0 20 310
4 60 28 44 -11 21 0 0.00 M M 13.4 29 130 M M 0 38 130
5 68 39 54 -1 11 0 0.00 M M 13.9 33 130 M M 0 45 130
6 69 34 52 -3 13 0 0.00 M M 5.8 17 320 M M 0 28 330
7 68 39 54 -1 11 0 0.00 M M 11.8 29 120 M M M 39 110
8 73 44 59 4 6 0 0.00 M M 7.8 23 120 M M M 28 120
9 77 36 57 2 8 0 0.00 M M 5.6 18 130 M M M 27 140
10 78 40 59 3 6 0 0.00 M M 6.7 13 340 M M M 20 340
11 79 42 61 5 4 0 0.00 M M 7.2 14 340 M M M 22 340
12 80 40 60 4 5 0 0.00 M M 6.9 18 120 M M M 26 100
13 82 44 63 7 2 0 0.00 M M 9.4 25 120 M M M 32 120
14 83 43 63 7 2 0 0.00 M M 7.2 14 140 M M 0 20 180
15 77 43 60 4 5 0 0.00 M M 12.4 30 220 M M 0 42 190
16 60 40 50 -6 15 0 0.04 M M 8.7 18 270 M M 3 1 29 220
17 61 40 51 -5 14 0 0.00 M M 5.6 13 140 M M 3 17 300
18 70 32 51 -5 14 0 0.00 M M 4.1 10 150 M M 0 16 160
19 79 39 59 2 6 0 0.00 M M 7.4 25 120 M M 0 33 120
20 78 44 61 4 4 0 0.00 M M 9.8 20 220 M M 0 30 170
21 65 43 54 -3 11 0 0.00 M M 10.4 25 210 M M 0 36 170
22 68 42 55 -2 10 0 0.00 M M 10.2 22 230 M M 0 32 230
23 64 39 52 -5 13 0 0.16 M M 12.2 30 230 M M 5 1 45 210
24 57 35 46 -12 19 0 0.00 M M 4.8 12 170 M M 2 17 90
25 66 33 50 -8 15 0 0.00 M M 6.0 15 350 M M 0 22 340
26 66 35 51 -7 14 0 0.00 M M 5.8 13 340 M M 0 20 350
27 74 33 54 -4 11 0 0.00 M M 5.8 13 320 M M 0 19 310
28 81 47 64 6 1 0 0.00 M M 6.0 16 80 M M 0 8 23 60
================================================================================
SM 1964 1078 293 0 0.20 M 226.2 M 17
================================================================================
AV 70.1 38.5 8.1 FASTST M M 1 MAX(MPH)
MISC ----> 33 130 # 45 130
================================================================================
NOTES:
# LAST OF SEVERAL OCCURRENCES
COLUMN 17 PEAK WIND IN M.P.H.
PRELIMINARY LOCAL CLIMATOLOGICAL DATA (WS FORM: F-6) , PAGE 2
STATION: TUCSON AZ
MONTH: FEBRUARY
YEAR: 2022
LATITUDE: 32 7 N
LONGITUDE: 110 56 W
[TEMPERATURE DATA] [PRECIPITATION DATA] SYMBOLS USED IN COLUMN 16
AVERAGE MONTHLY: 54.3 TOTAL FOR MONTH: 0.20 1 = FOG OR MIST
DPTR FM NORMAL: -1.9 DPTR FM NORMAL: -0.64 2 = FOG REDUCING VISIBILITY
HIGHEST: 83 ON 14 GRTST 24HR 0.16 ON 23-23 TO 1/4 MILE OR LESS
LOWEST: 26 ON 3 3 = THUNDER
SNOW, ICE PELLETS, HAIL 4 = ICE PELLETS
TOTAL MONTH: M 5 = HAIL
GRTST 24HR M ON M 6 = FREEZING RAIN OR DRIZZLE
GRTST DEPTH: M ON M 7 = DUSTSTORM OR SANDSTORM:
VSBY 1/2 MILE OR LESS
8 = SMOKE OR HAZE
[NO. OF DAYS WITH] [WEATHER - DAYS WITH] 9 = BLOWING SNOW
X = TORNADO
MAX 32 OR BELOW: 0 0.01 INCH OR MORE: 2
MAX 90 OR ABOVE: 0 0.10 INCH OR MORE: 1
MIN 32 OR BELOW: 3 0.50 INCH OR MORE: 0
MIN 0 OR BELOW: 0 1.00 INCH OR MORE: 0
[HDD (BASE 65) ]
TOTAL THIS MO. 293 CLEAR (SCALE 0-3) 18
DPTR FM NORMAL 42 PTCLDY (SCALE 4-7) 3
TOTAL FM JUL 1 899 CLOUDY (SCALE 8-10) 7
DPTR FM NORMAL -247
[CDD (BASE 65) ]
TOTAL THIS MO. 0
DPTR FM NORMAL -5 [PRESSURE DATA]
TOTAL FM JAN 1 0 HIGHEST SLP M ON M
DPTR FM NORMAL -1 LOWEST SLP 29.68 ON 2
[REMARKS]
#FINAL-02-22#