000
CXUS55 KTWC 022357
CLMTUS
CLIMATE REPORT
NATIONAL WEATHER SERVICE TUCSON AZ
457 PM MST WED AUG 02 2023
...................................
...THE TUCSON AZ CLIMATE SUMMARY FOR THE MONTH OF JULY 2023...
CLIMATE NORMAL PERIOD 1991 TO 2020
CLIMATE RECORD PERIOD 1895 TO 2023
WEATHER OBSERVED NORMAL DEPART LAST YEAR`S
VALUE DATE(S) VALUE FROM VALUE
NORMAL
..............................................................
TEMPERATURE (F)
RECORD
HIGH 114 07/28/1995
07/04/1989
LOW 49 07/03/1911
HIGHEST 112 07/19 108 4
07/20
07/25
LOWEST 71 07/01 68 3
AVG. MAXIMUM 108.4 100.2 8.2
AVG. MINIMUM 80.0 76.3 3.7
MEAN 94.2 88.2 6.0
DAYS MAX >= 90 31 30.0 1.0 30
DAYS MAX >= 100 31 21
DAYS MIN <= 32 0 0.0 0.0 0
DAYS MIN >= 80 16 14
PRECIPITATION (INCHES)
RECORD
MAXIMUM 8.06 2021
MINIMUM 0.04 1995
TOTALS 2.00 2.21 -0.21 1.08
DAILY AVG. 0.06 0.07 -0.01 0.03
DAYS >= .01 7 8.8 -1.8 9
DAYS >= .10 5 4.8 0.2 4
DAYS >= .50 1 1.4 -0.4 0
DAYS >= 1.00 0 0.5 -0.5 0
GREATEST
24 HR. TOTAL 0.75 07/31 TO 07/31 0.29
DEGREE DAYS
HEATING TOTAL 0 0 0
SINCE 7/1 0 0 0
COOLING TOTAL 910 721 189
SINCE 1/1 2088 1910 178
..............................................................
WIND (MPH)
AVERAGE WIND SPEED 7.5
HIGHEST WIND SPEED/DIRECTION 40/240 DATE 07/17
40/200 07/19
40/060 07/28
HIGHEST GUST SPEED/DIRECTION 64/240 DATE 07/17
64/060 07/28
SKY COVER
POSSIBLE SUNSHINE (PERCENT) MM
AVERAGE SKY COVER 0.04
NUMBER OF DAYS FAIR 28
NUMBER OF DAYS PC 0
NUMBER OF DAYS CLOUDY 0
AVERAGE RH (PERCENT) 31
WEATHER CONDITIONS. NUMBER OF DAYS WITH
THUNDERSTORM 15 MIXED PRECIP 0
HEAVY RAIN 5 RAIN 2
LIGHT RAIN 8 FREEZING RAIN 0
LT FREEZING RAIN 0 HAIL 0
HEAVY SNOW 0 SLEET 0
FOG 0 FOG W/VIS <= 1/4 MILE 0
HAZE 5
- INDICATES NEGATIVE NUMBERS.
R INDICATES RECORD WAS SET OR TIED.
MM INDICATES DATA IS MISSING.
T INDICATES TRACE AMOUNT.
$$